74.7.227.17 - - [09/Apr/2026:10:53:26 -0300] "GET /inline-edit-post.min.js?p=Ahome2Ameumer25ApainebistroemcasaImeumercadoIappAvendorAmercadopagoAdx-phpAIphpdocAcacheAdescriptorsATAIAIAIAIAIAIAIAIAIAIAIAIAIAAAAAAAAAAAIAIAAAIAAAIAIAAAIAAAH HTTP/2.0" 404 836 "https://www.painelbistroemcasa.meumercado.app/inline-edit-post.min.js?p=Ahome2Ameumer25ApainebistroemcasaImeumercadoIappAvendorAmercadopagoAdx-phpAIphpdocAcacheAdescriptorsATAIAIAIAIAIAIAIAIAIAIAIAIAIAAAAAAAAAAAIAIAAAIAAAIAIAAAIAA" "Mozilla/5.0 AppleWebKit/537.36 (KHTML, like Gecko; compatible; GPTBot/1.3; +https://openai.com/gptbot)" www.painelbistroemcasa.meumercado.app 10.53.184.85
74.7.227.157 - - [09/Apr/2026:10:53:30 -0300] "GET /excerpt-video.php?p=Ahome2Ameumer25AwwwAwp-contentApluginsAgoogle-analytics-for-wordpressAliteAincludesAgutenberg HTTP/2.0" 404 836 "https://painelbistroemcasa.meumercado.app/excerpt-video.php?p=Ahome2Ameumer25AwwwAwp-contentApluginsAgoogle-analytics-for-wordpressAliteAincludes" "Mozilla/5.0 AppleWebKit/537.36 (KHTML, like Gecko; compatible; GPTBot/1.3; +https://openai.com/gptbot)" painelbistroemcasa.meumercado.app 10.53.184.85
74.7.227.17 - - [09/Apr/2026:10:53:31 -0300] "GET /inline-edit-post.min.js?p=Ahome2Ameumer25ApainebistroemcasaImeumercadoIappAvendorAmercadopagoAdx-phpAIphpdocAcacheAdescriptorsATAIAIAIAIAIAIAIAIAIAIAIAIAIAAAAAAAIAAAIAIAAAIAAAAAAAIAAAAAIAG HTTP/2.0" 404 836 "https://www.painelbistroemcasa.meumercado.app/inline-edit-post.min.js?p=Ahome2Ameumer25ApainebistroemcasaImeumercadoIappAvendorAmercadopagoAdx-phpAIphpdocAcacheAdescriptorsATAIAIAIAIAIAIAIAIAIAIAIAIAIAAAAAAAIAAAIAIAAAIAAAAAAAIAAAAAI" "Mozilla/5.0 AppleWebKit/537.36 (KHTML, like Gecko; compatible; GPTBot/1.3; +https://openai.com/gptbot)" www.painelbistroemcasa.meumercado.app 10.53.184.85
74.7.227.17 - - [09/Apr/2026:10:53:35 -0300] "GET /inline-edit-post.min.js?p=Ahome2Ameumer25ApainebistroemcasaImeumercadoIappAvendorAmercadopagoAdx-phpAIphpdocAcacheAdescriptorsATAIAIAIAIAIAIAIAIAIAIAIAIAIAAAAAIAAAAAAAAAAAAAIAIAAAAAIAAAAAA HTTP/2.0" 404 836 "https://www.painelbistroemcasa.meumercado.app/inline-edit-post.min.js?p=Ahome2Ameumer25ApainebistroemcasaImeumercadoIappAvendorAmercadopagoAdx-phpAIphpdocAcacheAdescriptorsATAIAIAIAIAIAIAIAIAIAIAIAIAIAAAAAIAAAAAAAAAAAAAIAIAAAAAIAAAA" "Mozilla/5.0 AppleWebKit/537.36 (KHTML, like Gecko; compatible; GPTBot/1.3; +https://openai.com/gptbot)" www.painelbistroemcasa.meumercado.app 10.53.184.85
74.7.227.157 - - [09/Apr/2026:10:53:35 -0300] "GET /excerpt-video.php?p=Ahome2Ameumer25AwwwAwp-contentApluginsAultimate-addons-for-gutenbergAincludesAblocksAsection HTTP/2.0" 404 836 "https://painelbistroemcasa.meumercado.app/excerpt-video.php?p=Ahome2Ameumer25AwwwAwp-contentApluginsAultimate-addons-for-gutenbergAincludesAblocks" "Mozilla/5.0 AppleWebKit/537.36 (KHTML, like Gecko; compatible; GPTBot/1.3; +https://openai.com/gptbot)" painelbistroemcasa.meumercado.app 10.53.184.85
74.7.227.157 - - [09/Apr/2026:10:53:40 -0300] "GET /DeleteMerchantCustomAttributeResponse.php HTTP/2.0" 404 836 "https://painelbistroemcasa.meumercado.app/single-post.svg?p=Ahome2Ameumer25AmeupetIappAwp-contentApluginsAwpforms-liteAvendor_prefixedAsquareAsquareAsrcAModels" "Mozilla/5.0 AppleWebKit/537.36 (KHTML, like Gecko; compatible; GPTBot/1.3; +https://openai.com/gptbot)" painelbistroemcasa.meumercado.app 10.53.184.85
74.7.227.17 - - [09/Apr/2026:10:53:40 -0300] "GET /inline-edit-post.min.js?p=Ahome2Ameumer25ApainebistroemcasaImeumercadoIappAvendorAmercadopagoAdx-phpAIphpdocAcacheAdescriptorsATAIAIAIAIAIAIAIAIAIAIAIAIAIAAAAAIAAAAAAAAAAAAAAAIAIAIAIAAAI HTTP/2.0" 404 836 "https://www.painelbistroemcasa.meumercado.app/inline-edit-post.min.js?p=Ahome2Ameumer25ApainebistroemcasaImeumercadoIappAvendorAmercadopagoAdx-phpAIphpdocAcacheAdescriptorsATAIAIAIAIAIAIAIAIAIAIAIAIAIAAAAAIAAAAAAAAAAAAAAAIAIAIAIAA" "Mozilla/5.0 AppleWebKit/537.36 (KHTML, like Gecko; compatible; GPTBot/1.3; +https://openai.com/gptbot)" www.painelbistroemcasa.meumercado.app 10.53.184.85
74.7.227.157 - - [09/Apr/2026:10:53:44 -0300] "GET /LoyaltyProgramAccrualRuleCategoryData.php HTTP/2.0" 404 836 "https://painelbistroemcasa.meumercado.app/single-post.svg?p=Ahome2Ameumer25AmeupetIappAwp-contentApluginsAwpforms-liteAvendor_prefixedAsquareAsquareAsrcAModels" "Mozilla/5.0 AppleWebKit/537.36 (KHTML, like Gecko; compatible; GPTBot/1.3; +https://openai.com/gptbot)" painelbistroemcasa.meumercado.app 10.53.184.85
74.7.227.17 - - [09/Apr/2026:10:53:45 -0300] "GET /inline-edit-post.min.js?p=Ahome2Ameumer25ApainebistroemcasaImeumercadoIappAvendorAmercadopagoAdx-phpAIphpdocAcacheAdescriptorsATAIAIAIAIAIAIAIAIAIAIAIAIAIAAAAAIAAAIAIAAAAAIAIAIAIAAAAAIAI HTTP/2.0" 404 836 "https://www.painelbistroemcasa.meumercado.app/inline-edit-post.min.js?p=Ahome2Ameumer25ApainebistroemcasaImeumercadoIappAvendorAmercadopagoAdx-phpAIphpdocAcacheAdescriptorsATAIAIAIAIAIAIAIAIAIAIAIAIAIAAAAAIAAAIAIAAAAAIAIAIAIAAAAAI" "Mozilla/5.0 AppleWebKit/537.36 (KHTML, like Gecko; compatible; GPTBot/1.3; +https://openai.com/gptbot)" www.painelbistroemcasa.meumercado.app 10.53.184.85
74.7.227.157 - - [09/Apr/2026:10:53:49 -0300] "GET /DeleteLocationCustomAttributeResponse.php HTTP/2.0" 404 836 "https://painelbistroemcasa.meumercado.app/single-post.svg?p=Ahome2Ameumer25AmeupetIappAwp-contentApluginsAwpforms-liteAvendor_prefixedAsquareAsquareAsrcAModels" "Mozilla/5.0 AppleWebKit/537.36 (KHTML, like Gecko; compatible; GPTBot/1.3; +https://openai.com/gptbot)" painelbistroemcasa.meumercado.app 10.53.184.85
74.7.227.17 - - [09/Apr/2026:10:53:50 -0300] "GET /inline-edit-post.min.js?p=Ahome2Ameumer25ApainebistroemcasaImeumercadoIappAvendorAmercadopagoAdx-phpAIphpdocAcacheAdescriptorsATAIAIAIAIAIAIAIAIAIAIAIAIAIAAAAAIAAAIAAAAAAAIAAAIAIAAAAAIAW HTTP/2.0" 404 836 "https://www.painelbistroemcasa.meumercado.app/inline-edit-post.min.js?p=Ahome2Ameumer25ApainebistroemcasaImeumercadoIappAvendorAmercadopagoAdx-phpAIphpdocAcacheAdescriptorsATAIAIAIAIAIAIAIAIAIAIAIAIAIAAAAAIAAAIAAAAAAAIAAAIAIAAAAAI" "Mozilla/5.0 AppleWebKit/537.36 (KHTML, like Gecko; compatible; GPTBot/1.3; +https://openai.com/gptbot)" www.painelbistroemcasa.meumercado.app 10.53.184.85
74.7.227.157 - - [09/Apr/2026:10:53:54 -0300] "GET /RetrieveInventoryPhysicalCountResponse.php HTTP/2.0" 404 836 "https://painelbistroemcasa.meumercado.app/single-post.svg?p=Ahome2Ameumer25AmeupetIappAwp-contentApluginsAwpforms-liteAvendor_prefixedAsquareAsquareAsrcAModels" "Mozilla/5.0 AppleWebKit/537.36 (KHTML, like Gecko; compatible; GPTBot/1.3; +https://openai.com/gptbot)" painelbistroemcasa.meumercado.app 10.53.184.85
74.7.227.17 - - [09/Apr/2026:10:53:55 -0300] "GET /inline-edit-post.min.js?p=Ahome2Ameumer25ApainebistroemcasaImeumercadoIappAvendorAmercadopagoAdx-phpAIphpdocAcacheAdescriptorsATAIAIAIAIAIAIAIAIAIAIAIAIAIAAAAAAAIAAAIAIAIAAAIAIAAAIAAAIAAAW HTTP/2.0" 404 836 "https://www.painelbistroemcasa.meumercado.app/inline-edit-post.min.js?p=Ahome2Ameumer25ApainebistroemcasaImeumercadoIappAvendorAmercadopagoAdx-phpAIphpdocAcacheAdescriptorsATAIAIAIAIAIAIAIAIAIAIAIAIAIAAAAAAAIAAAIAIAIAAAIAIAAAIAAAIAA" "Mozilla/5.0 AppleWebKit/537.36 (KHTML, like Gecko; compatible; GPTBot/1.3; +https://openai.com/gptbot)" www.painelbistroemcasa.meumercado.app 10.53.184.85
74.7.227.157 - - [09/Apr/2026:10:53:59 -0300] "GET /CreateMobileAuthorizationCodeResponse.php HTTP/2.0" 404 836 "https://painelbistroemcasa.meumercado.app/single-post.svg?p=Ahome2Ameumer25AmeupetIappAwp-contentApluginsAwpforms-liteAvendor_prefixedAsquareAsquareAsrcAModels" "Mozilla/5.0 AppleWebKit/537.36 (KHTML, like Gecko; compatible; GPTBot/1.3; +https://openai.com/gptbot)" painelbistroemcasa.meumercado.app 10.53.184.85
74.7.227.17 - - [09/Apr/2026:10:53:59 -0300] "GET /inline-edit-post.min.js?p=Ahome2Ameumer25ApainebistroemcasaImeumercadoIappAvendorAmercadopagoAdx-phpAIphpdocAcacheAdescriptorsATAIAIAIAIAIAIAIAIAIAIAIAIAIAAAAAAAIAAAAAAAAAIAAAAAAAAAIAAAW HTTP/2.0" 404 836 "https://www.painelbistroemcasa.meumercado.app/inline-edit-post.min.js?p=Ahome2Ameumer25ApainebistroemcasaImeumercadoIappAvendorAmercadopagoAdx-phpAIphpdocAcacheAdescriptorsATAIAIAIAIAIAIAIAIAIAIAIAIAIAAAAAAAIAAAAAAAAAIAAAAAAAAAIAA" "Mozilla/5.0 AppleWebKit/537.36 (KHTML, like Gecko; compatible; GPTBot/1.3; +https://openai.com/gptbot)" www.painelbistroemcasa.meumercado.app 10.53.184.85
74.7.227.157 - - [09/Apr/2026:10:54:03 -0300] "GET /BulkDeleteOrderCustomAttributesRequest.php HTTP/2.0" 404 836 "https://painelbistroemcasa.meumercado.app/single-post.svg?p=Ahome2Ameumer25AmeupetIappAwp-contentApluginsAwpforms-liteAvendor_prefixedAsquareAsquareAsrcAModels" "Mozilla/5.0 AppleWebKit/537.36 (KHTML, like Gecko; compatible; GPTBot/1.3; +https://openai.com/gptbot)" painelbistroemcasa.meumercado.app 10.53.184.85
74.7.227.17 - - [09/Apr/2026:10:54:04 -0300] "GET /inline-edit-post.min.js?p=Ahome2Ameumer25ApainebistroemcasaImeumercadoIappAvendorAmercadopagoAdx-phpAIphpdocAcacheAdescriptorsATAIAIAIAIAIAIAIAIAIAIAIAIAIAAAAAAAIAAAAAAAIAIAIAAAIAIAAAIAW HTTP/2.0" 404 836 "https://www.painelbistroemcasa.meumercado.app/inline-edit-post.min.js?p=Ahome2Ameumer25ApainebistroemcasaImeumercadoIappAvendorAmercadopagoAdx-phpAIphpdocAcacheAdescriptorsATAIAIAIAIAIAIAIAIAIAIAIAIAIAAAAAAAIAAAAAAAIAIAIAAAIAIAAAI" "Mozilla/5.0 AppleWebKit/537.36 (KHTML, like Gecko; compatible; GPTBot/1.3; +https://openai.com/gptbot)" www.painelbistroemcasa.meumercado.app 10.53.184.85
74.7.227.157 - - [09/Apr/2026:10:54:08 -0300] "GET /RetrieveLocationBookingProfileResponse.php HTTP/2.0" 404 836 "https://painelbistroemcasa.meumercado.app/single-post.svg?p=Ahome2Ameumer25AmeupetIappAwp-contentApluginsAwpforms-liteAvendor_prefixedAsquareAsquareAsrcAModels" "Mozilla/5.0 AppleWebKit/537.36 (KHTML, like Gecko; compatible; GPTBot/1.3; +https://openai.com/gptbot)" painelbistroemcasa.meumercado.app 10.53.184.85
74.7.227.17 - - [09/Apr/2026:10:54:09 -0300] "GET /inline-edit-post.min.js?p=Ahome2Ameumer25ApainebistroemcasaImeumercadoIappAvendorAmercadopagoAdx-phpAIphpdocAcacheAdescriptorsATAIAIAIAIAIAIAIAIAIAIAIAIAIAAAAAIAAAIAAAIAIAIAAAIAAAIAIAAAIAH HTTP/2.0" 404 836 "https://www.painelbistroemcasa.meumercado.app/inline-edit-post.min.js?p=Ahome2Ameumer25ApainebistroemcasaImeumercadoIappAvendorAmercadopagoAdx-phpAIphpdocAcacheAdescriptorsATAIAIAIAIAIAIAIAIAIAIAIAIAIAAAAAIAAAIAAAIAIAIAAAIAAAIAIAAAI" "Mozilla/5.0 AppleWebKit/537.36 (KHTML, like Gecko; compatible; GPTBot/1.3; +https://openai.com/gptbot)" www.painelbistroemcasa.meumercado.app 10.53.184.85
74.7.227.157 - - [09/Apr/2026:10:54:13 -0300] "GET /BulkUpsertOrderCustomAttributesRequest.php HTTP/2.0" 404 836 "https://painelbistroemcasa.meumercado.app/single-post.svg?p=Ahome2Ameumer25AmeupetIappAwp-contentApluginsAwpforms-liteAvendor_prefixedAsquareAsquareAsrcAModels" "Mozilla/5.0 AppleWebKit/537.36 (KHTML, like Gecko; compatible; GPTBot/1.3; +https://openai.com/gptbot)" painelbistroemcasa.meumercado.app 10.53.184.85
74.7.227.17 - - [09/Apr/2026:10:54:14 -0300] "GET /inline-edit-post.min.js?p=Ahome2Ameumer25ApainebistroemcasaImeumercadoIappAvendorAmercadopagoAdx-phpAIphpdocAcacheAdescriptorsATAIAIAIAIAIAIAIAIAIAIAIAIAIAAAAAAAAAAAIAAAIAIAAAAAIAIAAAAAAAG HTTP/2.0" 404 836 "https://www.painelbistroemcasa.meumercado.app/inline-edit-post.min.js?p=Ahome2Ameumer25ApainebistroemcasaImeumercadoIappAvendorAmercadopagoAdx-phpAIphpdocAcacheAdescriptorsATAIAIAIAIAIAIAIAIAIAIAIAIAIAAAAAAAAAAAIAAAIAIAAAAAIAIAAAAAA" "Mozilla/5.0 AppleWebKit/537.36 (KHTML, like Gecko; compatible; GPTBot/1.3; +https://openai.com/gptbot)" www.painelbistroemcasa.meumercado.app 10.53.184.85
74.7.227.157 - - [09/Apr/2026:10:54:17 -0300] "GET /excerpt-link.php?p=Ahome2Ameumer25AmeupetIappAwp-adminAuserAuser HTTP/2.0" 404 836 "https://painelbistroemcasa.meumercado.app/excerpt-link.php?p=Ahome2Ameumer25AmeupetIappAwp-adminAuser" "Mozilla/5.0 AppleWebKit/537.36 (KHTML, like Gecko; compatible; GPTBot/1.3; +https://openai.com/gptbot)" painelbistroemcasa.meumercado.app 10.53.184.85
74.7.227.17 - - [09/Apr/2026:10:54:19 -0300] "GET /inline-edit-post.min.js?p=Ahome2Ameumer25ApainebistroemcasaImeumercadoIappAvendorAmercadopagoAdx-phpAIphpdocAcacheAdescriptorsATAIAIAIAIAIAIAIAIAIAIAIAIAIAAAAAIAAAIAAAIAAAAAIAIAAAIAIAAAAAA HTTP/2.0" 404 836 "https://www.painelbistroemcasa.meumercado.app/inline-edit-post.min.js?p=Ahome2Ameumer25ApainebistroemcasaImeumercadoIappAvendorAmercadopagoAdx-phpAIphpdocAcacheAdescriptorsATAIAIAIAIAIAIAIAIAIAIAIAIAIAAAAAIAAAIAAAIAAAAAIAIAAAIAIAAAA" "Mozilla/5.0 AppleWebKit/537.36 (KHTML, like Gecko; compatible; GPTBot/1.3; +https://openai.com/gptbot)" www.painelbistroemcasa.meumercado.app 10.53.184.85
74.7.227.157 - - [09/Apr/2026:10:54:22 -0300] "GET /excerpt-image.php?p=Ahome2Ameumer25AtestingImeumercadoIappA_next HTTP/2.0" 404 836 "https://painelbistroemcasa.meumercado.app/excerpt-image.php?p=Ahome2Ameumer25AtestingImeumercadoIapp" "Mozilla/5.0 AppleWebKit/537.36 (KHTML, like Gecko; compatible; GPTBot/1.3; +https://openai.com/gptbot)" painelbistroemcasa.meumercado.app 10.53.184.85
74.7.227.17 - - [09/Apr/2026:10:54:23 -0300] "GET /inline-edit-post.min.js?p=Ahome2Ameumer25ApainebistroemcasaImeumercadoIappAvendorAmercadopagoAdx-phpAIphpdocAcacheAdescriptorsATAIAIAIAIAIAIAIAIAIAIAIAIAIAAAAAIAAAIAAAIAAAIAIAAAIAAAAAAAA HTTP/2.0" 404 836 "https://www.painelbistroemcasa.meumercado.app/inline-edit-post.min.js?p=Ahome2Ameumer25ApainebistroemcasaImeumercadoIappAvendorAmercadopagoAdx-phpAIphpdocAcacheAdescriptorsATAIAIAIAIAIAIAIAIAIAIAIAIAIAAAAAIAAAIAAAIAAAIAIAAAIAAAAAA" "Mozilla/5.0 AppleWebKit/537.36 (KHTML, like Gecko; compatible; GPTBot/1.3; +https://openai.com/gptbot)" www.painelbistroemcasa.meumercado.app 10.53.184.85
74.7.227.157 - - [09/Apr/2026:10:54:27 -0300] "GET /excerpt-status.php?p=Ahome2Ameumer25AtestingImeumercadoIappA_next HTTP/2.0" 404 836 "https://painelbistroemcasa.meumercado.app/excerpt-status.php?p=Ahome2Ameumer25AtestingImeumercadoIapp" "Mozilla/5.0 AppleWebKit/537.36 (KHTML, like Gecko; compatible; GPTBot/1.3; +https://openai.com/gptbot)" painelbistroemcasa.meumercado.app 10.53.184.85
74.7.227.17 - - [09/Apr/2026:10:54:28 -0300] "GET /inline-edit-post.min.js?p=Ahome2Ameumer25ApainebistroemcasaImeumercadoIappAvendorAmercadopagoAdx-phpAIphpdocAcacheAdescriptorsATAIAIAIAIAIAIAIAIAIAIAIAIAIAAAAAAAIAAAIAAAIAIAAAIAIAIAAAAAIAI HTTP/2.0" 404 836 "https://www.painelbistroemcasa.meumercado.app/inline-edit-post.min.js?p=Ahome2Ameumer25ApainebistroemcasaImeumercadoIappAvendorAmercadopagoAdx-phpAIphpdocAcacheAdescriptorsATAIAIAIAIAIAIAIAIAIAIAIAIAIAAAAAAAIAAAIAAAIAIAAAIAIAIAAAAAI" "Mozilla/5.0 AppleWebKit/537.36 (KHTML, like Gecko; compatible; GPTBot/1.3; +https://openai.com/gptbot)" www.painelbistroemcasa.meumercado.app 10.53.184.85
74.7.227.157 - - [09/Apr/2026:10:54:31 -0300] "GET /excerpt-image.php?p=Ahome2Ameumer25AmeupetIappAwp-includesAimages HTTP/2.0" 404 836 "https://painelbistroemcasa.meumercado.app/excerpt-image.php?p=Ahome2Ameumer25AmeupetIappAwp-includes" "Mozilla/5.0 AppleWebKit/537.36 (KHTML, like Gecko; compatible; GPTBot/1.3; +https://openai.com/gptbot)" painelbistroemcasa.meumercado.app 10.53.184.85
74.7.227.17 - - [09/Apr/2026:10:54:33 -0300] "GET /inline-edit-post.min.js?p=Ahome2Ameumer25ApainebistroemcasaImeumercadoIappAvendorAmercadopagoAdx-phpAIphpdocAcacheAdescriptorsATAIAIAIAIAIAIAIAIAIAIAIAIAIAAAAAIAAAIAIAAAAAAAAAIAAAIAIAAAG HTTP/2.0" 404 836 "https://www.painelbistroemcasa.meumercado.app/inline-edit-post.min.js?p=Ahome2Ameumer25ApainebistroemcasaImeumercadoIappAvendorAmercadopagoAdx-phpAIphpdocAcacheAdescriptorsATAIAIAIAIAIAIAIAIAIAIAIAIAIAAAAAIAAAIAIAAAAAAAAAIAAAIAIAA" "Mozilla/5.0 AppleWebKit/537.36 (KHTML, like Gecko; compatible; GPTBot/1.3; +https://openai.com/gptbot)" www.painelbistroemcasa.meumercado.app 10.53.184.85
74.7.227.157 - - [09/Apr/2026:10:54:36 -0300] "GET /excerpt-chat.php?p=Ahome2Ameumer25AtestingImeumercadoIappA_next HTTP/2.0" 404 836 "https://painelbistroemcasa.meumercado.app/excerpt-chat.php?p=Ahome2Ameumer25AtestingImeumercadoIapp" "Mozilla/5.0 AppleWebKit/537.36 (KHTML, like Gecko; compatible; GPTBot/1.3; +https://openai.com/gptbot)" painelbistroemcasa.meumercado.app 10.53.184.85
74.7.227.17 - - [09/Apr/2026:10:54:38 -0300] "GET /inline-edit-post.min.js?p=Ahome2Ameumer25ApainebistroemcasaImeumercadoIappAvendorAmercadopagoAdx-phpAIphpdocAcacheAdescriptorsATAIAIAIAIAIAIAIAIAIAIAIAIAIAAAAAAAAAAAAAIAAAAAIAIAAAAAAAIAA HTTP/2.0" 404 836 "https://www.painelbistroemcasa.meumercado.app/inline-edit-post.min.js?p=Ahome2Ameumer25ApainebistroemcasaImeumercadoIappAvendorAmercadopagoAdx-phpAIphpdocAcacheAdescriptorsATAIAIAIAIAIAIAIAIAIAIAIAIAIAAAAAAAAAAAAAIAAAAAIAIAAAAAAAI" "Mozilla/5.0 AppleWebKit/537.36 (KHTML, like Gecko; compatible; GPTBot/1.3; +https://openai.com/gptbot)" www.painelbistroemcasa.meumercado.app 10.53.184.85
74.7.227.157 - - [09/Apr/2026:10:54:41 -0300] "GET /excerpt-chat.php?p=Ahome2Ameumer25AmmImeumercadoIappAIwell-known HTTP/2.0" 404 836 "https://painelbistroemcasa.meumercado.app/excerpt-chat.php?p=Ahome2Ameumer25AmmImeumercadoIapp" "Mozilla/5.0 AppleWebKit/537.36 (KHTML, like Gecko; compatible; GPTBot/1.3; +https://openai.com/gptbot)" painelbistroemcasa.meumercado.app 10.53.184.85
74.7.227.17 - - [09/Apr/2026:10:54:42 -0300] "GET /inline-edit-post.min.js?p=Ahome2Ameumer25ApainebistroemcasaImeumercadoIappAvendorAmercadopagoAdx-phpAIphpdocAcacheAdescriptorsATAIAIAIAIAIAIAIAIAIAIAIAIAIAAAAAIAAAIAAAIAIAIAAAIAAAAAIAIAG HTTP/2.0" 404 836 "https://www.painelbistroemcasa.meumercado.app/inline-edit-post.min.js?p=Ahome2Ameumer25ApainebistroemcasaImeumercadoIappAvendorAmercadopagoAdx-phpAIphpdocAcacheAdescriptorsATAIAIAIAIAIAIAIAIAIAIAIAIAIAAAAAIAAAIAAAIAIAIAAAIAAAAAIAI" "Mozilla/5.0 AppleWebKit/537.36 (KHTML, like Gecko; compatible; GPTBot/1.3; +https://openai.com/gptbot)" www.painelbistroemcasa.meumercado.app 10.53.184.85
74.7.227.157 - - [09/Apr/2026:10:54:45 -0300] "GET /excerpt-header.php?p=Ahome2Ameumer25AtestingImeumercadoIappA_next HTTP/2.0" 404 836 "https://painelbistroemcasa.meumercado.app/excerpt-header.php?p=Ahome2Ameumer25AtestingImeumercadoIapp" "Mozilla/5.0 AppleWebKit/537.36 (KHTML, like Gecko; compatible; GPTBot/1.3; +https://openai.com/gptbot)" painelbistroemcasa.meumercado.app 10.53.184.85
74.7.227.17 - - [09/Apr/2026:10:54:47 -0300] "GET /inline-edit-post.min.js?p=Ahome2Ameumer25ApainebistroemcasaImeumercadoIappAvendorAmercadopagoAdx-phpAIphpdocAcacheAdescriptorsATAIAIAIAIAIAIAIAIAIAIAIAIAIAAAAAIAAAIAAAAAIAAAIAAAAAAAAAIAH HTTP/2.0" 404 836 "https://www.painelbistroemcasa.meumercado.app/inline-edit-post.min.js?p=Ahome2Ameumer25ApainebistroemcasaImeumercadoIappAvendorAmercadopagoAdx-phpAIphpdocAcacheAdescriptorsATAIAIAIAIAIAIAIAIAIAIAIAIAIAAAAAIAAAIAAAAAIAAAIAAAAAAAAAI" "Mozilla/5.0 AppleWebKit/537.36 (KHTML, like Gecko; compatible; GPTBot/1.3; +https://openai.com/gptbot)" www.painelbistroemcasa.meumercado.app 10.53.184.85
74.7.227.157 - - [09/Apr/2026:10:54:50 -0300] "GET /class-astra-header-search-component-loader.php?edit=cache.php&p=Ahome2Ameumer25ApainelestilopetshopImeupetIappAinstallationAinstallationAinstallation HTTP/2.0" 404 836 "https://painelbistroemcasa.meumercado.app/class-astra-header-search-component-loader.php?p=Ahome2Ameumer25ApainelestilopetshopImeupetIappAinstallationAinstallationAinstallation" "Mozilla/5.0 AppleWebKit/537.36 (KHTML, like Gecko; compatible; GPTBot/1.3; +https://openai.com/gptbot)" painelbistroemcasa.meumercado.app 10.53.184.85
74.7.227.17 - - [09/Apr/2026:10:54:52 -0300] "GET /inline-edit-post.min.js?p=Ahome2Ameumer25ApainebistroemcasaImeumercadoIappAvendorAmercadopagoAdx-phpAIphpdocAcacheAdescriptorsATAIAIAIAIAIAIAIAIAIAIAIAIAIAAAAAIAAAAAAAIAIAAAIAIAAAAAAAIAI HTTP/2.0" 404 836 "https://www.painelbistroemcasa.meumercado.app/inline-edit-post.min.js?p=Ahome2Ameumer25ApainebistroemcasaImeumercadoIappAvendorAmercadopagoAdx-phpAIphpdocAcacheAdescriptorsATAIAIAIAIAIAIAIAIAIAIAIAIAIAAAAAIAAAAAAAIAIAAAIAIAAAAAAAI" "Mozilla/5.0 AppleWebKit/537.36 (KHTML, like Gecko; compatible; GPTBot/1.3; +https://openai.com/gptbot)" www.painelbistroemcasa.meumercado.app 10.53.184.85
74.7.227.157 - - [09/Apr/2026:10:54:55 -0300] "GET /cta-subscribe-centered.php?edit=view.asset.php&p=Ahome2Ameumer25AnetodoleleIcomIbrAwp-includesAblocksAsearch HTTP/2.0" 404 836 "https://painelbistroemcasa.meumercado.app/cta-subscribe-centered.php?p=Ahome2Ameumer25AnetodoleleIcomIbrAwp-includesAblocksAsearch" "Mozilla/5.0 AppleWebKit/537.36 (KHTML, like Gecko; compatible; GPTBot/1.3; +https://openai.com/gptbot)" painelbistroemcasa.meumercado.app 10.53.184.85
74.7.227.17 - - [09/Apr/2026:10:54:56 -0300] "GET /inline-edit-post.min.js?p=Ahome2Ameumer25ApainebistroemcasaImeumercadoIappAvendorAmercadopagoAdx-phpAIphpdocAcacheAdescriptorsATAIAIAIAIAIAIAIAIAIAIAIAIAIAAAAAIAAAAAIAIAIAIAAAIAIAIAIAAAA HTTP/2.0" 404 836 "https://www.painelbistroemcasa.meumercado.app/inline-edit-post.min.js?p=Ahome2Ameumer25ApainebistroemcasaImeumercadoIappAvendorAmercadopagoAdx-phpAIphpdocAcacheAdescriptorsATAIAIAIAIAIAIAIAIAIAIAIAIAIAAAAAIAAAAAIAIAIAIAAAIAIAIAIAA" "Mozilla/5.0 AppleWebKit/537.36 (KHTML, like Gecko; compatible; GPTBot/1.3; +https://openai.com/gptbot)" www.painelbistroemcasa.meumercado.app 10.53.184.85
74.7.227.157 - - [09/Apr/2026:10:55:00 -0300] "GET /6b4d5a024a4571beac0f52baa4ccccddbd38c4d0 HTTP/2.0" 404 836 "https://painelbistroemcasa.meumercado.app/acf-extra-post-fields.json?p=Ahome2Ameumer25ApainelestilopetshopImeupetIappAstorageAframeworkAcacheAdataA6bA4d" "Mozilla/5.0 AppleWebKit/537.36 (KHTML, like Gecko; compatible; GPTBot/1.3; +https://openai.com/gptbot)" painelbistroemcasa.meumercado.app 10.53.184.85
74.7.227.17 - - [09/Apr/2026:10:55:01 -0300] "GET /inline-edit-post.min.js?p=Ahome2Ameumer25ApainebistroemcasaImeumercadoIappAvendorAmercadopagoAdx-phpAIphpdocAcacheAdescriptorsATAIAIAIAIAIAIAIAIAIAIAIAIAIAAAAAIAAAIAAAAAIAIAIAIAIAIAIAIAAAH HTTP/2.0" 404 836 "https://www.painelbistroemcasa.meumercado.app/inline-edit-post.min.js?p=Ahome2Ameumer25ApainebistroemcasaImeumercadoIappAvendorAmercadopagoAdx-phpAIphpdocAcacheAdescriptorsATAIAIAIAIAIAIAIAIAIAIAIAIAIAAAAAIAAAIAAAAAIAIAIAIAIAIAIAIAA" "Mozilla/5.0 AppleWebKit/537.36 (KHTML, like Gecko; compatible; GPTBot/1.3; +https://openai.com/gptbot)" www.painelbistroemcasa.meumercado.app 10.53.184.85
74.7.227.157 - - [09/Apr/2026:10:55:04 -0300] "GET /4eeee3bebb9d6d97ecdc7b153a6db2812d499cfe HTTP/2.0" 404 836 "https://painelbistroemcasa.meumercado.app/acf-extra-post-fields.json?p=Ahome2Ameumer25ApainelbrasileirissimoImeumercadoIappAstorageAframeworkAcacheAdataA4eAee" "Mozilla/5.0 AppleWebKit/537.36 (KHTML, like Gecko; compatible; GPTBot/1.3; +https://openai.com/gptbot)" painelbistroemcasa.meumercado.app 10.53.184.85
74.7.227.17 - - [09/Apr/2026:10:55:06 -0300] "GET /inline-edit-post.min.js?p=Ahome2Ameumer25ApainebistroemcasaImeumercadoIappAvendorAmercadopagoAdx-phpAIphpdocAcacheAdescriptorsATAIAIAIAIAIAIAIAIAIAIAIAIAIAAAAAIAAAIAAAAAIAIAAAIAAAIAAAIAG HTTP/2.0" 404 836 "https://www.painelbistroemcasa.meumercado.app/inline-edit-post.min.js?p=Ahome2Ameumer25ApainebistroemcasaImeumercadoIappAvendorAmercadopagoAdx-phpAIphpdocAcacheAdescriptorsATAIAIAIAIAIAIAIAIAIAIAIAIAIAAAAAIAAAIAAAAAIAIAAAIAAAIAAAI" "Mozilla/5.0 AppleWebKit/537.36 (KHTML, like Gecko; compatible; GPTBot/1.3; +https://openai.com/gptbot)" www.painelbistroemcasa.meumercado.app 10.53.184.85
74.7.227.157 - - [09/Apr/2026:10:55:09 -0300] "GET /7bd5fc16e644faea9c9c9d95ae81ebfffb55f7c8 HTTP/2.0" 404 836 "https://painelbistroemcasa.meumercado.app/acf-extra-post-fields.json?p=Ahome2Ameumer25ApainelbrasileirissimoImeumercadoIappAstorageAframeworkAcacheAdataA7bAd5" "Mozilla/5.0 AppleWebKit/537.36 (KHTML, like Gecko; compatible; GPTBot/1.3; +https://openai.com/gptbot)" painelbistroemcasa.meumercado.app 10.53.184.85
74.7.227.17 - - [09/Apr/2026:10:55:10 -0300] "GET /inline-edit-post.min.js?p=Ahome2Ameumer25ApainebistroemcasaImeumercadoIappAvendorAmercadopagoAdx-phpAIphpdocAcacheAdescriptorsATAIAIAIAIAIAIAIAIAIAIAIAIAIAAAAAIAAAAAAAIAIAAAIAAAIAIAAAIAH HTTP/2.0" 404 836 "https://www.painelbistroemcasa.meumercado.app/inline-edit-post.min.js?p=Ahome2Ameumer25ApainebistroemcasaImeumercadoIappAvendorAmercadopagoAdx-phpAIphpdocAcacheAdescriptorsATAIAIAIAIAIAIAIAIAIAIAIAIAIAAAAAIAAAAAAAIAIAAAIAAAIAIAAAI" "Mozilla/5.0 AppleWebKit/537.36 (KHTML, like Gecko; compatible; GPTBot/1.3; +https://openai.com/gptbot)" www.painelbistroemcasa.meumercado.app 10.53.184.85
74.7.227.157 - - [09/Apr/2026:10:55:14 -0300] "GET /acf-extra-post-fields.json?edit=comment-grey-bubble-2x.png&p=Ahome2Ameumer25ApainelshopsuaboaformaImeumercadoIappAminhafarmaciaIappAwp-adminAimages HTTP/2.0" 404 836 "https://painelbistroemcasa.meumercado.app/acf-extra-post-fields.json?p=Ahome2Ameumer25ApainelshopsuaboaformaImeumercadoIappAminhafarmaciaIappAwp-adminAimages" "Mozilla/5.0 AppleWebKit/537.36 (KHTML, like Gecko; compatible; GPTBot/1.3; +https://openai.com/gptbot)" painelbistroemcasa.meumercado.app 10.53.184.85
74.7.227.17 - - [09/Apr/2026:10:55:15 -0300] "GET /inline-edit-post.min.js?p=Ahome2Ameumer25ApainebistroemcasaImeumercadoIappAvendorAmercadopagoAdx-phpAIphpdocAcacheAdescriptorsATAIAIAIAIAIAIAIAIAIAIAIAIAIAAAAAIAAAAAIAIAAAAAAAIAIAAAAAIAIAG HTTP/2.0" 404 836 "https://www.painelbistroemcasa.meumercado.app/inline-edit-post.min.js?p=Ahome2Ameumer25ApainebistroemcasaImeumercadoIappAvendorAmercadopagoAdx-phpAIphpdocAcacheAdescriptorsATAIAIAIAIAIAIAIAIAIAIAIAIAIAAAAAIAAAAAIAIAAAAAAAIAIAAAAAIAI" "Mozilla/5.0 AppleWebKit/537.36 (KHTML, like Gecko; compatible; GPTBot/1.3; +https://openai.com/gptbot)" www.painelbistroemcasa.meumercado.app 10.53.184.85
74.7.227.157 - - [09/Apr/2026:10:55:19 -0300] "GET /cta-subscribe-centered.php?p=Ahome2Ameumer25Apublic_htmlAwp-contentAplugins HTTP/2.0" 404 836 "https://painelbistroemcasa.meumercado.app/cta-subscribe-centered.php?p=Ahome2Ameumer25Apublic_htmlAwp-content" "Mozilla/5.0 AppleWebKit/537.36 (KHTML, like Gecko; compatible; GPTBot/1.3; +https://openai.com/gptbot)" painelbistroemcasa.meumercado.app 10.53.184.85
74.7.227.17 - - [09/Apr/2026:10:55:20 -0300] "GET /inline-edit-post.min.js?p=Ahome2Ameumer25ApainebistroemcasaImeumercadoIappAvendorAmercadopagoAdx-phpAIphpdocAcacheAdescriptorsATAIAIAIAIAIAIAIAIAIAIAIAIAIAAAAAAAAAAAAAAAIAAAIAAAIAAAIAAAW HTTP/2.0" 404 836 "https://www.painelbistroemcasa.meumercado.app/inline-edit-post.min.js?p=Ahome2Ameumer25ApainebistroemcasaImeumercadoIappAvendorAmercadopagoAdx-phpAIphpdocAcacheAdescriptorsATAIAIAIAIAIAIAIAIAIAIAIAIAIAAAAAAAAAAAAAAAIAAAIAAAIAAAIAA" "Mozilla/5.0 AppleWebKit/537.36 (KHTML, like Gecko; compatible; GPTBot/1.3; +https://openai.com/gptbot)" www.painelbistroemcasa.meumercado.app 10.53.184.85
74.7.227.157 - - [09/Apr/2026:10:55:24 -0300] "GET /excerpt-link.php?p=Ahome2Ameumer25Apublic_htmlAwp-contentAuploadsApopularfx-templatesArugbyAimages HTTP/2.0" 404 836 "https://painelbistroemcasa.meumercado.app/excerpt-link.php?p=Ahome2Ameumer25Apublic_htmlAwp-contentAuploadsApopularfx-templatesArugby" "Mozilla/5.0 AppleWebKit/537.36 (KHTML, like Gecko; compatible; GPTBot/1.3; +https://openai.com/gptbot)" painelbistroemcasa.meumercado.app 10.53.184.85
74.7.227.17 - - [09/Apr/2026:10:55:25 -0300] "GET /inline-edit-post.min.js?p=Ahome2Ameumer25ApainebistroemcasaImeumercadoIappAvendorAmercadopagoAdx-phpAIphpdocAcacheAdescriptorsATAIAIAIAIAIAIAIAIAIAIAIAIAIAAAAAAAIAAAAAIAIAIAIAIAAAIAIAIAA HTTP/2.0" 404 836 "https://www.painelbistroemcasa.meumercado.app/inline-edit-post.min.js?p=Ahome2Ameumer25ApainebistroemcasaImeumercadoIappAvendorAmercadopagoAdx-phpAIphpdocAcacheAdescriptorsATAIAIAIAIAIAIAIAIAIAIAIAIAIAAAAAAAIAAAAAIAIAIAIAIAAAIAIAI" "Mozilla/5.0 AppleWebKit/537.36 (KHTML, like Gecko; compatible; GPTBot/1.3; +https://openai.com/gptbot)" www.painelbistroemcasa.meumercado.app 10.53.184.85
74.7.227.157 - - [09/Apr/2026:10:55:28 -0300] "GET /class-astra-header-search-component.php?edit=awstats.paineleubella.meumercado.app.conf&p=Ahome2Ameumer25AtmpAawstatsAssl HTTP/2.0" 404 836 "https://painelbistroemcasa.meumercado.app/class-astra-header-search-component.php?p=Ahome2Ameumer25AtmpAawstatsAssl" "Mozilla/5.0 AppleWebKit/537.36 (KHTML, like Gecko; compatible; GPTBot/1.3; +https://openai.com/gptbot)" painelbistroemcasa.meumercado.app 10.53.184.85
74.7.227.17 - - [09/Apr/2026:10:55:29 -0300] "GET /inline-edit-post.min.js?p=Ahome2Ameumer25ApainebistroemcasaImeumercadoIappAvendorAmercadopagoAdx-phpAIphpdocAcacheAdescriptorsATAIAIAIAIAIAIAIAIAIAIAIAIAIAAAAAAAIAAAAAAAAAAAAAAAAAAAAAIAW HTTP/2.0" 404 836 "https://www.painelbistroemcasa.meumercado.app/inline-edit-post.min.js?p=Ahome2Ameumer25ApainebistroemcasaImeumercadoIappAvendorAmercadopagoAdx-phpAIphpdocAcacheAdescriptorsATAIAIAIAIAIAIAIAIAIAIAIAIAIAAAAAAAIAAAAAAAAAAAAAAAAAAAAAI" "Mozilla/5.0 AppleWebKit/537.36 (KHTML, like Gecko; compatible; GPTBot/1.3; +https://openai.com/gptbot)" www.painelbistroemcasa.meumercado.app 10.53.184.85
74.7.227.157 - - [09/Apr/2026:10:55:33 -0300] "GET /class-astra-header-search-component.php?edit=awstats.painelsasakisushi.meumercado.app.conf&p=Ahome2Ameumer25AtmpAawstats HTTP/2.0" 404 836 "https://painelbistroemcasa.meumercado.app/class-astra-header-search-component.php?p=Ahome2Ameumer25AtmpAawstats" "Mozilla/5.0 AppleWebKit/537.36 (KHTML, like Gecko; compatible; GPTBot/1.3; +https://openai.com/gptbot)" painelbistroemcasa.meumercado.app 10.53.184.85
74.7.227.17 - - [09/Apr/2026:10:55:34 -0300] "GET /inline-edit-post.min.js?p=Ahome2Ameumer25ApainebistroemcasaImeumercadoIappAvendorAmercadopagoAdx-phpAIphpdocAcacheAdescriptorsATAIAIAIAIAIAIAIAIAIAIAIAIAIAAAAAAAAAIAAAIAAAAAAAAAAAIAIAIAIAH HTTP/2.0" 404 836 "https://www.painelbistroemcasa.meumercado.app/inline-edit-post.min.js?p=Ahome2Ameumer25ApainebistroemcasaImeumercadoIappAvendorAmercadopagoAdx-phpAIphpdocAcacheAdescriptorsATAIAIAIAIAIAIAIAIAIAIAIAIAIAAAAAAAAAIAAAIAAAAAAAAAAAIAIAIAI" "Mozilla/5.0 AppleWebKit/537.36 (KHTML, like Gecko; compatible; GPTBot/1.3; +https://openai.com/gptbot)" www.painelbistroemcasa.meumercado.app 10.53.184.85
74.7.227.157 - - [09/Apr/2026:10:55:38 -0300] "GET /excerpt-status.php?p=Ahome2Ameumer25AmeupetIappAwp-contentApluginsAelementor-proAmodulesAwoocommerceAtags HTTP/2.0" 404 836 "https://painelbistroemcasa.meumercado.app/excerpt-status.php?p=Ahome2Ameumer25AmeupetIappAwp-contentApluginsAelementor-proAmodulesAwoocommerce" "Mozilla/5.0 AppleWebKit/537.36 (KHTML, like Gecko; compatible; GPTBot/1.3; +https://openai.com/gptbot)" painelbistroemcasa.meumercado.app 10.53.184.85
74.7.227.17 - - [09/Apr/2026:10:55:39 -0300] "GET /inline-edit-post.min.js?p=Ahome2Ameumer25ApainebistroemcasaImeumercadoIappAvendorAmercadopagoAdx-phpAIphpdocAcacheAdescriptorsATAIAIAIAIAIAIAIAIAIAIAIAIAIAAAAAAAIAAAIAAAAAIAIAAAIAAAAAIAIAI HTTP/2.0" 404 836 "https://www.painelbistroemcasa.meumercado.app/inline-edit-post.min.js?p=Ahome2Ameumer25ApainebistroemcasaImeumercadoIappAvendorAmercadopagoAdx-phpAIphpdocAcacheAdescriptorsATAIAIAIAIAIAIAIAIAIAIAIAIAIAAAAAAAIAAAIAAAAAIAIAAAIAAAAAIAI" "Mozilla/5.0 AppleWebKit/537.36 (KHTML, like Gecko; compatible; GPTBot/1.3; +https://openai.com/gptbot)" www.painelbistroemcasa.meumercado.app 10.53.184.85
74.7.227.157 - - [09/Apr/2026:10:55:42 -0300] "GET /excerpt-status.php?p=Ahome2Ameumer25Apublic_htmlAwp-contentApluginsAelementorAcoreAexperimentsAexceptions HTTP/2.0" 404 836 "https://painelbistroemcasa.meumercado.app/excerpt-status.php?p=Ahome2Ameumer25Apublic_htmlAwp-contentApluginsAelementorAcoreAexperiments" "Mozilla/5.0 AppleWebKit/537.36 (KHTML, like Gecko; compatible; GPTBot/1.3; +https://openai.com/gptbot)" painelbistroemcasa.meumercado.app 10.53.184.85
74.7.227.17 - - [09/Apr/2026:10:55:44 -0300] "GET /inline-edit-post.min.js?p=Ahome2Ameumer25ApainebistroemcasaImeumercadoIappAvendorAmercadopagoAdx-phpAIphpdocAcacheAdescriptorsATAIAIAIAIAIAIAIAIAIAIAIAIAIAAAAAAAAAIAAAIAAAAAIAIAIAAAAAAAAAW HTTP/2.0" 404 836 "https://www.painelbistroemcasa.meumercado.app/inline-edit-post.min.js?p=Ahome2Ameumer25ApainebistroemcasaImeumercadoIappAvendorAmercadopagoAdx-phpAIphpdocAcacheAdescriptorsATAIAIAIAIAIAIAIAIAIAIAIAIAIAAAAAAAAAIAAAIAAAAAIAIAIAAAAAAAA" "Mozilla/5.0 AppleWebKit/537.36 (KHTML, like Gecko; compatible; GPTBot/1.3; +https://openai.com/gptbot)" www.painelbistroemcasa.meumercado.app 10.53.184.85
74.7.227.157 - - [09/Apr/2026:10:55:47 -0300] "GET /cta-subscribe-centered.php?edit=info-box.svg&p=Ahome2Ameumer25AmeupetIappAwp-contentApluginsAultimate-addons-for-gutenbergAassetsAimagesAblock-previews HTTP/2.0" 404 836 "https://painelbistroemcasa.meumercado.app/cta-subscribe-centered.php?p=Ahome2Ameumer25AmeupetIappAwp-contentApluginsAultimate-addons-for-gutenbergAassetsAimagesAblock-previews" "Mozilla/5.0 AppleWebKit/537.36 (KHTML, like Gecko; compatible; GPTBot/1.3; +https://openai.com/gptbot)" painelbistroemcasa.meumercado.app 10.53.184.85
74.7.227.17 - - [09/Apr/2026:10:55:48 -0300] "GET /inline-edit-post.min.js?p=Ahome2Ameumer25ApainebistroemcasaImeumercadoIappAvendorAmercadopagoAdx-phpAIphpdocAcacheAdescriptorsATAIAIAIAIAIAIAIAIAIAIAIAIAIAAAAAIAAAAAAAIAAAAAIAAAIAAAAAAAH HTTP/2.0" 404 836 "https://www.painelbistroemcasa.meumercado.app/inline-edit-post.min.js?p=Ahome2Ameumer25ApainebistroemcasaImeumercadoIappAvendorAmercadopagoAdx-phpAIphpdocAcacheAdescriptorsATAIAIAIAIAIAIAIAIAIAIAIAIAIAAAAAIAAAAAAAIAAAAAIAAAIAAAAAA" "Mozilla/5.0 AppleWebKit/537.36 (KHTML, like Gecko; compatible; GPTBot/1.3; +https://openai.com/gptbot)" www.painelbistroemcasa.meumercado.app 10.53.184.85
74.7.227.157 - - [09/Apr/2026:10:55:52 -0300] "GET /elementor-post-query.php?p=Ahome2Ameumer25Apublic_htmlAwp-includesAtheme-compat HTTP/2.0" 404 836 "https://painelbistroemcasa.meumercado.app/elementor-post-query.php?p=Ahome2Ameumer25Apublic_htmlAwp-includes" "Mozilla/5.0 AppleWebKit/537.36 (KHTML, like Gecko; compatible; GPTBot/1.3; +https://openai.com/gptbot)" painelbistroemcasa.meumercado.app 10.53.184.85
74.7.227.17 - - [09/Apr/2026:10:55:53 -0300] "GET /inline-edit-post.min.js?p=Ahome2Ameumer25ApainebistroemcasaImeumercadoIappAvendorAmercadopagoAdx-phpAIphpdocAcacheAdescriptorsATAIAIAIAIAIAIAIAIAIAIAIAIAIAAAAAAAIAAAAAAAAAIAIAAAIAIAIAIAH HTTP/2.0" 404 836 "https://www.painelbistroemcasa.meumercado.app/inline-edit-post.min.js?p=Ahome2Ameumer25ApainebistroemcasaImeumercadoIappAvendorAmercadopagoAdx-phpAIphpdocAcacheAdescriptorsATAIAIAIAIAIAIAIAIAIAIAIAIAIAAAAAAAIAAAAAAAAAIAIAAAIAIAIAI" "Mozilla/5.0 AppleWebKit/537.36 (KHTML, like Gecko; compatible; GPTBot/1.3; +https://openai.com/gptbot)" www.painelbistroemcasa.meumercado.app 10.53.184.85
74.7.227.157 - - [09/Apr/2026:10:55:56 -0300] "GET /elementor-post-query.php?p=Ahome2Ameumer25Apublic_htmlAwp-includesAphp-compat HTTP/2.0" 404 836 "https://painelbistroemcasa.meumercado.app/elementor-post-query.php?p=Ahome2Ameumer25Apublic_htmlAwp-includes" "Mozilla/5.0 AppleWebKit/537.36 (KHTML, like Gecko; compatible; GPTBot/1.3; +https://openai.com/gptbot)" painelbistroemcasa.meumercado.app 10.53.184.85
74.7.227.17 - - [09/Apr/2026:10:55:57 -0300] "GET /inline-edit-post.min.js?p=Ahome2Ameumer25ApainebistroemcasaImeumercadoIappAvendorAmercadopagoAdx-phpAIphpdocAcacheAdescriptorsATAIAIAIAIAIAIAIAIAIAIAIAIAIAAAAAAAIAAAAAAAAAAAAAAAIAIAIAAAG HTTP/2.0" 404 836 "https://www.painelbistroemcasa.meumercado.app/inline-edit-post.min.js?p=Ahome2Ameumer25ApainebistroemcasaImeumercadoIappAvendorAmercadopagoAdx-phpAIphpdocAcacheAdescriptorsATAIAIAIAIAIAIAIAIAIAIAIAIAIAAAAAAAIAAAAAAAAAAAAAAAIAIAIAA" "Mozilla/5.0 AppleWebKit/537.36 (KHTML, like Gecko; compatible; GPTBot/1.3; +https://openai.com/gptbot)" www.painelbistroemcasa.meumercado.app 10.53.184.85
74.7.227.157 - - [09/Apr/2026:10:56:01 -0300] "GET /dx-php-samples-suscriptions-subscribe-to-plan.html?p=Ahome2Ameumer25Apublic_htmlAwp-contentAuploadsA2022 HTTP/2.0" 404 836 "https://painelbistroemcasa.meumercado.app/dx-php-samples-suscriptions-subscribe-to-plan.html?p=Ahome2Ameumer25Apublic_htmlAwp-contentAuploads" "Mozilla/5.0 AppleWebKit/537.36 (KHTML, like Gecko; compatible; GPTBot/1.3; +https://openai.com/gptbot)" painelbistroemcasa.meumercado.app 10.53.184.85
74.7.227.17 - - [09/Apr/2026:10:56:02 -0300] "GET /inline-edit-post.min.js?p=Ahome2Ameumer25ApainebistroemcasaImeumercadoIappAvendorAmercadopagoAdx-phpAIphpdocAcacheAdescriptorsATAIAIAIAIAIAIAIAIAIAIAIAIAIAAAAAIAAAIAAAIAIAAAAAAAAAIAAAIAAAI HTTP/2.0" 404 836 "https://www.painelbistroemcasa.meumercado.app/inline-edit-post.min.js?p=Ahome2Ameumer25ApainebistroemcasaImeumercadoIappAvendorAmercadopagoAdx-phpAIphpdocAcacheAdescriptorsATAIAIAIAIAIAIAIAIAIAIAIAIAIAAAAAIAAAIAAAIAIAAAAAAAAAIAAAIAA" "Mozilla/5.0 AppleWebKit/537.36 (KHTML, like Gecko; compatible; GPTBot/1.3; +https://openai.com/gptbot)" www.painelbistroemcasa.meumercado.app 10.53.184.85
74.7.227.157 - - [09/Apr/2026:10:56:06 -0300] "GET /excerpt-video.php?edit=astra-admin.js&p=Ahome2Ameumer25Apublic_htmlAwp-contentApluginsAastra-bulk-editAassetsAjs HTTP/2.0" 404 836 "https://painelbistroemcasa.meumercado.app/excerpt-video.php?p=Ahome2Ameumer25Apublic_htmlAwp-contentApluginsAastra-bulk-editAassetsAjs" "Mozilla/5.0 AppleWebKit/537.36 (KHTML, like Gecko; compatible; GPTBot/1.3; +https://openai.com/gptbot)" painelbistroemcasa.meumercado.app 10.53.184.85
74.7.227.17 - - [09/Apr/2026:10:56:07 -0300] "GET /inline-edit-post.min.js?p=Ahome2Ameumer25ApainebistroemcasaImeumercadoIappAvendorAmercadopagoAdx-phpAIphpdocAcacheAdescriptorsATAIAIAIAIAIAIAIAIAIAIAIAIAIAAAAAAAIAAAAAIAAAAAAAIAIAAAIAIAIAI HTTP/2.0" 404 836 "https://www.painelbistroemcasa.meumercado.app/inline-edit-post.min.js?p=Ahome2Ameumer25ApainebistroemcasaImeumercadoIappAvendorAmercadopagoAdx-phpAIphpdocAcacheAdescriptorsATAIAIAIAIAIAIAIAIAIAIAIAIAIAAAAAAAIAAAAAIAAAAAAAIAIAAAIAIAI" "Mozilla/5.0 AppleWebKit/537.36 (KHTML, like Gecko; compatible; GPTBot/1.3; +https://openai.com/gptbot)" www.painelbistroemcasa.meumercado.app 10.53.184.85
74.7.227.157 - - [09/Apr/2026:10:56:11 -0300] "GET /excerpt-video.php?p=Ahome2Ameumer25AnetodoleleIcomIbrAwp-contentApluginsAelementor-proAmodulesAmega-menuAcontrols HTTP/2.0" 404 836 "https://painelbistroemcasa.meumercado.app/excerpt-video.php?p=Ahome2Ameumer25AnetodoleleIcomIbrAwp-contentApluginsAelementor-proAmodulesAmega-menu" "Mozilla/5.0 AppleWebKit/537.36 (KHTML, like Gecko; compatible; GPTBot/1.3; +https://openai.com/gptbot)" painelbistroemcasa.meumercado.app 10.53.184.85
74.7.227.17 - - [09/Apr/2026:10:56:12 -0300] "GET /inline-edit-post.min.js?p=Ahome2Ameumer25ApainebistroemcasaImeumercadoIappAvendorAmercadopagoAdx-phpAIphpdocAcacheAdescriptorsATAIAIAIAIAIAIAIAIAIAIAIAIAIAAAAAIAAAAAIAAAIAIAIAAAIAAAIAIAH HTTP/2.0" 404 836 "https://www.painelbistroemcasa.meumercado.app/inline-edit-post.min.js?p=Ahome2Ameumer25ApainebistroemcasaImeumercadoIappAvendorAmercadopagoAdx-phpAIphpdocAcacheAdescriptorsATAIAIAIAIAIAIAIAIAIAIAIAIAIAAAAAIAAAAAIAAAIAIAIAAAIAAAIAI" "Mozilla/5.0 AppleWebKit/537.36 (KHTML, like Gecko; compatible; GPTBot/1.3; +https://openai.com/gptbot)" www.painelbistroemcasa.meumercado.app 10.53.184.85
74.7.227.157 - - [09/Apr/2026:10:56:15 -0300] "GET /excerpt-video.php?p=Ahome2Ameumer25AmeupetIappAwp-contentApluginsAelementor-proAmodulesAtheme-builderAconditions HTTP/2.0" 404 836 "https://painelbistroemcasa.meumercado.app/excerpt-video.php?p=Ahome2Ameumer25AmeupetIappAwp-contentApluginsAelementor-proAmodulesAtheme-builder" "Mozilla/5.0 AppleWebKit/537.36 (KHTML, like Gecko; compatible; GPTBot/1.3; +https://openai.com/gptbot)" painelbistroemcasa.meumercado.app 10.53.184.85
74.7.227.17 - - [09/Apr/2026:10:56:16 -0300] "GET /inline-edit-post.min.js?p=Ahome2Ameumer25ApainebistroemcasaImeumercadoIappAvendorAmercadopagoAdx-phpAIphpdocAcacheAdescriptorsATAIAIAIAIAIAIAIAIAIAIAIAIAIAAAAAAAAAIAAAAAAAAAAAAAIAAAIAAAW HTTP/2.0" 404 836 "https://www.painelbistroemcasa.meumercado.app/inline-edit-post.min.js?p=Ahome2Ameumer25ApainebistroemcasaImeumercadoIappAvendorAmercadopagoAdx-phpAIphpdocAcacheAdescriptorsATAIAIAIAIAIAIAIAIAIAIAIAIAIAAAAAAAAAIAAAAAAAAAAAAAIAAAIAA" "Mozilla/5.0 AppleWebKit/537.36 (KHTML, like Gecko; compatible; GPTBot/1.3; +https://openai.com/gptbot)" www.painelbistroemcasa.meumercado.app 10.53.184.85
74.7.227.157 - - [09/Apr/2026:10:56:20 -0300] "GET /excerpt-video.php?p=Ahome2Ameumer25AmeupetIappAwp-contentApluginsAwpforms-liteAassetsAimagesAempty-statesApayments HTTP/2.0" 404 836 "https://painelbistroemcasa.meumercado.app/excerpt-video.php?p=Ahome2Ameumer25AmeupetIappAwp-contentApluginsAwpforms-liteAassetsAimagesAempty-states" "Mozilla/5.0 AppleWebKit/537.36 (KHTML, like Gecko; compatible; GPTBot/1.3; +https://openai.com/gptbot)" painelbistroemcasa.meumercado.app 10.53.184.85
74.7.227.17 - - [09/Apr/2026:10:56:21 -0300] "GET /inline-edit-post.min.js?p=Ahome2Ameumer25ApainebistroemcasaImeumercadoIappAvendorAmercadopagoAdx-phpAIphpdocAcacheAdescriptorsATAIAIAIAIAIAIAIAIAIAIAIAIAIAAAAAAAIAAAIAIAIAIAIAAAAAIAIAIAI HTTP/2.0" 404 836 "https://www.painelbistroemcasa.meumercado.app/inline-edit-post.min.js?p=Ahome2Ameumer25ApainebistroemcasaImeumercadoIappAvendorAmercadopagoAdx-phpAIphpdocAcacheAdescriptorsATAIAIAIAIAIAIAIAIAIAIAIAIAIAAAAAAAIAAAIAIAIAIAIAAAAAIAIAI" "Mozilla/5.0 AppleWebKit/537.36 (KHTML, like Gecko; compatible; GPTBot/1.3; +https://openai.com/gptbot)" www.painelbistroemcasa.meumercado.app 10.53.184.85
74.7.227.157 - - [09/Apr/2026:10:56:25 -0300] "GET /excerpt-video.php?p=Ahome2Ameumer25Apublic_htmlAwp-contentApluginsAelementor-proAmodulesAwoocommerceAdocuments HTTP/2.0" 404 836 "https://painelbistroemcasa.meumercado.app/excerpt-video.php?p=Ahome2Ameumer25Apublic_htmlAwp-contentApluginsAelementor-proAmodulesAwoocommerce" "Mozilla/5.0 AppleWebKit/537.36 (KHTML, like Gecko; compatible; GPTBot/1.3; +https://openai.com/gptbot)" painelbistroemcasa.meumercado.app 10.53.184.85
74.7.227.17 - - [09/Apr/2026:10:56:26 -0300] "GET /inline-edit-post.min.js?p=Ahome2Ameumer25ApainebistroemcasaImeumercadoIappAvendorAmercadopagoAdx-phpAIphpdocAcacheAdescriptorsATAIAIAIAIAIAIAIAIAIAIAIAIAIAAAAAAAAAAAIAIAAAIAIAAAAAIAAAAAAAH HTTP/2.0" 404 836 "https://www.painelbistroemcasa.meumercado.app/inline-edit-post.min.js?p=Ahome2Ameumer25ApainebistroemcasaImeumercadoIappAvendorAmercadopagoAdx-phpAIphpdocAcacheAdescriptorsATAIAIAIAIAIAIAIAIAIAIAIAIAIAAAAAAAAAAAIAIAAAIAIAAAAAIAAAAAA" "Mozilla/5.0 AppleWebKit/537.36 (KHTML, like Gecko; compatible; GPTBot/1.3; +https://openai.com/gptbot)" www.painelbistroemcasa.meumercado.app 10.53.184.85
74.7.227.157 - - [09/Apr/2026:10:56:30 -0300] "GET /excerpt-video.php?p=Ahome2Ameumer25AmeupetIappAwp-contentApluginsAelementor-proAmodulesAassets-managerAclasses HTTP/2.0" 404 836 "https://painelbistroemcasa.meumercado.app/excerpt-video.php?p=Ahome2Ameumer25AmeupetIappAwp-contentApluginsAelementor-proAmodulesAassets-manager" "Mozilla/5.0 AppleWebKit/537.36 (KHTML, like Gecko; compatible; GPTBot/1.3; +https://openai.com/gptbot)" painelbistroemcasa.meumercado.app 10.53.184.85
74.7.227.17 - - [09/Apr/2026:10:56:31 -0300] "GET /inline-edit-post.min.js?p=Ahome2Ameumer25ApainebistroemcasaImeumercadoIappAvendorAmercadopagoAdx-phpAIphpdocAcacheAdescriptorsATAIAIAIAIAIAIAIAIAIAIAIAIAIAAAAAIAAAIAIAAAIAIAAAIAIAIAAAAAAAI HTTP/2.0" 404 836 "https://www.painelbistroemcasa.meumercado.app/inline-edit-post.min.js?p=Ahome2Ameumer25ApainebistroemcasaImeumercadoIappAvendorAmercadopagoAdx-phpAIphpdocAcacheAdescriptorsATAIAIAIAIAIAIAIAIAIAIAIAIAIAAAAAIAAAIAIAAAIAIAAAIAIAIAAAAAA" "Mozilla/5.0 AppleWebKit/537.36 (KHTML, like Gecko; compatible; GPTBot/1.3; +https://openai.com/gptbot)" www.painelbistroemcasa.meumercado.app 10.53.184.85
74.7.227.157 - - [09/Apr/2026:10:56:34 -0300] "GET /hidden-post-meta.php?p=Ahome2Ameumer25AminhafarmaciaIappAwp-includesAjsAtinymceAthemes HTTP/2.0" 404 836 "https://painelbistroemcasa.meumercado.app/hidden-post-meta.php?p=Ahome2Ameumer25AminhafarmaciaIappAwp-includesAjsAtinymce" "Mozilla/5.0 AppleWebKit/537.36 (KHTML, like Gecko; compatible; GPTBot/1.3; +https://openai.com/gptbot)" painelbistroemcasa.meumercado.app 10.53.184.85
74.7.227.17 - - [09/Apr/2026:10:56:36 -0300] "GET /inline-edit-post.min.js?p=Ahome2Ameumer25ApainebistroemcasaImeumercadoIappAvendorAmercadopagoAdx-phpAIphpdocAcacheAdescriptorsATAIAIAIAIAIAIAIAIAIAIAIAIAIAAAAAIAAAIAAAAAIAAAAAAAIAAAAAAAH HTTP/2.0" 404 836 "https://www.painelbistroemcasa.meumercado.app/inline-edit-post.min.js?p=Ahome2Ameumer25ApainebistroemcasaImeumercadoIappAvendorAmercadopagoAdx-phpAIphpdocAcacheAdescriptorsATAIAIAIAIAIAIAIAIAIAIAIAIAIAAAAAIAAAIAAAAAIAAAAAAAIAAAAAA" "Mozilla/5.0 AppleWebKit/537.36 (KHTML, like Gecko; compatible; GPTBot/1.3; +https://openai.com/gptbot)" www.painelbistroemcasa.meumercado.app 10.53.184.85
74.7.227.157 - - [09/Apr/2026:10:56:39 -0300] "GET /hidden-post-meta.php?p=Ahome2Ameumer25AnetodoleleIcomIbrAwp-includesAjsAtinymceAthemes HTTP/2.0" 404 836 "https://painelbistroemcasa.meumercado.app/hidden-post-meta.php?p=Ahome2Ameumer25AnetodoleleIcomIbrAwp-includesAjsAtinymce" "Mozilla/5.0 AppleWebKit/537.36 (KHTML, like Gecko; compatible; GPTBot/1.3; +https://openai.com/gptbot)" painelbistroemcasa.meumercado.app 10.53.184.85
74.7.227.17 - - [09/Apr/2026:10:56:40 -0300] "GET /inline-edit-post.min.js?p=Ahome2Ameumer25ApainebistroemcasaImeumercadoIappAvendorAmercadopagoAdx-phpAIphpdocAcacheAdescriptorsATAIAIAIAIAIAIAIAIAIAIAIAIAIAAAAAAAAAIAAAIAIAIAAAAAAAAAIAIAH HTTP/2.0" 404 836 "https://www.painelbistroemcasa.meumercado.app/inline-edit-post.min.js?p=Ahome2Ameumer25ApainebistroemcasaImeumercadoIappAvendorAmercadopagoAdx-phpAIphpdocAcacheAdescriptorsATAIAIAIAIAIAIAIAIAIAIAIAIAIAAAAAAAAAIAAAIAIAIAAAAAAAAAIAI" "Mozilla/5.0 AppleWebKit/537.36 (KHTML, like Gecko; compatible; GPTBot/1.3; +https://openai.com/gptbot)" www.painelbistroemcasa.meumercado.app 10.53.184.85
74.7.227.157 - - [09/Apr/2026:10:56:44 -0300] "GET /elementor-post-meta.php?p=Ahome2Ameumer25AminhafarmaciaIappAwp-includesAjsAdistAvendor HTTP/2.0" 404 836 "https://painelbistroemcasa.meumercado.app/elementor-post-meta.php?p=Ahome2Ameumer25AminhafarmaciaIappAwp-includesAjsAdist" "Mozilla/5.0 AppleWebKit/537.36 (KHTML, like Gecko; compatible; GPTBot/1.3; +https://openai.com/gptbot)" painelbistroemcasa.meumercado.app 10.53.184.85
74.7.227.17 - - [09/Apr/2026:10:56:45 -0300] "GET /inline-edit-post.min.js?p=Ahome2Ameumer25ApainebistroemcasaImeumercadoIappAvendorAmercadopagoAdx-phpAIphpdocAcacheAdescriptorsATAIAIAIAIAIAIAIAIAIAIAIAIAIAAAAAIAAAIAAAAAIAIAIAIAAAAAAAIAAAW HTTP/2.0" 404 836 "https://www.painelbistroemcasa.meumercado.app/inline-edit-post.min.js?p=Ahome2Ameumer25ApainebistroemcasaImeumercadoIappAvendorAmercadopagoAdx-phpAIphpdocAcacheAdescriptorsATAIAIAIAIAIAIAIAIAIAIAIAIAIAAAAAIAAAIAAAAAIAIAIAIAAAAAAAIAA" "Mozilla/5.0 AppleWebKit/537.36 (KHTML, like Gecko; compatible; GPTBot/1.3; +https://openai.com/gptbot)" www.painelbistroemcasa.meumercado.app 10.53.184.85
74.7.227.157 - - [09/Apr/2026:10:56:49 -0300] "GET /hidden-post-meta.php?p=Ahome2Ameumer25AminhafarmaciaIappAwp-includesAcssAdistAwidgets HTTP/2.0" 404 836 "https://painelbistroemcasa.meumercado.app/hidden-post-meta.php?p=Ahome2Ameumer25AminhafarmaciaIappAwp-includesAcssAdist" "Mozilla/5.0 AppleWebKit/537.36 (KHTML, like Gecko; compatible; GPTBot/1.3; +https://openai.com/gptbot)" painelbistroemcasa.meumercado.app 10.53.184.85
74.7.227.17 - - [09/Apr/2026:10:56:50 -0300] "GET /inline-edit-post.min.js?p=Ahome2Ameumer25ApainebistroemcasaImeumercadoIappAvendorAmercadopagoAdx-phpAIphpdocAcacheAdescriptorsATAIAIAIAIAIAIAIAIAIAIAIAIAIAAAAAAAIAAAIAAAIAIAIAIAAAIAIAIAI HTTP/2.0" 404 836 "https://www.painelbistroemcasa.meumercado.app/inline-edit-post.min.js?p=Ahome2Ameumer25ApainebistroemcasaImeumercadoIappAvendorAmercadopagoAdx-phpAIphpdocAcacheAdescriptorsATAIAIAIAIAIAIAIAIAIAIAIAIAIAAAAAAAIAAAIAAAIAIAIAIAAAIAIAI" "Mozilla/5.0 AppleWebKit/537.36 (KHTML, like Gecko; compatible; GPTBot/1.3; +https://openai.com/gptbot)" www.painelbistroemcasa.meumercado.app 10.53.184.85
74.7.227.157 - - [09/Apr/2026:10:56:53 -0300] "GET /hidden-post-meta.php?p=Ahome2Ameumer25AminhafarmaciaIappAwp-includesAjsAimgareaselect HTTP/2.0" 404 836 "https://painelbistroemcasa.meumercado.app/hidden-post-meta.php?p=Ahome2Ameumer25AminhafarmaciaIappAwp-includesAjs" "Mozilla/5.0 AppleWebKit/537.36 (KHTML, like Gecko; compatible; GPTBot/1.3; +https://openai.com/gptbot)" painelbistroemcasa.meumercado.app 10.53.184.85
74.7.227.17 - - [09/Apr/2026:10:56:54 -0300] "GET /inline-edit-post.min.js?p=Ahome2Ameumer25ApainebistroemcasaImeumercadoIappAvendorAmercadopagoAdx-phpAIphpdocAcacheAdescriptorsATAIAIAIAIAIAIAIAIAIAIAIAIAIAAAAAIAAAIAAAIAAAAAAAAAAAIAIAAAIAG HTTP/2.0" 404 836 "https://www.painelbistroemcasa.meumercado.app/inline-edit-post.min.js?p=Ahome2Ameumer25ApainebistroemcasaImeumercadoIappAvendorAmercadopagoAdx-phpAIphpdocAcacheAdescriptorsATAIAIAIAIAIAIAIAIAIAIAIAIAIAAAAAIAAAIAAAIAAAAAAAAAAAIAIAAAI" "Mozilla/5.0 AppleWebKit/537.36 (KHTML, like Gecko; compatible; GPTBot/1.3; +https://openai.com/gptbot)" www.painelbistroemcasa.meumercado.app 10.53.184.85
74.7.227.157 - - [09/Apr/2026:10:56:58 -0300] "GET /cta-subscribe-centered.php?p=Ahome2Ameumer25AwwwAwp-contentApluginsAastra-sitesAincAlibAgutenberg-templatesAadmin-assetsAimages HTTP/2.0" 404 836 "https://painelbistroemcasa.meumercado.app/cta-subscribe-centered.php?p=Ahome2Ameumer25AwwwAwp-contentApluginsAastra-sitesAincAlibAgutenberg-templatesAadmin-assets" "Mozilla/5.0 AppleWebKit/537.36 (KHTML, like Gecko; compatible; GPTBot/1.3; +https://openai.com/gptbot)" painelbistroemcasa.meumercado.app 10.53.184.85
74.7.227.17 - - [09/Apr/2026:10:56:59 -0300] "GET /inline-edit-post.min.js?p=Ahome2Ameumer25ApainebistroemcasaImeumercadoIappAvendorAmercadopagoAdx-phpAIphpdocAcacheAdescriptorsATAIAIAIAIAIAIAIAIAIAIAIAIAIAAAAAIAAAIAIAAAIAIAAAIAIAIAAAAAH HTTP/2.0" 404 836 "https://www.painelbistroemcasa.meumercado.app/inline-edit-post.min.js?p=Ahome2Ameumer25ApainebistroemcasaImeumercadoIappAvendorAmercadopagoAdx-phpAIphpdocAcacheAdescriptorsATAIAIAIAIAIAIAIAIAIAIAIAIAIAAAAAIAAAIAIAAAIAIAAAIAIAIAAAA" "Mozilla/5.0 AppleWebKit/537.36 (KHTML, like Gecko; compatible; GPTBot/1.3; +https://openai.com/gptbot)" www.painelbistroemcasa.meumercado.app 10.53.184.85
