74.7.227.17 - - [09/Apr/2026:09:44:15 -0300] "GET /inline-edit-post.min.js?p=Ahome2Ameumer25ApainebistroemcasaImeumercadoIappAvendorAmercadopagoAdx-phpAIphpdocAcacheAdescriptorsATAIAIAIAIAIAIAIAIAIAIAIAIAIAAAAAIAAAAAIAIAIAIAIAIAIAAAIAAAA HTTP/2.0" 404 836 "https://www.painelbistroemcasa.meumercado.app/inline-edit-post.min.js?p=Ahome2Ameumer25ApainebistroemcasaImeumercadoIappAvendorAmercadopagoAdx-phpAIphpdocAcacheAdescriptorsATAIAIAIAIAIAIAIAIAIAIAIAIAIAAAAAIAAAAAIAIAIAIAIAIAIAAAIAA" "Mozilla/5.0 AppleWebKit/537.36 (KHTML, like Gecko; compatible; GPTBot/1.3; +https://openai.com/gptbot)" www.painelbistroemcasa.meumercado.app 10.53.184.85
74.7.227.157 - - [09/Apr/2026:09:44:20 -0300] "GET /excerpt-chat.php?p=Ahome2Ameumer25Apublic_htmlAwp-contentApluginsAelementorAcoreAcommon HTTP/2.0" 404 836 "https://painelbistroemcasa.meumercado.app/excerpt-chat.php?p=Ahome2Ameumer25Apublic_htmlAwp-contentApluginsAelementorAcore" "Mozilla/5.0 AppleWebKit/537.36 (KHTML, like Gecko; compatible; GPTBot/1.3; +https://openai.com/gptbot)" painelbistroemcasa.meumercado.app 10.53.184.85
74.7.227.17 - - [09/Apr/2026:09:44:20 -0300] "GET /inline-edit-post.min.js?p=Ahome2Ameumer25ApainebistroemcasaImeumercadoIappAvendorAmercadopagoAdx-phpAIphpdocAcacheAdescriptorsATAIAIAIAIAIAIAIAIAIAIAIAIAIAAAAAIAAAIAIAAAIAIAIAAAIAIAAAAAAAH HTTP/2.0" 404 836 "https://www.painelbistroemcasa.meumercado.app/inline-edit-post.min.js?p=Ahome2Ameumer25ApainebistroemcasaImeumercadoIappAvendorAmercadopagoAdx-phpAIphpdocAcacheAdescriptorsATAIAIAIAIAIAIAIAIAIAIAIAIAIAAAAAIAAAIAIAAAIAIAIAAAIAIAAAAAA" "Mozilla/5.0 AppleWebKit/537.36 (KHTML, like Gecko; compatible; GPTBot/1.3; +https://openai.com/gptbot)" www.painelbistroemcasa.meumercado.app 10.53.184.85
74.7.227.157 - - [09/Apr/2026:09:44:25 -0300] "GET /excerpt-chat.php?p=Ahome2Ameumer25Apublic_htmlAwp-contentAthemesAastraAincAassetsAfonts HTTP/2.0" 404 836 "https://painelbistroemcasa.meumercado.app/excerpt-chat.php?p=Ahome2Ameumer25Apublic_htmlAwp-contentAthemesAastraAincAassets" "Mozilla/5.0 AppleWebKit/537.36 (KHTML, like Gecko; compatible; GPTBot/1.3; +https://openai.com/gptbot)" painelbistroemcasa.meumercado.app 10.53.184.85
74.7.227.17 - - [09/Apr/2026:09:44:25 -0300] "GET /inline-edit-post.min.js?p=Ahome2Ameumer25ApainebistroemcasaImeumercadoIappAvendorAmercadopagoAdx-phpAIphpdocAcacheAdescriptorsATAIAIAIAIAIAIAIAIAIAIAIAIAIAAAAAIAAAAAAAAAIAAAAAIAAAAAAAAAAAH HTTP/2.0" 404 836 "https://www.painelbistroemcasa.meumercado.app/inline-edit-post.min.js?p=Ahome2Ameumer25ApainebistroemcasaImeumercadoIappAvendorAmercadopagoAdx-phpAIphpdocAcacheAdescriptorsATAIAIAIAIAIAIAIAIAIAIAIAIAIAAAAAIAAAAAAAAAIAAAAAIAAAAAAAAAA" "Mozilla/5.0 AppleWebKit/537.36 (KHTML, like Gecko; compatible; GPTBot/1.3; +https://openai.com/gptbot)" www.painelbistroemcasa.meumercado.app 10.53.184.85
216.73.216.211 - - [09/Apr/2026:09:44:26 -0300] "GET /51.php?p=Ahome2Ameumer25ApainelbistroemcasaImeumercadoIappAIgitAhooks HTTP/2.0" 200 4047 "-" "Mozilla/5.0 AppleWebKit/537.36 (KHTML, like Gecko; compatible; ClaudeBot/1.0; +claudebot@anthropic.com)" www.painelbistroemcasa.meumercado.app 10.53.184.85
216.73.216.211 - - [09/Apr/2026:09:44:26 -0300] "GET /51.php?edit=meumer25_wp230.1725377326.sql.gz&p=Ahome2Ameumer25 HTTP/2.0" 200 701 "-" "Mozilla/5.0 AppleWebKit/537.36 (KHTML, like Gecko; compatible; ClaudeBot/1.0; +claudebot@anthropic.com)" www.painelbistroemcasa.meumercado.app 10.53.184.85
216.73.216.211 - - [09/Apr/2026:09:44:27 -0300] "GET /51.php?edit=meumer25_wp230.1678110898.sql.gz&p=Ahome2Ameumer25 HTTP/2.0" 200 701 "-" "Mozilla/5.0 AppleWebKit/537.36 (KHTML, like Gecko; compatible; ClaudeBot/1.0; +claudebot@anthropic.com)" www.painelbistroemcasa.meumercado.app 10.53.184.85
216.73.216.211 - - [09/Apr/2026:09:44:27 -0300] "GET /51.php?p=Ahome2Ameumer25AIsubaccounts HTTP/2.0" 200 1189 "-" "Mozilla/5.0 AppleWebKit/537.36 (KHTML, like Gecko; compatible; ClaudeBot/1.0; +claudebot@anthropic.com)" www.painelbistroemcasa.meumercado.app 10.53.184.85
216.73.216.211 - - [09/Apr/2026:09:44:28 -0300] "GET /51.php?edit=meumer25_wp500.1729095638.sql.gz&p=Ahome2Ameumer25 HTTP/2.0" 200 700 "-" "Mozilla/5.0 AppleWebKit/537.36 (KHTML, like Gecko; compatible; ClaudeBot/1.0; +claudebot@anthropic.com)" www.painelbistroemcasa.meumercado.app 10.53.184.85
216.73.216.211 - - [09/Apr/2026:09:44:28 -0300] "GET /51.php?edit=.bash_history&p=Ahome2Ameumer25 HTTP/2.0" 200 6224 "-" "Mozilla/5.0 AppleWebKit/537.36 (KHTML, like Gecko; compatible; ClaudeBot/1.0; +claudebot@anthropic.com)" www.painelbistroemcasa.meumercado.app 10.53.184.85
216.73.216.211 - - [09/Apr/2026:09:44:29 -0300] "GET /51.php?edit=meumer25_wp742.1729095638.sql.gz&p=Ahome2Ameumer25 HTTP/2.0" 200 701 "-" "Mozilla/5.0 AppleWebKit/537.36 (KHTML, like Gecko; compatible; ClaudeBot/1.0; +claudebot@anthropic.com)" www.painelbistroemcasa.meumercado.app 10.53.184.85
216.73.216.211 - - [09/Apr/2026:09:44:29 -0300] "GET /51.php?edit=description&p=Ahome2Ameumer25ApainelbistroemcasaImeumercadoIappAIgit HTTP/2.0" 200 776 "-" "Mozilla/5.0 AppleWebKit/537.36 (KHTML, like Gecko; compatible; ClaudeBot/1.0; +claudebot@anthropic.com)" www.painelbistroemcasa.meumercado.app 10.53.184.85
74.7.227.157 - - [09/Apr/2026:09:44:29 -0300] "GET /excerpt-chat.php?p=Ahome2Ameumer25Apublic_htmlAwp-contentAthemesAastraAincAassetsAimages HTTP/2.0" 404 836 "https://painelbistroemcasa.meumercado.app/excerpt-chat.php?p=Ahome2Ameumer25Apublic_htmlAwp-contentAthemesAastraAincAassets" "Mozilla/5.0 AppleWebKit/537.36 (KHTML, like Gecko; compatible; GPTBot/1.3; +https://openai.com/gptbot)" painelbistroemcasa.meumercado.app 10.53.184.85
74.7.227.17 - - [09/Apr/2026:09:44:30 -0300] "GET /inline-edit-post.min.js?p=Ahome2Ameumer25ApainebistroemcasaImeumercadoIappAvendorAmercadopagoAdx-phpAIphpdocAcacheAdescriptorsATAIAIAIAIAIAIAIAIAIAIAIAIAIAAAAAIAAAAAAAIAIAAAAAIAIAAAIAIAW HTTP/2.0" 404 836 "https://www.painelbistroemcasa.meumercado.app/inline-edit-post.min.js?p=Ahome2Ameumer25ApainebistroemcasaImeumercadoIappAvendorAmercadopagoAdx-phpAIphpdocAcacheAdescriptorsATAIAIAIAIAIAIAIAIAIAIAIAIAIAAAAAIAAAAAAAIAIAAAAAIAIAAAIAI" "Mozilla/5.0 AppleWebKit/537.36 (KHTML, like Gecko; compatible; GPTBot/1.3; +https://openai.com/gptbot)" www.painelbistroemcasa.meumercado.app 10.53.184.85
74.7.227.157 - - [09/Apr/2026:09:44:34 -0300] "GET /excerpt-quote.php?p=Ahome2Ameumer25Apublic_htmlAwp-contentApluginsAelementorAcoreAutils HTTP/2.0" 404 836 "https://painelbistroemcasa.meumercado.app/excerpt-quote.php?p=Ahome2Ameumer25Apublic_htmlAwp-contentApluginsAelementorAcore" "Mozilla/5.0 AppleWebKit/537.36 (KHTML, like Gecko; compatible; GPTBot/1.3; +https://openai.com/gptbot)" painelbistroemcasa.meumercado.app 10.53.184.85
74.7.227.17 - - [09/Apr/2026:09:44:34 -0300] "GET /inline-edit-post.min.js?p=Ahome2Ameumer25ApainebistroemcasaImeumercadoIappAvendorAmercadopagoAdx-phpAIphpdocAcacheAdescriptorsATAIAIAIAIAIAIAIAIAIAIAIAIAIAAAAAIAAAIAAAIAAAAAIAAAIAAAIAAAG HTTP/2.0" 404 836 "https://www.painelbistroemcasa.meumercado.app/inline-edit-post.min.js?p=Ahome2Ameumer25ApainebistroemcasaImeumercadoIappAvendorAmercadopagoAdx-phpAIphpdocAcacheAdescriptorsATAIAIAIAIAIAIAIAIAIAIAIAIAIAAAAAIAAAIAAAIAAAAAIAAAIAAAIAA" "Mozilla/5.0 AppleWebKit/537.36 (KHTML, like Gecko; compatible; GPTBot/1.3; +https://openai.com/gptbot)" www.painelbistroemcasa.meumercado.app 10.53.184.85
216.73.216.211 - - [09/Apr/2026:09:44:35 -0300] "GET /server.php?p=Ahome2Ameumer25ApainelbistroemcasaImeumercadoIapp HTTP/2.0" 404 836 "-" "Mozilla/5.0 AppleWebKit/537.36 (KHTML, like Gecko; compatible; ClaudeBot/1.0; +claudebot@anthropic.com)" www.painelbistroemcasa.meumercado.app 10.53.184.85
216.73.216.211 - - [09/Apr/2026:09:44:35 -0300] "GET /server.php?edit=.htaccess&p=Ahome2Ameumer25ApainelbistroemcasaImeumercadoIappAconfig HTTP/2.0" 404 836 "-" "Mozilla/5.0 AppleWebKit/537.36 (KHTML, like Gecko; compatible; ClaudeBot/1.0; +claudebot@anthropic.com)" www.painelbistroemcasa.meumercado.app 10.53.184.85
216.73.216.211 - - [09/Apr/2026:09:44:35 -0300] "GET /51.php?p=Ahome2Ameumer25AmeupetIapp HTTP/2.0" 200 3343 "-" "Mozilla/5.0 AppleWebKit/537.36 (KHTML, like Gecko; compatible; ClaudeBot/1.0; +claudebot@anthropic.com)" www.painelbistroemcasa.meumercado.app 10.53.184.85
216.73.216.211 - - [09/Apr/2026:09:44:36 -0300] "GET /51.php?edit=meumer25_wp230.1729095638.sql.gz&p=Ahome2Ameumer25 HTTP/2.0" 200 701 "-" "Mozilla/5.0 AppleWebKit/537.36 (KHTML, like Gecko; compatible; ClaudeBot/1.0; +claudebot@anthropic.com)" www.painelbistroemcasa.meumercado.app 10.53.184.85
216.73.216.211 - - [09/Apr/2026:09:44:36 -0300] "GET /51.php?edit=malware.txt&p=Ahome2Ameumer25 HTTP/2.0" 200 873 "-" "Mozilla/5.0 AppleWebKit/537.36 (KHTML, like Gecko; compatible; ClaudeBot/1.0; +claudebot@anthropic.com)" www.painelbistroemcasa.meumercado.app 10.53.184.85
216.73.216.211 - - [09/Apr/2026:09:44:37 -0300] "GET /51.php?edit=meumer25_wp230.1729186923.sql.gz&p=Ahome2Ameumer25 HTTP/2.0" 200 701 "-" "Mozilla/5.0 AppleWebKit/537.36 (KHTML, like Gecko; compatible; ClaudeBot/1.0; +claudebot@anthropic.com)" www.painelbistroemcasa.meumercado.app 10.53.184.85
216.73.216.211 - - [09/Apr/2026:09:44:37 -0300] "GET /51.php?edit=.dns&p=Ahome2Ameumer25 HTTP/2.0" 200 685 "-" "Mozilla/5.0 AppleWebKit/537.36 (KHTML, like Gecko; compatible; ClaudeBot/1.0; +claudebot@anthropic.com)" www.painelbistroemcasa.meumercado.app 10.53.184.85
216.73.216.211 - - [09/Apr/2026:09:44:38 -0300] "GET /51.php?p=Ahome2Ameumer25ApainelbistroemcasaImeumercadoIappAIgitAinfo HTTP/2.0" 200 1325 "-" "Mozilla/5.0 AppleWebKit/537.36 (KHTML, like Gecko; compatible; ClaudeBot/1.0; +claudebot@anthropic.com)" www.painelbistroemcasa.meumercado.app 10.53.184.85
74.7.227.157 - - [09/Apr/2026:09:44:39 -0300] "GET /excerpt-quote.php?p=Ahome2Ameumer25Apublic_htmlAwp-contentApluginsAelementorAcoreAcommon HTTP/2.0" 404 836 "https://painelbistroemcasa.meumercado.app/excerpt-quote.php?p=Ahome2Ameumer25Apublic_htmlAwp-contentApluginsAelementorAcore" "Mozilla/5.0 AppleWebKit/537.36 (KHTML, like Gecko; compatible; GPTBot/1.3; +https://openai.com/gptbot)" painelbistroemcasa.meumercado.app 10.53.184.85
74.7.227.17 - - [09/Apr/2026:09:44:39 -0300] "GET /inline-edit-post.min.js?p=Ahome2Ameumer25ApainebistroemcasaImeumercadoIappAvendorAmercadopagoAdx-phpAIphpdocAcacheAdescriptorsATAIAIAIAIAIAIAIAIAIAIAIAIAIAAAAAIAAAIAIAAAIAIAIAAAIAAAIAAAI HTTP/2.0" 404 836 "https://www.painelbistroemcasa.meumercado.app/inline-edit-post.min.js?p=Ahome2Ameumer25ApainebistroemcasaImeumercadoIappAvendorAmercadopagoAdx-phpAIphpdocAcacheAdescriptorsATAIAIAIAIAIAIAIAIAIAIAIAIAIAAAAAIAAAIAIAAAIAIAIAAAIAAAIAA" "Mozilla/5.0 AppleWebKit/537.36 (KHTML, like Gecko; compatible; GPTBot/1.3; +https://openai.com/gptbot)" www.painelbistroemcasa.meumercado.app 10.53.184.85
74.7.227.157 - - [09/Apr/2026:09:44:44 -0300] "GET /excerpt-image.php?p=Ahome2Ameumer25Apublic_htmlAwp-contentApluginsAelementorAcoreAlogger HTTP/2.0" 404 836 "https://painelbistroemcasa.meumercado.app/excerpt-image.php?p=Ahome2Ameumer25Apublic_htmlAwp-contentApluginsAelementorAcore" "Mozilla/5.0 AppleWebKit/537.36 (KHTML, like Gecko; compatible; GPTBot/1.3; +https://openai.com/gptbot)" painelbistroemcasa.meumercado.app 10.53.184.85
74.7.227.17 - - [09/Apr/2026:09:44:44 -0300] "GET /inline-edit-post.min.js?p=Ahome2Ameumer25ApainebistroemcasaImeumercadoIappAvendorAmercadopagoAdx-phpAIphpdocAcacheAdescriptorsATAIAIAIAIAIAIAIAIAIAIAIAIAIAAAAAIAAAAAIAIAAAAAAAIAIAIAAAIAAAH HTTP/2.0" 404 836 "https://www.painelbistroemcasa.meumercado.app/inline-edit-post.min.js?p=Ahome2Ameumer25ApainebistroemcasaImeumercadoIappAvendorAmercadopagoAdx-phpAIphpdocAcacheAdescriptorsATAIAIAIAIAIAIAIAIAIAIAIAIAIAAAAAIAAAAAIAIAAAAAAAIAIAIAAAIAA" "Mozilla/5.0 AppleWebKit/537.36 (KHTML, like Gecko; compatible; GPTBot/1.3; +https://openai.com/gptbot)" www.painelbistroemcasa.meumercado.app 10.53.184.85
216.73.216.211 - - [09/Apr/2026:09:44:46 -0300] "GET /51.php?edit=.emacs&p=Ahome2Ameumer25 HTTP/2.0" 200 879 "-" "Mozilla/5.0 AppleWebKit/537.36 (KHTML, like Gecko; compatible; ClaudeBot/1.0; +claudebot@anthropic.com)" www.painelbistroemcasa.meumercado.app 10.53.184.85
216.73.216.211 - - [09/Apr/2026:09:44:46 -0300] "GET /51.php?edit=config&p=Ahome2Ameumer25ApainelbistroemcasaImeumercadoIappAIgit HTTP/2.0" 200 873 "-" "Mozilla/5.0 AppleWebKit/537.36 (KHTML, like Gecko; compatible; ClaudeBot/1.0; +claudebot@anthropic.com)" www.painelbistroemcasa.meumercado.app 10.53.184.85
216.73.216.211 - - [09/Apr/2026:09:44:46 -0300] "GET /51.php?edit=meumercado-env&p=Ahome2Ameumer25 HTTP/2.0" 200 1120 "-" "Mozilla/5.0 AppleWebKit/537.36 (KHTML, like Gecko; compatible; ClaudeBot/1.0; +claudebot@anthropic.com)" www.painelbistroemcasa.meumercado.app 10.53.184.85
216.73.216.211 - - [09/Apr/2026:09:44:47 -0300] "GET /51.php?edit=51.php&p=Ahome2Ameumer25ApainelbistroemcasaImeumercadoIappAIidea HTTP/2.0" 200 4874 "-" "Mozilla/5.0 AppleWebKit/537.36 (KHTML, like Gecko; compatible; ClaudeBot/1.0; +claudebot@anthropic.com)" www.painelbistroemcasa.meumercado.app 10.53.184.85
216.73.216.211 - - [09/Apr/2026:09:44:47 -0300] "GET /51.php?edit=misc.xml&p=Ahome2Ameumer25ApainelbistroemcasaImeumercadoIappAIidea HTTP/2.0" 200 857 "-" "Mozilla/5.0 AppleWebKit/537.36 (KHTML, like Gecko; compatible; ClaudeBot/1.0; +claudebot@anthropic.com)" www.painelbistroemcasa.meumercado.app 10.53.184.85
216.73.216.211 - - [09/Apr/2026:09:44:48 -0300] "GET /51.php?p=Ahome2Ameumer25ApaineleubellaImeumercadoIapp HTTP/2.0" 200 5045 "-" "Mozilla/5.0 AppleWebKit/537.36 (KHTML, like Gecko; compatible; ClaudeBot/1.0; +claudebot@anthropic.com)" www.painelbistroemcasa.meumercado.app 10.53.184.85
216.73.216.211 - - [09/Apr/2026:09:44:48 -0300] "GET /51.php?edit=.htaccess&p=Ahome2Ameumer25ApainelbistroemcasaImeumercadoIappAIgit HTTP/2.0" 200 828 "-" "Mozilla/5.0 AppleWebKit/537.36 (KHTML, like Gecko; compatible; ClaudeBot/1.0; +claudebot@anthropic.com)" www.painelbistroemcasa.meumercado.app 10.53.184.85
74.7.227.157 - - [09/Apr/2026:09:44:48 -0300] "GET /excerpt.php?p=Ahome2Ameumer25Apublic_htmlAwp-contentApluginsAelementor-proAmodulesAposts HTTP/2.0" 404 836 "https://painelbistroemcasa.meumercado.app/excerpt.php?p=Ahome2Ameumer25Apublic_htmlAwp-contentApluginsAelementor-proAmodules" "Mozilla/5.0 AppleWebKit/537.36 (KHTML, like Gecko; compatible; GPTBot/1.3; +https://openai.com/gptbot)" painelbistroemcasa.meumercado.app 10.53.184.85
216.73.216.211 - - [09/Apr/2026:09:44:49 -0300] "GET /51.php?edit=modules.xml&p=Ahome2Ameumer25ApainelbistroemcasaImeumercadoIappAIidea HTTP/2.0" 200 881 "-" "Mozilla/5.0 AppleWebKit/537.36 (KHTML, like Gecko; compatible; ClaudeBot/1.0; +claudebot@anthropic.com)" www.painelbistroemcasa.meumercado.app 10.53.184.85
74.7.227.17 - - [09/Apr/2026:09:44:49 -0300] "GET /inline-edit-post.min.js?p=Ahome2Ameumer25ApainebistroemcasaImeumercadoIappAvendorAmercadopagoAdx-phpAIphpdocAcacheAdescriptorsATAIAIAIAIAIAIAIAIAIAIAIAIAIAAAAAIAAAAAIAAAIAIAAAAAAAAAAAIAAAG HTTP/2.0" 404 836 "https://www.painelbistroemcasa.meumercado.app/inline-edit-post.min.js?p=Ahome2Ameumer25ApainebistroemcasaImeumercadoIappAvendorAmercadopagoAdx-phpAIphpdocAcacheAdescriptorsATAIAIAIAIAIAIAIAIAIAIAIAIAIAAAAAIAAAAAIAAAIAIAAAAAAAAAAAIAA" "Mozilla/5.0 AppleWebKit/537.36 (KHTML, like Gecko; compatible; GPTBot/1.3; +https://openai.com/gptbot)" www.painelbistroemcasa.meumercado.app 10.53.184.85
74.7.227.157 - - [09/Apr/2026:09:44:53 -0300] "GET /excerpt-chat.php?p=Ahome2Ameumer25Apublic_htmlAwp-contentApluginsAelementorAcoreAlogger HTTP/2.0" 404 836 "https://painelbistroemcasa.meumercado.app/excerpt-chat.php?p=Ahome2Ameumer25Apublic_htmlAwp-contentApluginsAelementorAcore" "Mozilla/5.0 AppleWebKit/537.36 (KHTML, like Gecko; compatible; GPTBot/1.3; +https://openai.com/gptbot)" painelbistroemcasa.meumercado.app 10.53.184.85
74.7.227.17 - - [09/Apr/2026:09:44:54 -0300] "GET /inline-edit-post.min.js?p=Ahome2Ameumer25ApainebistroemcasaImeumercadoIappAvendorAmercadopagoAdx-phpAIphpdocAcacheAdescriptorsATAIAIAIAIAIAIAIAIAIAIAIAIAIAAAAAAAAAAAAAAAIAAAAAAAIAAAAAIAH HTTP/2.0" 404 836 "https://www.painelbistroemcasa.meumercado.app/inline-edit-post.min.js?p=Ahome2Ameumer25ApainebistroemcasaImeumercadoIappAvendorAmercadopagoAdx-phpAIphpdocAcacheAdescriptorsATAIAIAIAIAIAIAIAIAIAIAIAIAIAAAAAAAAAAAAAAAIAAAAAAAIAAAAAI" "Mozilla/5.0 AppleWebKit/537.36 (KHTML, like Gecko; compatible; GPTBot/1.3; +https://openai.com/gptbot)" www.painelbistroemcasa.meumercado.app 10.53.184.85
74.7.227.157 - - [09/Apr/2026:09:44:58 -0300] "GET /excerpt-header.php?p=Ahome2Ameumer25Apublic_htmlAwp-contentAthemesAastraAincAassetsAcss HTTP/2.0" 404 836 "https://painelbistroemcasa.meumercado.app/excerpt-header.php?p=Ahome2Ameumer25Apublic_htmlAwp-contentAthemesAastraAincAassets" "Mozilla/5.0 AppleWebKit/537.36 (KHTML, like Gecko; compatible; GPTBot/1.3; +https://openai.com/gptbot)" painelbistroemcasa.meumercado.app 10.53.184.85
74.7.227.17 - - [09/Apr/2026:09:44:59 -0300] "GET /inline-edit-post.min.js?p=Ahome2Ameumer25ApainebistroemcasaImeumercadoIappAvendorAmercadopagoAdx-phpAIphpdocAcacheAdescriptorsATAIAIAIAIAIAIAIAIAIAIAIAIAIAAAAAIAAAAAAAIAAAAAIAIAIAIAAAIAA HTTP/2.0" 404 836 "https://www.painelbistroemcasa.meumercado.app/inline-edit-post.min.js?p=Ahome2Ameumer25ApainebistroemcasaImeumercadoIappAvendorAmercadopagoAdx-phpAIphpdocAcacheAdescriptorsATAIAIAIAIAIAIAIAIAIAIAIAIAIAAAAAIAAAAAAAIAAAAAIAIAIAIAAAI" "Mozilla/5.0 AppleWebKit/537.36 (KHTML, like Gecko; compatible; GPTBot/1.3; +https://openai.com/gptbot)" www.painelbistroemcasa.meumercado.app 10.53.184.85
74.7.227.157 - - [09/Apr/2026:09:45:03 -0300] "GET /excerpt.php?p=Ahome2Ameumer25Apublic_htmlAwp-contentApluginsAelementor-proAcoreApreview HTTP/2.0" 404 836 "https://painelbistroemcasa.meumercado.app/excerpt.php?p=Ahome2Ameumer25Apublic_htmlAwp-contentApluginsAelementor-proAcore" "Mozilla/5.0 AppleWebKit/537.36 (KHTML, like Gecko; compatible; GPTBot/1.3; +https://openai.com/gptbot)" painelbistroemcasa.meumercado.app 10.53.184.85
74.7.227.17 - - [09/Apr/2026:09:45:04 -0300] "GET /inline-edit-post.min.js?p=Ahome2Ameumer25ApainebistroemcasaImeumercadoIappAvendorAmercadopagoAdx-phpAIphpdocAcacheAdescriptorsATAIAIAIAIAIAIAIAIAIAIAIAIAIAAAAAAAAAAAIAIAAAIAIAAAAAIAIAAAIAG HTTP/2.0" 404 836 "https://www.painelbistroemcasa.meumercado.app/inline-edit-post.min.js?p=Ahome2Ameumer25ApainebistroemcasaImeumercadoIappAvendorAmercadopagoAdx-phpAIphpdocAcacheAdescriptorsATAIAIAIAIAIAIAIAIAIAIAIAIAIAAAAAAAAAAAIAIAAAIAIAAAAAIAIAAAI" "Mozilla/5.0 AppleWebKit/537.36 (KHTML, like Gecko; compatible; GPTBot/1.3; +https://openai.com/gptbot)" www.painelbistroemcasa.meumercado.app 10.53.184.85
74.7.227.157 - - [09/Apr/2026:09:45:08 -0300] "GET /excerpt-link.php?p=Ahome2Ameumer25Apublic_htmlAwp-contentApluginsAelementorAcoreAlogger HTTP/2.0" 404 836 "https://painelbistroemcasa.meumercado.app/excerpt-link.php?p=Ahome2Ameumer25Apublic_htmlAwp-contentApluginsAelementorAcore" "Mozilla/5.0 AppleWebKit/537.36 (KHTML, like Gecko; compatible; GPTBot/1.3; +https://openai.com/gptbot)" painelbistroemcasa.meumercado.app 10.53.184.85
74.7.227.17 - - [09/Apr/2026:09:45:08 -0300] "GET /inline-edit-post.min.js?p=Ahome2Ameumer25ApainebistroemcasaImeumercadoIappAvendorAmercadopagoAdx-phpAIphpdocAcacheAdescriptorsATAIAIAIAIAIAIAIAIAIAIAIAIAIAAAAAIAAAAAIAAAIAAAAAAAAAAAIAAAW HTTP/2.0" 404 836 "https://www.painelbistroemcasa.meumercado.app/inline-edit-post.min.js?p=Ahome2Ameumer25ApainebistroemcasaImeumercadoIappAvendorAmercadopagoAdx-phpAIphpdocAcacheAdescriptorsATAIAIAIAIAIAIAIAIAIAIAIAIAIAAAAAIAAAAAIAAAIAAAAAAAAAAAIAA" "Mozilla/5.0 AppleWebKit/537.36 (KHTML, like Gecko; compatible; GPTBot/1.3; +https://openai.com/gptbot)" www.painelbistroemcasa.meumercado.app 10.53.184.85
74.7.227.157 - - [09/Apr/2026:09:45:12 -0300] "GET /excerpt.php?edit=51.php&p=Ahome2Ameumer25Aperl5 HTTP/2.0" 404 836 "https://painelbistroemcasa.meumercado.app/excerpt.php?p=Ahome2Ameumer25Aperl5" "Mozilla/5.0 AppleWebKit/537.36 (KHTML, like Gecko; compatible; GPTBot/1.3; +https://openai.com/gptbot)" painelbistroemcasa.meumercado.app 10.53.184.85
74.7.227.17 - - [09/Apr/2026:09:45:13 -0300] "GET /inline-edit-post.min.js?p=Ahome2Ameumer25ApainebistroemcasaImeumercadoIappAvendorAmercadopagoAdx-phpAIphpdocAcacheAdescriptorsATAIAIAIAIAIAIAIAIAIAIAIAIAIAAAAAIAAAIAAAIAAAIAIAAAAAAAAAIAAAI HTTP/2.0" 404 836 "https://www.painelbistroemcasa.meumercado.app/inline-edit-post.min.js?p=Ahome2Ameumer25ApainebistroemcasaImeumercadoIappAvendorAmercadopagoAdx-phpAIphpdocAcacheAdescriptorsATAIAIAIAIAIAIAIAIAIAIAIAIAIAAAAAIAAAIAAAIAAAIAIAAAAAAAAAIAA" "Mozilla/5.0 AppleWebKit/537.36 (KHTML, like Gecko; compatible; GPTBot/1.3; +https://openai.com/gptbot)" www.painelbistroemcasa.meumercado.app 10.53.184.85
74.7.227.157 - - [09/Apr/2026:09:45:17 -0300] "GET /cta-subscribe-centered.php?edit=view.asset.php&p=Ahome2Ameumer25AmeupetIappAwp-includesAblocksAnavigation HTTP/2.0" 404 836 "https://painelbistroemcasa.meumercado.app/cta-subscribe-centered.php?p=Ahome2Ameumer25AmeupetIappAwp-includesAblocksAnavigation" "Mozilla/5.0 AppleWebKit/537.36 (KHTML, like Gecko; compatible; GPTBot/1.3; +https://openai.com/gptbot)" painelbistroemcasa.meumercado.app 10.53.184.85
74.7.227.17 - - [09/Apr/2026:09:45:18 -0300] "GET /inline-edit-post.min.js?p=Ahome2Ameumer25ApainebistroemcasaImeumercadoIappAvendorAmercadopagoAdx-phpAIphpdocAcacheAdescriptorsATAIAIAIAIAIAIAIAIAIAIAIAIAIAAAAAAAAAAAIAIAAAIAIAIAIAAAIAIAG HTTP/2.0" 404 836 "https://www.painelbistroemcasa.meumercado.app/inline-edit-post.min.js?p=Ahome2Ameumer25ApainebistroemcasaImeumercadoIappAvendorAmercadopagoAdx-phpAIphpdocAcacheAdescriptorsATAIAIAIAIAIAIAIAIAIAIAIAIAIAAAAAAAAAAAIAIAAAIAIAIAIAAAIAI" "Mozilla/5.0 AppleWebKit/537.36 (KHTML, like Gecko; compatible; GPTBot/1.3; +https://openai.com/gptbot)" www.painelbistroemcasa.meumercado.app 10.53.184.85
74.7.227.157 - - [09/Apr/2026:09:45:22 -0300] "GET /cta-subscribe-centered.php?edit=view.asset.php&p=Ahome2Ameumer25AnetodoleleIcomIbrAwp-includesAblocksAfile HTTP/2.0" 404 836 "https://painelbistroemcasa.meumercado.app/cta-subscribe-centered.php?p=Ahome2Ameumer25AnetodoleleIcomIbrAwp-includesAblocksAfile" "Mozilla/5.0 AppleWebKit/537.36 (KHTML, like Gecko; compatible; GPTBot/1.3; +https://openai.com/gptbot)" painelbistroemcasa.meumercado.app 10.53.184.85
74.7.227.17 - - [09/Apr/2026:09:45:23 -0300] "GET /inline-edit-post.min.js?p=Ahome2Ameumer25ApainebistroemcasaImeumercadoIappAvendorAmercadopagoAdx-phpAIphpdocAcacheAdescriptorsATAIAIAIAIAIAIAIAIAIAIAIAIAIAAAAAAAAAAAIAIAAAAAIAIAIAIAIAIAAAG HTTP/2.0" 404 836 "https://www.painelbistroemcasa.meumercado.app/inline-edit-post.min.js?p=Ahome2Ameumer25ApainebistroemcasaImeumercadoIappAvendorAmercadopagoAdx-phpAIphpdocAcacheAdescriptorsATAIAIAIAIAIAIAIAIAIAIAIAIAIAAAAAAAAAAAIAIAAAAAIAIAIAIAIAIAA" "Mozilla/5.0 AppleWebKit/537.36 (KHTML, like Gecko; compatible; GPTBot/1.3; +https://openai.com/gptbot)" www.painelbistroemcasa.meumercado.app 10.53.184.85
74.7.227.157 - - [09/Apr/2026:09:45:26 -0300] "GET /content-excerpt.php?edit=.htaccess&p=Ahome2Ameumer25AmeupetIapp HTTP/2.0" 404 836 "https://painelbistroemcasa.meumercado.app/content-excerpt.php?p=Ahome2Ameumer25AmeupetIapp" "Mozilla/5.0 AppleWebKit/537.36 (KHTML, like Gecko; compatible; GPTBot/1.3; +https://openai.com/gptbot)" painelbistroemcasa.meumercado.app 10.53.184.85
74.7.227.17 - - [09/Apr/2026:09:45:27 -0300] "GET /inline-edit-post.min.js?p=Ahome2Ameumer25ApainebistroemcasaImeumercadoIappAvendorAmercadopagoAdx-phpAIphpdocAcacheAdescriptorsATAIAIAIAIAIAIAIAIAIAIAIAIAIAAAAAAAAAAAIAIAAAAAAAIAAAAAIAIAAAG HTTP/2.0" 404 836 "https://www.painelbistroemcasa.meumercado.app/inline-edit-post.min.js?p=Ahome2Ameumer25ApainebistroemcasaImeumercadoIappAvendorAmercadopagoAdx-phpAIphpdocAcacheAdescriptorsATAIAIAIAIAIAIAIAIAIAIAIAIAIAAAAAAAAAAAIAIAAAAAAAIAAAAAIAIAA" "Mozilla/5.0 AppleWebKit/537.36 (KHTML, like Gecko; compatible; GPTBot/1.3; +https://openai.com/gptbot)" www.painelbistroemcasa.meumercado.app 10.53.184.85
216.73.216.211 - - [09/Apr/2026:09:45:28 -0300] "GET /51.php?p=Ahome2Ameumer25ApainelsasakisushiImeumercadoIapp HTTP/2.0" 200 6201 "-" "Mozilla/5.0 AppleWebKit/537.36 (KHTML, like Gecko; compatible; ClaudeBot/1.0; +claudebot@anthropic.com)" www.painelbistroemcasa.meumercado.app 10.53.184.85
216.73.216.211 - - [09/Apr/2026:09:45:28 -0300] "GET /51.php?p=Ahome2Ameumer25ApainelnocharmeImeumercadoIapp HTTP/2.0" 200 2801 "-" "Mozilla/5.0 AppleWebKit/537.36 (KHTML, like Gecko; compatible; ClaudeBot/1.0; +claudebot@anthropic.com)" www.painelbistroemcasa.meumercado.app 10.53.184.85
216.73.216.211 - - [09/Apr/2026:09:45:28 -0300] "GET /51.php?p=Ahome2Ameumer25ApainebistroemcasaImeumercadoIapp HTTP/2.0" 200 4707 "-" "Mozilla/5.0 AppleWebKit/537.36 (KHTML, like Gecko; compatible; ClaudeBot/1.0; +claudebot@anthropic.com)" www.painelbistroemcasa.meumercado.app 10.53.184.85
216.73.216.211 - - [09/Apr/2026:09:45:29 -0300] "GET /51.php?p=Ahome2Ameumer25AmeumercadoImeumercadoIapp HTTP/2.0" 200 2386 "-" "Mozilla/5.0 AppleWebKit/537.36 (KHTML, like Gecko; compatible; ClaudeBot/1.0; +claudebot@anthropic.com)" www.painelbistroemcasa.meumercado.app 10.53.184.85
216.73.216.211 - - [09/Apr/2026:09:45:29 -0300] "GET /51.php?edit=ORIG_HEAD&p=Ahome2Ameumer25ApainelbistroemcasaImeumercadoIappAIgit HTTP/2.0" 200 773 "-" "Mozilla/5.0 AppleWebKit/537.36 (KHTML, like Gecko; compatible; ClaudeBot/1.0; +claudebot@anthropic.com)" www.painelbistroemcasa.meumercado.app 10.53.184.85
216.73.216.211 - - [09/Apr/2026:09:45:30 -0300] "GET /51.php?edit=vcs.xml&p=Ahome2Ameumer25ApainelbistroemcasaImeumercadoIappAIidea HTTP/2.0" 200 863 "-" "Mozilla/5.0 AppleWebKit/537.36 (KHTML, like Gecko; compatible; ClaudeBot/1.0; +claudebot@anthropic.com)" www.painelbistroemcasa.meumercado.app 10.53.184.85
216.73.216.211 - - [09/Apr/2026:09:45:30 -0300] "GET /51.php?p=Ahome2Ameumer25AnocharmeImeumercadoIapp HTTP/2.0" 200 3678 "-" "Mozilla/5.0 AppleWebKit/537.36 (KHTML, like Gecko; compatible; ClaudeBot/1.0; +claudebot@anthropic.com)" www.painelbistroemcasa.meumercado.app 10.53.184.85
74.7.227.157 - - [09/Apr/2026:09:45:31 -0300] "GET /excerpt-header.php?p=Ahome2Ameumer25AminhafarmaciaIappAwp-contentApluginsAultimate-addons-for-gutenbergAblocks-configAadvanced-settings HTTP/2.0" 404 836 "https://painelbistroemcasa.meumercado.app/excerpt-header.php?p=Ahome2Ameumer25AminhafarmaciaIappAwp-contentApluginsAultimate-addons-for-gutenbergAblocks-config" "Mozilla/5.0 AppleWebKit/537.36 (KHTML, like Gecko; compatible; GPTBot/1.3; +https://openai.com/gptbot)" painelbistroemcasa.meumercado.app 10.53.184.85
216.73.216.211 - - [09/Apr/2026:09:45:31 -0300] "GET /51.php?p=Ahome2Ameumer25AmeurestauranteIapp HTTP/2.0" 200 1273 "-" "Mozilla/5.0 AppleWebKit/537.36 (KHTML, like Gecko; compatible; ClaudeBot/1.0; +claudebot@anthropic.com)" www.painelbistroemcasa.meumercado.app 10.53.184.85
74.7.227.17 - - [09/Apr/2026:09:45:32 -0300] "GET /inline-edit-post.min.js?p=Ahome2Ameumer25ApainebistroemcasaImeumercadoIappAvendorAmercadopagoAdx-phpAIphpdocAcacheAdescriptorsATAIAIAIAIAIAIAIAIAIAIAIAIAIAAAAAIAAAAAIAIAAAIAAAAAIAAAIAIAA HTTP/2.0" 404 836 "https://www.painelbistroemcasa.meumercado.app/inline-edit-post.min.js?p=Ahome2Ameumer25ApainebistroemcasaImeumercadoIappAvendorAmercadopagoAdx-phpAIphpdocAcacheAdescriptorsATAIAIAIAIAIAIAIAIAIAIAIAIAIAAAAAIAAAAAIAIAAAIAAAAAIAAAIAI" "Mozilla/5.0 AppleWebKit/537.36 (KHTML, like Gecko; compatible; GPTBot/1.3; +https://openai.com/gptbot)" www.painelbistroemcasa.meumercado.app 10.53.184.85
74.7.227.157 - - [09/Apr/2026:09:45:36 -0300] "GET /excerpt-status.php?p=Ahome2Ameumer25AminhafarmaciaIappAwp-contentApluginsAultimate-addons-for-gutenbergAblocks-configAadvanced-settings HTTP/2.0" 404 836 "https://painelbistroemcasa.meumercado.app/excerpt-status.php?p=Ahome2Ameumer25AminhafarmaciaIappAwp-contentApluginsAultimate-addons-for-gutenbergAblocks-config" "Mozilla/5.0 AppleWebKit/537.36 (KHTML, like Gecko; compatible; GPTBot/1.3; +https://openai.com/gptbot)" painelbistroemcasa.meumercado.app 10.53.184.85
74.7.227.17 - - [09/Apr/2026:09:45:37 -0300] "GET /inline-edit-post.min.js?p=Ahome2Ameumer25ApainebistroemcasaImeumercadoIappAvendorAmercadopagoAdx-phpAIphpdocAcacheAdescriptorsATAIAIAIAIAIAIAIAIAIAIAIAIAIAAAAAAAAAIAAAIAAAIAIAAAAAAAIAIAW HTTP/2.0" 404 836 "https://www.painelbistroemcasa.meumercado.app/inline-edit-post.min.js?p=Ahome2Ameumer25ApainebistroemcasaImeumercadoIappAvendorAmercadopagoAdx-phpAIphpdocAcacheAdescriptorsATAIAIAIAIAIAIAIAIAIAIAIAIAIAAAAAAAAAIAAAIAAAIAIAAAAAAAIAI" "Mozilla/5.0 AppleWebKit/537.36 (KHTML, like Gecko; compatible; GPTBot/1.3; +https://openai.com/gptbot)" www.painelbistroemcasa.meumercado.app 10.53.184.85
74.7.227.157 - - [09/Apr/2026:09:45:40 -0300] "GET /cherry-x-post-meta.php?p=Ahome2Ameumer25AmeupetIappAwp-adminAcssAcolorsAmidnightAmidnight HTTP/2.0" 404 836 "https://painelbistroemcasa.meumercado.app/cherry-x-post-meta.php?p=Ahome2Ameumer25AmeupetIappAwp-adminAcssAcolorsAmidnight" "Mozilla/5.0 AppleWebKit/537.36 (KHTML, like Gecko; compatible; GPTBot/1.3; +https://openai.com/gptbot)" painelbistroemcasa.meumercado.app 10.53.184.85
74.7.227.17 - - [09/Apr/2026:09:45:41 -0300] "GET /inline-edit-post.min.js?p=Ahome2Ameumer25ApainebistroemcasaImeumercadoIappAvendorAmercadopagoAdx-phpAIphpdocAcacheAdescriptorsATAIAIAIAIAIAIAIAIAIAIAIAIAIAAAAAAAIAAAAAIAIAAAIAIAIAIAIAIAG HTTP/2.0" 404 836 "https://www.painelbistroemcasa.meumercado.app/inline-edit-post.min.js?p=Ahome2Ameumer25ApainebistroemcasaImeumercadoIappAvendorAmercadopagoAdx-phpAIphpdocAcacheAdescriptorsATAIAIAIAIAIAIAIAIAIAIAIAIAIAAAAAAAIAAAAAIAIAAAIAIAIAIAIAI" "Mozilla/5.0 AppleWebKit/537.36 (KHTML, like Gecko; compatible; GPTBot/1.3; +https://openai.com/gptbot)" www.painelbistroemcasa.meumercado.app 10.53.184.85
74.7.227.157 - - [09/Apr/2026:09:45:45 -0300] "GET /acf-extra-post-fields.json?p=Ahome2Ameumer25ApainelrioalimentosImeumercadoIappAvendorAleagueAcommonmarkAsrcAExtensionAMention HTTP/2.0" 404 836 "https://painelbistroemcasa.meumercado.app/acf-extra-post-fields.json?p=Ahome2Ameumer25ApainelrioalimentosImeumercadoIappAvendorAleagueAcommonmarkAsrcAExtension" "Mozilla/5.0 AppleWebKit/537.36 (KHTML, like Gecko; compatible; GPTBot/1.3; +https://openai.com/gptbot)" painelbistroemcasa.meumercado.app 10.53.184.85
74.7.227.17 - - [09/Apr/2026:09:45:46 -0300] "GET /inline-edit-post.min.js?p=Ahome2Ameumer25ApainebistroemcasaImeumercadoIappAvendorAmercadopagoAdx-phpAIphpdocAcacheAdescriptorsATAIAIAIAIAIAIAIAIAIAIAIAIAIAAAAAIAAAIAIAAAAAAAIAIAAAAAIAAAIAG HTTP/2.0" 404 836 "https://www.painelbistroemcasa.meumercado.app/inline-edit-post.min.js?p=Ahome2Ameumer25ApainebistroemcasaImeumercadoIappAvendorAmercadopagoAdx-phpAIphpdocAcacheAdescriptorsATAIAIAIAIAIAIAIAIAIAIAIAIAIAAAAAIAAAIAIAAAAAAAIAIAAAAAIAAAI" "Mozilla/5.0 AppleWebKit/537.36 (KHTML, like Gecko; compatible; GPTBot/1.3; +https://openai.com/gptbot)" www.painelbistroemcasa.meumercado.app 10.53.184.85
74.7.227.157 - - [09/Apr/2026:09:45:50 -0300] "GET /acf-extra-post-fields.json?p=Ahome2Ameumer25ApainelshopsuaboaformaImeumercadoIappAvendorAboxAspoutAsrcASpoutAReaderAWrapper HTTP/2.0" 404 836 "https://painelbistroemcasa.meumercado.app/acf-extra-post-fields.json?p=Ahome2Ameumer25ApainelshopsuaboaformaImeumercadoIappAvendorAboxAspoutAsrcASpoutAReader" "Mozilla/5.0 AppleWebKit/537.36 (KHTML, like Gecko; compatible; GPTBot/1.3; +https://openai.com/gptbot)" painelbistroemcasa.meumercado.app 10.53.184.85
74.7.227.17 - - [09/Apr/2026:09:45:51 -0300] "GET /inline-edit-post.min.js?p=Ahome2Ameumer25ApainebistroemcasaImeumercadoIappAvendorAmercadopagoAdx-phpAIphpdocAcacheAdescriptorsATAIAIAIAIAIAIAIAIAIAIAIAIAIAAAAAIAAAIAIAAAIAAAIAIAIAAAIAIAH HTTP/2.0" 404 836 "https://www.painelbistroemcasa.meumercado.app/inline-edit-post.min.js?p=Ahome2Ameumer25ApainebistroemcasaImeumercadoIappAvendorAmercadopagoAdx-phpAIphpdocAcacheAdescriptorsATAIAIAIAIAIAIAIAIAIAIAIAIAIAAAAAIAAAIAIAAAIAAAIAIAIAAAIAI" "Mozilla/5.0 AppleWebKit/537.36 (KHTML, like Gecko; compatible; GPTBot/1.3; +https://openai.com/gptbot)" www.painelbistroemcasa.meumercado.app 10.53.184.85
74.7.227.157 - - [09/Apr/2026:09:45:54 -0300] "GET /acf-extra-post-fields.json?p=Ahome2Ameumer25ApainelestilopetshopImeupetIappAvendorAboxAspoutAsrcASpoutAWriterACommonAHelper HTTP/2.0" 404 836 "https://painelbistroemcasa.meumercado.app/acf-extra-post-fields.json?p=Ahome2Ameumer25ApainelestilopetshopImeupetIappAvendorAboxAspoutAsrcASpoutAWriterACommon" "Mozilla/5.0 AppleWebKit/537.36 (KHTML, like Gecko; compatible; GPTBot/1.3; +https://openai.com/gptbot)" painelbistroemcasa.meumercado.app 10.53.184.85
74.7.227.17 - - [09/Apr/2026:09:45:56 -0300] "GET /inline-edit-post.min.js?p=Ahome2Ameumer25ApainebistroemcasaImeumercadoIappAvendorAmercadopagoAdx-phpAIphpdocAcacheAdescriptorsATAIAIAIAIAIAIAIAIAIAIAIAIAIAAAAAIAAAAAIAIAIAIAAAAAIAIAIAAAG HTTP/2.0" 404 836 "https://www.painelbistroemcasa.meumercado.app/inline-edit-post.min.js?p=Ahome2Ameumer25ApainebistroemcasaImeumercadoIappAvendorAmercadopagoAdx-phpAIphpdocAcacheAdescriptorsATAIAIAIAIAIAIAIAIAIAIAIAIAIAAAAAIAAAAAIAIAIAIAAAAAIAIAIAA" "Mozilla/5.0 AppleWebKit/537.36 (KHTML, like Gecko; compatible; GPTBot/1.3; +https://openai.com/gptbot)" www.painelbistroemcasa.meumercado.app 10.53.184.85
74.7.227.157 - - [09/Apr/2026:09:45:59 -0300] "GET /acf-extra-post-fields.json?p=Ahome2Ameumer25ApainelpetscentercampinasImeumercadoIappAvendorAfacadeAignitionAsrcAViewsAEngines HTTP/2.0" 404 836 "https://painelbistroemcasa.meumercado.app/acf-extra-post-fields.json?p=Ahome2Ameumer25ApainelpetscentercampinasImeumercadoIappAvendorAfacadeAignitionAsrcAViews" "Mozilla/5.0 AppleWebKit/537.36 (KHTML, like Gecko; compatible; GPTBot/1.3; +https://openai.com/gptbot)" painelbistroemcasa.meumercado.app 10.53.184.85
74.7.227.17 - - [09/Apr/2026:09:46:00 -0300] "GET /inline-edit-post.min.js?p=Ahome2Ameumer25ApainebistroemcasaImeumercadoIappAvendorAmercadopagoAdx-phpAIphpdocAcacheAdescriptorsATAIAIAIAIAIAIAIAIAIAIAIAIAIAAAAAIAAAIAAAAAAAAAIAAAAAAAIAIAAAW HTTP/2.0" 404 836 "https://www.painelbistroemcasa.meumercado.app/inline-edit-post.min.js?p=Ahome2Ameumer25ApainebistroemcasaImeumercadoIappAvendorAmercadopagoAdx-phpAIphpdocAcacheAdescriptorsATAIAIAIAIAIAIAIAIAIAIAIAIAIAAAAAIAAAIAAAAAAAAAIAAAAAAAIAIAA" "Mozilla/5.0 AppleWebKit/537.36 (KHTML, like Gecko; compatible; GPTBot/1.3; +https://openai.com/gptbot)" www.painelbistroemcasa.meumercado.app 10.53.184.85
74.7.227.157 - - [09/Apr/2026:09:46:04 -0300] "GET /acf-extra-post-fields.json?p=Ahome2Ameumer25ApainelbistroemcasaImeurestauranteIappAvendorAboxAspoutAsrcASpoutAReaderAWrapper HTTP/2.0" 404 836 "https://painelbistroemcasa.meumercado.app/acf-extra-post-fields.json?p=Ahome2Ameumer25ApainelbistroemcasaImeurestauranteIappAvendorAboxAspoutAsrcASpoutAReader" "Mozilla/5.0 AppleWebKit/537.36 (KHTML, like Gecko; compatible; GPTBot/1.3; +https://openai.com/gptbot)" painelbistroemcasa.meumercado.app 10.53.184.85
74.7.227.17 - - [09/Apr/2026:09:46:05 -0300] "GET /inline-edit-post.min.js?p=Ahome2Ameumer25ApainebistroemcasaImeumercadoIappAvendorAmercadopagoAdx-phpAIphpdocAcacheAdescriptorsATAIAIAIAIAIAIAIAIAIAIAIAIAIAAAAAIAAAIAAAAAIAIAAAIAAAAAIAAAIAW HTTP/2.0" 404 836 "https://www.painelbistroemcasa.meumercado.app/inline-edit-post.min.js?p=Ahome2Ameumer25ApainebistroemcasaImeumercadoIappAvendorAmercadopagoAdx-phpAIphpdocAcacheAdescriptorsATAIAIAIAIAIAIAIAIAIAIAIAIAIAAAAAIAAAIAAAAAIAIAAAIAAAAAIAAAI" "Mozilla/5.0 AppleWebKit/537.36 (KHTML, like Gecko; compatible; GPTBot/1.3; +https://openai.com/gptbot)" www.painelbistroemcasa.meumercado.app 10.53.184.85
74.7.227.157 - - [09/Apr/2026:09:46:09 -0300] "GET /AttrCollections.php HTTP/2.0" 404 836 "https://painelbistroemcasa.meumercado.app/single-post.svg?p=Ahome2Ameumer25AmeupetIappAwp-contentApluginsAwpforms-liteAvendor_prefixedAezyangAhtmlpurifierAlibraryAHTMLPurifier" "Mozilla/5.0 AppleWebKit/537.36 (KHTML, like Gecko; compatible; GPTBot/1.3; +https://openai.com/gptbot)" painelbistroemcasa.meumercado.app 10.53.184.85
74.7.227.17 - - [09/Apr/2026:09:46:10 -0300] "GET /inline-edit-post.min.js?p=Ahome2Ameumer25ApainebistroemcasaImeumercadoIappAvendorAmercadopagoAdx-phpAIphpdocAcacheAdescriptorsATAIAIAIAIAIAIAIAIAIAIAIAIAIAAAAAAAIAAAAAIAIAAAAAAAAAIAAAIAAAA HTTP/2.0" 404 836 "https://www.painelbistroemcasa.meumercado.app/inline-edit-post.min.js?p=Ahome2Ameumer25ApainebistroemcasaImeumercadoIappAvendorAmercadopagoAdx-phpAIphpdocAcacheAdescriptorsATAIAIAIAIAIAIAIAIAIAIAIAIAIAAAAAAAIAAAAAIAIAAAAAAAAAIAAAIAA" "Mozilla/5.0 AppleWebKit/537.36 (KHTML, like Gecko; compatible; GPTBot/1.3; +https://openai.com/gptbot)" www.painelbistroemcasa.meumercado.app 10.53.184.85
74.7.227.157 - - [09/Apr/2026:09:46:14 -0300] "GET /MeasurementUnit.php HTTP/2.0" 404 836 "https://painelbistroemcasa.meumercado.app/single-post.svg?p=Ahome2Ameumer25AmeupetIappAwp-contentApluginsAwpforms-liteAvendor_prefixedAsquareAsquareAsrcAModels" "Mozilla/5.0 AppleWebKit/537.36 (KHTML, like Gecko; compatible; GPTBot/1.3; +https://openai.com/gptbot)" painelbistroemcasa.meumercado.app 10.53.184.85
74.7.227.17 - - [09/Apr/2026:09:46:14 -0300] "GET /inline-edit-post.min.js?p=Ahome2Ameumer25ApainebistroemcasaImeumercadoIappAvendorAmercadopagoAdx-phpAIphpdocAcacheAdescriptorsATAIAIAIAIAIAIAIAIAIAIAIAIAIAAAAAIAAAAAAAIAIAIAAAAAIAAAIAAAW HTTP/2.0" 404 836 "https://www.painelbistroemcasa.meumercado.app/inline-edit-post.min.js?p=Ahome2Ameumer25ApainebistroemcasaImeumercadoIappAvendorAmercadopagoAdx-phpAIphpdocAcacheAdescriptorsATAIAIAIAIAIAIAIAIAIAIAIAIAIAAAAAIAAAAAAAIAIAIAAAAAIAAAIAA" "Mozilla/5.0 AppleWebKit/537.36 (KHTML, like Gecko; compatible; GPTBot/1.3; +https://openai.com/gptbot)" www.painelbistroemcasa.meumercado.app 10.53.184.85
216.73.216.211 - - [09/Apr/2026:09:46:16 -0300] "GET /51.php?p=Ahome2Ameumer25ApainelrioalimentosImeumercadoIapp HTTP/2.0" 200 5256 "-" "Mozilla/5.0 AppleWebKit/537.36 (KHTML, like Gecko; compatible; ClaudeBot/1.0; +claudebot@anthropic.com)" www.painelbistroemcasa.meumercado.app 10.53.184.85
216.73.216.211 - - [09/Apr/2026:09:46:16 -0300] "GET /51.php?edit=scanreport.txt&p=Ahome2Ameumer25 HTTP/2.0" 200 875 "-" "Mozilla/5.0 AppleWebKit/537.36 (KHTML, like Gecko; compatible; ClaudeBot/1.0; +claudebot@anthropic.com)" www.painelbistroemcasa.meumercado.app 10.53.184.85
216.73.216.211 - - [09/Apr/2026:09:46:16 -0300] "GET /51.php?edit=.gitignore&p=Ahome2Ameumer25ApainelbistroemcasaImeumercadoIappAIidea HTTP/2.0" 200 758 "-" "Mozilla/5.0 AppleWebKit/537.36 (KHTML, like Gecko; compatible; ClaudeBot/1.0; +claudebot@anthropic.com)" www.painelbistroemcasa.meumercado.app 10.53.184.85
216.73.216.211 - - [09/Apr/2026:09:46:17 -0300] "GET /51.php?p=Ahome2Ameumer25AminhafarmaciaIapp HTTP/2.0" 200 3521 "-" "Mozilla/5.0 AppleWebKit/537.36 (KHTML, like Gecko; compatible; ClaudeBot/1.0; +claudebot@anthropic.com)" www.painelbistroemcasa.meumercado.app 10.53.184.85
216.73.216.211 - - [09/Apr/2026:09:46:17 -0300] "GET /51.php?p=Ahome2Ameumer25AbrasileirissimoImeumercadoIapp HTTP/2.0" 200 3828 "-" "Mozilla/5.0 AppleWebKit/537.36 (KHTML, like Gecko; compatible; ClaudeBot/1.0; +claudebot@anthropic.com)" www.painelbistroemcasa.meumercado.app 10.53.184.85
216.73.216.211 - - [09/Apr/2026:09:46:18 -0300] "GET /51.php?p=Ahome2Ameumer25AsasakisushiImeumercadoIapp HTTP/2.0" 200 3786 "-" "Mozilla/5.0 AppleWebKit/537.36 (KHTML, like Gecko; compatible; ClaudeBot/1.0; +claudebot@anthropic.com)" www.painelbistroemcasa.meumercado.app 10.53.184.85
74.7.227.157 - - [09/Apr/2026:09:46:18 -0300] "GET /CashDrawerShift.php HTTP/2.0" 404 836 "https://painelbistroemcasa.meumercado.app/single-post.svg?p=Ahome2Ameumer25AmeupetIappAwp-contentApluginsAwpforms-liteAvendor_prefixedAsquareAsquareAsrcAModels" "Mozilla/5.0 AppleWebKit/537.36 (KHTML, like Gecko; compatible; GPTBot/1.3; +https://openai.com/gptbot)" painelbistroemcasa.meumercado.app 10.53.184.85
216.73.216.211 - - [09/Apr/2026:09:46:18 -0300] "GET /51.php?edit=HEAD&p=Ahome2Ameumer25ApainelbistroemcasaImeumercadoIappAIgit HTTP/2.0" 200 753 "-" "Mozilla/5.0 AppleWebKit/537.36 (KHTML, like Gecko; compatible; ClaudeBot/1.0; +claudebot@anthropic.com)" www.painelbistroemcasa.meumercado.app 10.53.184.85
216.73.216.211 - - [09/Apr/2026:09:46:19 -0300] "GET /51.php?p=Ahome2Ameumer25ApainelbrasileirissimoImeumercadoIapp HTTP/2.0" 200 5437 "-" "Mozilla/5.0 AppleWebKit/537.36 (KHTML, like Gecko; compatible; ClaudeBot/1.0; +claudebot@anthropic.com)" www.painelbistroemcasa.meumercado.app 10.53.184.85
74.7.227.17 - - [09/Apr/2026:09:46:19 -0300] "GET /inline-edit-post.min.js?p=Ahome2Ameumer25ApainebistroemcasaImeumercadoIappAvendorAmercadopagoAdx-phpAIphpdocAcacheAdescriptorsATAIAIAIAIAIAIAIAIAIAIAIAIAIAAAAAAAIAAAIAAAAAAAAAIAAAIAIAIAW HTTP/2.0" 404 836 "https://www.painelbistroemcasa.meumercado.app/inline-edit-post.min.js?p=Ahome2Ameumer25ApainebistroemcasaImeumercadoIappAvendorAmercadopagoAdx-phpAIphpdocAcacheAdescriptorsATAIAIAIAIAIAIAIAIAIAIAIAIAIAAAAAAAIAAAIAAAAAAAAAIAAAIAIAI" "Mozilla/5.0 AppleWebKit/537.36 (KHTML, like Gecko; compatible; GPTBot/1.3; +https://openai.com/gptbot)" www.painelbistroemcasa.meumercado.app 10.53.184.85
74.7.227.157 - - [09/Apr/2026:09:46:23 -0300] "GET /AccessTokenPage.php HTTP/2.0" 404 836 "https://painelbistroemcasa.meumercado.app/acf-extra-post-fields.json?p=Ahome2Ameumer25ApainelkaickaviellaImeumercadoIappAvendorAtwilioAsdkAsrcATwilioARestAVerifyAV2AService" "Mozilla/5.0 AppleWebKit/537.36 (KHTML, like Gecko; compatible; GPTBot/1.3; +https://openai.com/gptbot)" painelbistroemcasa.meumercado.app 10.53.184.85
74.7.227.17 - - [09/Apr/2026:09:46:24 -0300] "GET /inline-edit-post.min.js?p=Ahome2Ameumer25ApainebistroemcasaImeumercadoIappAvendorAmercadopagoAdx-phpAIphpdocAcacheAdescriptorsATAIAIAIAIAIAIAIAIAIAIAIAIAIAAAAAIAAAIAIAIAIAIAIAIAIAAAIAAAI HTTP/2.0" 404 836 "https://www.painelbistroemcasa.meumercado.app/inline-edit-post.min.js?p=Ahome2Ameumer25ApainebistroemcasaImeumercadoIappAvendorAmercadopagoAdx-phpAIphpdocAcacheAdescriptorsATAIAIAIAIAIAIAIAIAIAIAIAIAIAAAAAIAAAIAIAIAIAIAIAIAIAAAIAA" "Mozilla/5.0 AppleWebKit/537.36 (KHTML, like Gecko; compatible; GPTBot/1.3; +https://openai.com/gptbot)" www.painelbistroemcasa.meumercado.app 10.53.184.85
74.7.227.157 - - [09/Apr/2026:09:46:27 -0300] "GET /AccessTokenList.php HTTP/2.0" 404 836 "https://painelbistroemcasa.meumercado.app/acf-extra-post-fields.json?p=Ahome2Ameumer25ApainelkaickaviellaImeumercadoIappAvendorAtwilioAsdkAsrcATwilioARestAVerifyAV2AService" "Mozilla/5.0 AppleWebKit/537.36 (KHTML, like Gecko; compatible; GPTBot/1.3; +https://openai.com/gptbot)" painelbistroemcasa.meumercado.app 10.53.184.85
74.7.227.17 - - [09/Apr/2026:09:46:28 -0300] "GET /inline-edit-post.min.js?p=Ahome2Ameumer25ApainebistroemcasaImeumercadoIappAvendorAmercadopagoAdx-phpAIphpdocAcacheAdescriptorsATAIAIAIAIAIAIAIAIAIAIAIAIAIAAAAAIAAAAAIAIAIAIAAAAAAAAAAAIAW HTTP/2.0" 404 836 "https://www.painelbistroemcasa.meumercado.app/inline-edit-post.min.js?p=Ahome2Ameumer25ApainebistroemcasaImeumercadoIappAvendorAmercadopagoAdx-phpAIphpdocAcacheAdescriptorsATAIAIAIAIAIAIAIAIAIAIAIAIAIAAAAAIAAAAAIAIAIAIAAAAAAAAAAAI" "Mozilla/5.0 AppleWebKit/537.36 (KHTML, like Gecko; compatible; GPTBot/1.3; +https://openai.com/gptbot)" www.painelbistroemcasa.meumercado.app 10.53.184.85
74.7.227.157 - - [09/Apr/2026:09:46:32 -0300] "GET /AfterpayDetails.php HTTP/2.0" 404 836 "https://painelbistroemcasa.meumercado.app/single-post.svg?p=Ahome2Ameumer25AmeupetIappAwp-contentApluginsAwpforms-liteAvendor_prefixedAsquareAsquareAsrcAModels" "Mozilla/5.0 AppleWebKit/537.36 (KHTML, like Gecko; compatible; GPTBot/1.3; +https://openai.com/gptbot)" painelbistroemcasa.meumercado.app 10.53.184.85
74.7.227.17 - - [09/Apr/2026:09:46:33 -0300] "GET /inline-edit-post.min.js?p=Ahome2Ameumer25ApainebistroemcasaImeumercadoIappAvendorAmercadopagoAdx-phpAIphpdocAcacheAdescriptorsATAIAIAIAIAIAIAIAIAIAIAIAIAIAAAAAAAIAAAAAAAIAAAAAIAIAAAIAIAG HTTP/2.0" 404 836 "https://www.painelbistroemcasa.meumercado.app/inline-edit-post.min.js?p=Ahome2Ameumer25ApainebistroemcasaImeumercadoIappAvendorAmercadopagoAdx-phpAIphpdocAcacheAdescriptorsATAIAIAIAIAIAIAIAIAIAIAIAIAIAAAAAAAIAAAAAAAIAAAAAIAIAAAIAI" "Mozilla/5.0 AppleWebKit/537.36 (KHTML, like Gecko; compatible; GPTBot/1.3; +https://openai.com/gptbot)" www.painelbistroemcasa.meumercado.app 10.53.184.85
216.73.216.211 - - [09/Apr/2026:09:46:33 -0300] "GET /toggige-arrow.jpg HTTP/2.0" 404 836 "-" "Mozilla/5.0 AppleWebKit/537.36 (KHTML, like Gecko; compatible; ClaudeBot/1.0; +claudebot@anthropic.com)" www.painelbistroemcasa.meumercado.app 10.53.184.85
216.73.216.211 - - [09/Apr/2026:09:46:33 -0300] "GET /51.php?edit=51.php&p=Ahome2Ameumer25ApainelbistroemcasaImeumercadoIappAtests HTTP/2.0" 200 4873 "-" "Mozilla/5.0 AppleWebKit/537.36 (KHTML, like Gecko; compatible; ClaudeBot/1.0; +claudebot@anthropic.com)" www.painelbistroemcasa.meumercado.app 10.53.184.85
216.73.216.211 - - [09/Apr/2026:09:46:34 -0300] "GET /51.php?p=Ahome2Ameumer25AsuaboaformaImeumercadoIapp HTTP/2.0" 200 3768 "-" "Mozilla/5.0 AppleWebKit/537.36 (KHTML, like Gecko; compatible; ClaudeBot/1.0; +claudebot@anthropic.com)" www.painelbistroemcasa.meumercado.app 10.53.184.85
216.73.216.211 - - [09/Apr/2026:09:46:34 -0300] "GET /51.php?p=Ahome2Ameumer25ApainelpetscentercampinasImeumercadoIapp HTTP/2.0" 200 6578 "-" "Mozilla/5.0 AppleWebKit/537.36 (KHTML, like Gecko; compatible; ClaudeBot/1.0; +claudebot@anthropic.com)" www.painelbistroemcasa.meumercado.app 10.53.184.85
216.73.216.211 - - [09/Apr/2026:09:46:35 -0300] "GET /51.php?edit=index&p=Ahome2Ameumer25ApainelbistroemcasaImeumercadoIappAIgit HTTP/2.0" 200 35055 "-" "Mozilla/5.0 AppleWebKit/537.36 (KHTML, like Gecko; compatible; ClaudeBot/1.0; +claudebot@anthropic.com)" www.painelbistroemcasa.meumercado.app 10.53.184.85
216.73.216.211 - - [09/Apr/2026:09:46:35 -0300] "GET /51.php?p=Ahome2Ameumer25AmmImeumercadoIapp HTTP/2.0" 200 3349 "-" "Mozilla/5.0 AppleWebKit/537.36 (KHTML, like Gecko; compatible; ClaudeBot/1.0; +claudebot@anthropic.com)" www.painelbistroemcasa.meumercado.app 10.53.184.85
216.73.216.211 - - [09/Apr/2026:09:46:36 -0300] "GET /51.php?edit=.lastlogin&p=Ahome2Ameumer25 HTTP/2.0" 200 932 "-" "Mozilla/5.0 AppleWebKit/537.36 (KHTML, like Gecko; compatible; ClaudeBot/1.0; +claudebot@anthropic.com)" www.painelbistroemcasa.meumercado.app 10.53.184.85
216.73.216.211 - - [09/Apr/2026:09:46:36 -0300] "GET /51.php?p=Ahome2Ameumer25ApainelbistroemcasaImeumercadoIappAtestsAUnit HTTP/2.0" 200 1482 "-" "Mozilla/5.0 AppleWebKit/537.36 (KHTML, like Gecko; compatible; ClaudeBot/1.0; +claudebot@anthropic.com)" www.painelbistroemcasa.meumercado.app 10.53.184.85
74.7.227.157 - - [09/Apr/2026:09:46:36 -0300] "GET /EnvironmentList.php HTTP/2.0" 404 836 "https://painelbistroemcasa.meumercado.app/acf-extra-post-fields.json?p=Ahome2Ameumer25ApaineleubellaImeumercadoIappAvendorAtwilioAsdkAsrcATwilioARestAServerlessAV1AService" "Mozilla/5.0 AppleWebKit/537.36 (KHTML, like Gecko; compatible; GPTBot/1.3; +https://openai.com/gptbot)" painelbistroemcasa.meumercado.app 10.53.184.85
74.7.227.17 - - [09/Apr/2026:09:46:38 -0300] "GET /inline-edit-post.min.js?p=Ahome2Ameumer25ApainebistroemcasaImeumercadoIappAvendorAmercadopagoAdx-phpAIphpdocAcacheAdescriptorsATAIAIAIAIAIAIAIAIAIAIAIAIAIAAAAAIAAAIAAAAAAAIAIAAAIAIAAAAAH HTTP/2.0" 404 836 "https://www.painelbistroemcasa.meumercado.app/inline-edit-post.min.js?p=Ahome2Ameumer25ApainebistroemcasaImeumercadoIappAvendorAmercadopagoAdx-phpAIphpdocAcacheAdescriptorsATAIAIAIAIAIAIAIAIAIAIAIAIAIAAAAAIAAAIAAAAAAAIAIAAAIAIAAAA" "Mozilla/5.0 AppleWebKit/537.36 (KHTML, like Gecko; compatible; GPTBot/1.3; +https://openai.com/gptbot)" www.painelbistroemcasa.meumercado.app 10.53.184.85
74.7.227.157 - - [09/Apr/2026:09:46:41 -0300] "GET /DoctypeRegistry.php HTTP/2.0" 404 836 "https://painelbistroemcasa.meumercado.app/single-post.svg?p=Ahome2Ameumer25AmeupetIappAwp-contentApluginsAwpforms-liteAvendor_prefixedAezyangAhtmlpurifierAlibraryAHTMLPurifier" "Mozilla/5.0 AppleWebKit/537.36 (KHTML, like Gecko; compatible; GPTBot/1.3; +https://openai.com/gptbot)" painelbistroemcasa.meumercado.app 10.53.184.85
74.7.227.17 - - [09/Apr/2026:09:46:43 -0300] "GET /inline-edit-post.min.js?p=Ahome2Ameumer25ApainebistroemcasaImeumercadoIappAvendorAmercadopagoAdx-phpAIphpdocAcacheAdescriptorsATAIAIAIAIAIAIAIAIAIAIAIAIAIAAAAAIAAAAAAAAAIAAAAAAAIAIAIAAAAAG HTTP/2.0" 404 836 "https://www.painelbistroemcasa.meumercado.app/inline-edit-post.min.js?p=Ahome2Ameumer25ApainebistroemcasaImeumercadoIappAvendorAmercadopagoAdx-phpAIphpdocAcacheAdescriptorsATAIAIAIAIAIAIAIAIAIAIAIAIAIAAAAAIAAAAAAAAAIAAAAAAAIAIAIAAAA" "Mozilla/5.0 AppleWebKit/537.36 (KHTML, like Gecko; compatible; GPTBot/1.3; +https://openai.com/gptbot)" www.painelbistroemcasa.meumercado.app 10.53.184.85
74.7.227.157 - - [09/Apr/2026:09:46:46 -0300] "GET /InventoryChange.php HTTP/2.0" 404 836 "https://painelbistroemcasa.meumercado.app/single-post.svg?p=Ahome2Ameumer25AmeupetIappAwp-contentApluginsAwpforms-liteAvendor_prefixedAsquareAsquareAsrcAModels" "Mozilla/5.0 AppleWebKit/537.36 (KHTML, like Gecko; compatible; GPTBot/1.3; +https://openai.com/gptbot)" painelbistroemcasa.meumercado.app 10.53.184.85
74.7.227.17 - - [09/Apr/2026:09:46:47 -0300] "GET /inline-edit-post.min.js?p=Ahome2Ameumer25ApainebistroemcasaImeumercadoIappAvendorAmercadopagoAdx-phpAIphpdocAcacheAdescriptorsATAIAIAIAIAIAIAIAIAIAIAIAIAIAAAAAAAAAAAIAAAIAIAAAIAIAIAAAAAG HTTP/2.0" 404 836 "https://www.painelbistroemcasa.meumercado.app/inline-edit-post.min.js?p=Ahome2Ameumer25ApainebistroemcasaImeumercadoIappAvendorAmercadopagoAdx-phpAIphpdocAcacheAdescriptorsATAIAIAIAIAIAIAIAIAIAIAIAIAIAAAAAAAAAAAIAAAIAIAAAIAIAIAAAA" "Mozilla/5.0 AppleWebKit/537.36 (KHTML, like Gecko; compatible; GPTBot/1.3; +https://openai.com/gptbot)" www.painelbistroemcasa.meumercado.app 10.53.184.85
216.73.216.211 - - [09/Apr/2026:09:46:48 -0300] "GET /51.php?p=Ahome2Ameumer25ApainelcafediretodopeImeumercadoIapp HTTP/2.0" 200 2750 "-" "Mozilla/5.0 AppleWebKit/537.36 (KHTML, like Gecko; compatible; ClaudeBot/1.0; +claudebot@anthropic.com)" www.painelbistroemcasa.meumercado.app 10.53.184.85
