74.7.227.157 - - [09/Apr/2026:10:39:05 -0300] "GET /excerpt-header.php?p=Ahome2Ameumer25AwwwAwp-contentApluginsAultimate-addons-for-gutenbergAlibAastra-notices HTTP/2.0" 404 836 "https://painelbistroemcasa.meumercado.app/excerpt-header.php?p=Ahome2Ameumer25AwwwAwp-contentApluginsAultimate-addons-for-gutenbergAlib" "Mozilla/5.0 AppleWebKit/537.36 (KHTML, like Gecko; compatible; GPTBot/1.3; +https://openai.com/gptbot)" painelbistroemcasa.meumercado.app 10.53.184.85
74.7.227.17 - - [09/Apr/2026:10:39:05 -0300] "GET /inline-edit-post.min.js?p=Ahome2Ameumer25ApainebistroemcasaImeumercadoIappAvendorAmercadopagoAdx-phpAIphpdocAcacheAdescriptorsATAIAIAIAIAIAIAIAIAIAIAIAIAIAAAAAIAAAIAAAIAAAIAAAAAAAIAAAAAIAG HTTP/2.0" 404 836 "https://www.painelbistroemcasa.meumercado.app/inline-edit-post.min.js?p=Ahome2Ameumer25ApainebistroemcasaImeumercadoIappAvendorAmercadopagoAdx-phpAIphpdocAcacheAdescriptorsATAIAIAIAIAIAIAIAIAIAIAIAIAIAAAAAIAAAIAAAIAAAIAAAAAAAIAAAAAI" "Mozilla/5.0 AppleWebKit/537.36 (KHTML, like Gecko; compatible; GPTBot/1.3; +https://openai.com/gptbot)" www.painelbistroemcasa.meumercado.app 10.53.184.85
74.7.227.157 - - [09/Apr/2026:10:39:09 -0300] "GET /excerpt-status.php?p=Ahome2Ameumer25AwwwAwp-contentApluginsAultimate-addons-for-gutenbergAlibAastra-notices HTTP/2.0" 404 836 "https://painelbistroemcasa.meumercado.app/excerpt-status.php?p=Ahome2Ameumer25AwwwAwp-contentApluginsAultimate-addons-for-gutenbergAlib" "Mozilla/5.0 AppleWebKit/537.36 (KHTML, like Gecko; compatible; GPTBot/1.3; +https://openai.com/gptbot)" painelbistroemcasa.meumercado.app 10.53.184.85
74.7.227.17 - - [09/Apr/2026:10:39:10 -0300] "GET /inline-edit-post.min.js?p=Ahome2Ameumer25ApainebistroemcasaImeumercadoIappAvendorAmercadopagoAdx-phpAIphpdocAcacheAdescriptorsATAIAIAIAIAIAIAIAIAIAIAIAIAIAAAAAIAAAAAAAIAIAIAAAAAAAAAAAIAH HTTP/2.0" 404 836 "https://www.painelbistroemcasa.meumercado.app/inline-edit-post.min.js?p=Ahome2Ameumer25ApainebistroemcasaImeumercadoIappAvendorAmercadopagoAdx-phpAIphpdocAcacheAdescriptorsATAIAIAIAIAIAIAIAIAIAIAIAIAIAAAAAIAAAAAAAIAIAIAAAAAAAAAAAI" "Mozilla/5.0 AppleWebKit/537.36 (KHTML, like Gecko; compatible; GPTBot/1.3; +https://openai.com/gptbot)" www.painelbistroemcasa.meumercado.app 10.53.184.85
74.7.227.157 - - [09/Apr/2026:10:39:14 -0300] "GET /excerpt-status.php?edit=post-settings.5e0a1ab0.js&p=Ahome2Ameumer25AminhafarmaciaIappAwp-contentApluginsAall-in-one-seo-packAdistALiteAassets HTTP/2.0" 404 836 "https://painelbistroemcasa.meumercado.app/excerpt-status.php?p=Ahome2Ameumer25AminhafarmaciaIappAwp-contentApluginsAall-in-one-seo-packAdistALiteAassets" "Mozilla/5.0 AppleWebKit/537.36 (KHTML, like Gecko; compatible; GPTBot/1.3; +https://openai.com/gptbot)" painelbistroemcasa.meumercado.app 10.53.184.85
74.7.227.17 - - [09/Apr/2026:10:39:15 -0300] "GET /inline-edit-post.min.js?p=Ahome2Ameumer25ApainebistroemcasaImeumercadoIappAvendorAmercadopagoAdx-phpAIphpdocAcacheAdescriptorsATAIAIAIAIAIAIAIAIAIAIAIAIAIAAAAAIAAAIAAAAAIAAAAAAAIAIAIAIAIAH HTTP/2.0" 404 836 "https://www.painelbistroemcasa.meumercado.app/inline-edit-post.min.js?p=Ahome2Ameumer25ApainebistroemcasaImeumercadoIappAvendorAmercadopagoAdx-phpAIphpdocAcacheAdescriptorsATAIAIAIAIAIAIAIAIAIAIAIAIAIAAAAAIAAAIAAAAAIAAAAAAAIAIAIAIAI" "Mozilla/5.0 AppleWebKit/537.36 (KHTML, like Gecko; compatible; GPTBot/1.3; +https://openai.com/gptbot)" www.painelbistroemcasa.meumercado.app 10.53.184.85
74.7.227.157 - - [09/Apr/2026:10:39:18 -0300] "GET /single-post.svg?edit=user-new.php&p=Ahome2Ameumer25Apublic_htmlAwp-admin HTTP/2.0" 404 836 "https://painelbistroemcasa.meumercado.app/single-post.svg?p=Ahome2Ameumer25Apublic_htmlAwp-admin" "Mozilla/5.0 AppleWebKit/537.36 (KHTML, like Gecko; compatible; GPTBot/1.3; +https://openai.com/gptbot)" painelbistroemcasa.meumercado.app 10.53.184.85
74.7.227.17 - - [09/Apr/2026:10:39:20 -0300] "GET /inline-edit-post.min.js?p=Ahome2Ameumer25ApainebistroemcasaImeumercadoIappAvendorAmercadopagoAdx-phpAIphpdocAcacheAdescriptorsATAIAIAIAIAIAIAIAIAIAIAIAIAIAAAAAIAAAIAAAIAIAAAIAAAAAAAIAIAAAG HTTP/2.0" 404 836 "https://www.painelbistroemcasa.meumercado.app/inline-edit-post.min.js?p=Ahome2Ameumer25ApainebistroemcasaImeumercadoIappAvendorAmercadopagoAdx-phpAIphpdocAcacheAdescriptorsATAIAIAIAIAIAIAIAIAIAIAIAIAIAAAAAIAAAIAAAIAIAAAIAAAAAAAIAIAA" "Mozilla/5.0 AppleWebKit/537.36 (KHTML, like Gecko; compatible; GPTBot/1.3; +https://openai.com/gptbot)" www.painelbistroemcasa.meumercado.app 10.53.184.85
74.7.227.157 - - [09/Apr/2026:10:39:23 -0300] "GET /excerpt-video.php?edit=addCommonDataToSpectraBlocks.js&p=Ahome2Ameumer25AminhafarmaciaIappAwp-contentApluginsAultimate-addons-for-gutenbergAblocks-configAuagb-controls HTTP/2.0" 404 836 "https://painelbistroemcasa.meumercado.app/excerpt-video.php?p=Ahome2Ameumer25AminhafarmaciaIappAwp-contentApluginsAultimate-addons-for-gutenbergAblocks-configAuagb-controls" "Mozilla/5.0 AppleWebKit/537.36 (KHTML, like Gecko; compatible; GPTBot/1.3; +https://openai.com/gptbot)" painelbistroemcasa.meumercado.app 10.53.184.85
74.7.227.17 - - [09/Apr/2026:10:39:24 -0300] "GET /inline-edit-post.min.js?p=Ahome2Ameumer25ApainebistroemcasaImeumercadoIappAvendorAmercadopagoAdx-phpAIphpdocAcacheAdescriptorsATAIAIAIAIAIAIAIAIAIAIAIAIAIAAAAAIAAAIAAAAAIAAAAAAAAAIAIAAAIAI HTTP/2.0" 404 836 "https://www.painelbistroemcasa.meumercado.app/inline-edit-post.min.js?p=Ahome2Ameumer25ApainebistroemcasaImeumercadoIappAvendorAmercadopagoAdx-phpAIphpdocAcacheAdescriptorsATAIAIAIAIAIAIAIAIAIAIAIAIAIAAAAAIAAAIAAAAAIAAAAAAAAAIAIAAAI" "Mozilla/5.0 AppleWebKit/537.36 (KHTML, like Gecko; compatible; GPTBot/1.3; +https://openai.com/gptbot)" www.painelbistroemcasa.meumercado.app 10.53.184.85
74.7.227.157 - - [09/Apr/2026:10:39:28 -0300] "GET /excerpt-status.php?p=Ahome2Ameumer25AminhafarmaciaIappAwp-includesAID3 HTTP/2.0" 404 836 "https://painelbistroemcasa.meumercado.app/excerpt-status.php?p=Ahome2Ameumer25AminhafarmaciaIappAwp-includes" "Mozilla/5.0 AppleWebKit/537.36 (KHTML, like Gecko; compatible; GPTBot/1.3; +https://openai.com/gptbot)" painelbistroemcasa.meumercado.app 10.53.184.85
74.7.227.17 - - [09/Apr/2026:10:39:29 -0300] "GET /inline-edit-post.min.js?p=Ahome2Ameumer25ApainebistroemcasaImeumercadoIappAvendorAmercadopagoAdx-phpAIphpdocAcacheAdescriptorsATAIAIAIAIAIAIAIAIAIAIAIAIAIAAAAAIAAAAAIAIAIAIAAAAAIAAAAAAAAAI HTTP/2.0" 404 836 "https://www.painelbistroemcasa.meumercado.app/inline-edit-post.min.js?p=Ahome2Ameumer25ApainebistroemcasaImeumercadoIappAvendorAmercadopagoAdx-phpAIphpdocAcacheAdescriptorsATAIAIAIAIAIAIAIAIAIAIAIAIAIAAAAAIAAAAAIAIAIAIAAAAAIAAAAAAAA" "Mozilla/5.0 AppleWebKit/537.36 (KHTML, like Gecko; compatible; GPTBot/1.3; +https://openai.com/gptbot)" www.painelbistroemcasa.meumercado.app 10.53.184.85
74.7.227.157 - - [09/Apr/2026:10:39:33 -0300] "GET /cta-subscribe-centered.php?p=Ahome2Ameumer25AwwwAwp-contentApluginsAastra-sitesAadminAbsf-analyticsAassetsAcssAminified HTTP/2.0" 404 836 "https://painelbistroemcasa.meumercado.app/cta-subscribe-centered.php?p=Ahome2Ameumer25AwwwAwp-contentApluginsAastra-sitesAadminAbsf-analyticsAassetsAcss" "Mozilla/5.0 AppleWebKit/537.36 (KHTML, like Gecko; compatible; GPTBot/1.3; +https://openai.com/gptbot)" painelbistroemcasa.meumercado.app 10.53.184.85
74.7.227.17 - - [09/Apr/2026:10:39:33 -0300] "GET /inline-edit-post.min.js?p=Ahome2Ameumer25ApainebistroemcasaImeumercadoIappAvendorAmercadopagoAdx-phpAIphpdocAcacheAdescriptorsATAIAIAIAIAIAIAIAIAIAIAIAIAIAAAAAAAIAAAIAIAIAIAIAIAAAAAAAIAG HTTP/2.0" 404 836 "https://www.painelbistroemcasa.meumercado.app/inline-edit-post.min.js?p=Ahome2Ameumer25ApainebistroemcasaImeumercadoIappAvendorAmercadopagoAdx-phpAIphpdocAcacheAdescriptorsATAIAIAIAIAIAIAIAIAIAIAIAIAIAAAAAAAIAAAIAIAIAIAIAIAAAAAAAI" "Mozilla/5.0 AppleWebKit/537.36 (KHTML, like Gecko; compatible; GPTBot/1.3; +https://openai.com/gptbot)" www.painelbistroemcasa.meumercado.app 10.53.184.85
74.7.227.157 - - [09/Apr/2026:10:39:37 -0300] "GET /cta-subscribe-centered.php?p=Ahome2Ameumer25AwwwAwp-contentApluginsAastra-sitesAadminAbsf-analyticsAassetsAcssAunminified HTTP/2.0" 404 836 "https://painelbistroemcasa.meumercado.app/cta-subscribe-centered.php?p=Ahome2Ameumer25AwwwAwp-contentApluginsAastra-sitesAadminAbsf-analyticsAassetsAcss" "Mozilla/5.0 AppleWebKit/537.36 (KHTML, like Gecko; compatible; GPTBot/1.3; +https://openai.com/gptbot)" painelbistroemcasa.meumercado.app 10.53.184.85
74.7.227.17 - - [09/Apr/2026:10:39:38 -0300] "GET /inline-edit-post.min.js?p=Ahome2Ameumer25ApainebistroemcasaImeumercadoIappAvendorAmercadopagoAdx-phpAIphpdocAcacheAdescriptorsATAIAIAIAIAIAIAIAIAIAIAIAIAIAAAAAAAAAAAIAIAIAIAIAIAAAIAIAIAI HTTP/2.0" 404 836 "https://www.painelbistroemcasa.meumercado.app/inline-edit-post.min.js?p=Ahome2Ameumer25ApainebistroemcasaImeumercadoIappAvendorAmercadopagoAdx-phpAIphpdocAcacheAdescriptorsATAIAIAIAIAIAIAIAIAIAIAIAIAIAAAAAAAAAAAIAIAIAIAIAIAAAIAIAI" "Mozilla/5.0 AppleWebKit/537.36 (KHTML, like Gecko; compatible; GPTBot/1.3; +https://openai.com/gptbot)" www.painelbistroemcasa.meumercado.app 10.53.184.85
74.7.227.157 - - [09/Apr/2026:10:39:42 -0300] "GET /cta-subscribe-centered.php?p=Ahome2Ameumer25AwwwAwp-contentApluginsAelementorAmodulesAatomic-widgetsAprop-typesAcontracts HTTP/2.0" 404 836 "https://painelbistroemcasa.meumercado.app/cta-subscribe-centered.php?p=Ahome2Ameumer25AwwwAwp-contentApluginsAelementorAmodulesAatomic-widgetsAprop-types" "Mozilla/5.0 AppleWebKit/537.36 (KHTML, like Gecko; compatible; GPTBot/1.3; +https://openai.com/gptbot)" painelbistroemcasa.meumercado.app 10.53.184.85
74.7.227.17 - - [09/Apr/2026:10:39:43 -0300] "GET /inline-edit-post.min.js?p=Ahome2Ameumer25ApainebistroemcasaImeumercadoIappAvendorAmercadopagoAdx-phpAIphpdocAcacheAdescriptorsATAIAIAIAIAIAIAIAIAIAIAIAIAIAAAAAIAAAIAAAIAAAAAIAIAIAIAIAAAW HTTP/2.0" 404 836 "https://www.painelbistroemcasa.meumercado.app/inline-edit-post.min.js?p=Ahome2Ameumer25ApainebistroemcasaImeumercadoIappAvendorAmercadopagoAdx-phpAIphpdocAcacheAdescriptorsATAIAIAIAIAIAIAIAIAIAIAIAIAIAAAAAIAAAIAAAIAAAAAIAIAIAIAIAA" "Mozilla/5.0 AppleWebKit/537.36 (KHTML, like Gecko; compatible; GPTBot/1.3; +https://openai.com/gptbot)" www.painelbistroemcasa.meumercado.app 10.53.184.85
74.7.227.157 - - [09/Apr/2026:10:39:47 -0300] "GET /cta-subscribe-centered.php?p=Ahome2Ameumer25AwwwAwp-contentApluginsAastra-sitesAincAlibAgutenberg-templatesAdistAfonts HTTP/2.0" 404 836 "https://painelbistroemcasa.meumercado.app/cta-subscribe-centered.php?p=Ahome2Ameumer25AwwwAwp-contentApluginsAastra-sitesAincAlibAgutenberg-templatesAdist" "Mozilla/5.0 AppleWebKit/537.36 (KHTML, like Gecko; compatible; GPTBot/1.3; +https://openai.com/gptbot)" painelbistroemcasa.meumercado.app 10.53.184.85
74.7.227.17 - - [09/Apr/2026:10:39:47 -0300] "GET /inline-edit-post.min.js?p=Ahome2Ameumer25ApainebistroemcasaImeumercadoIappAvendorAmercadopagoAdx-phpAIphpdocAcacheAdescriptorsATAIAIAIAIAIAIAIAIAIAIAIAIAIAAAAAIAAAAAIAIAIAAAAAIAIAAAAAAAG HTTP/2.0" 404 836 "https://www.painelbistroemcasa.meumercado.app/inline-edit-post.min.js?p=Ahome2Ameumer25ApainebistroemcasaImeumercadoIappAvendorAmercadopagoAdx-phpAIphpdocAcacheAdescriptorsATAIAIAIAIAIAIAIAIAIAIAIAIAIAAAAAIAAAAAIAIAIAAAAAIAIAAAAAA" "Mozilla/5.0 AppleWebKit/537.36 (KHTML, like Gecko; compatible; GPTBot/1.3; +https://openai.com/gptbot)" www.painelbistroemcasa.meumercado.app 10.53.184.85
74.7.227.157 - - [09/Apr/2026:10:39:52 -0300] "GET /post-query.php?p=Ahome2Ameumer25AIcomposer HTTP/2.0" 404 836 "https://painelbistroemcasa.meumercado.app/post-query.php?p=Ahome2Ameumer25" "Mozilla/5.0 AppleWebKit/537.36 (KHTML, like Gecko; compatible; GPTBot/1.3; +https://openai.com/gptbot)" painelbistroemcasa.meumercado.app 10.53.184.85
74.7.227.17 - - [09/Apr/2026:10:39:52 -0300] "GET /inline-edit-post.min.js?p=Ahome2Ameumer25ApainebistroemcasaImeumercadoIappAvendorAmercadopagoAdx-phpAIphpdocAcacheAdescriptorsATAIAIAIAIAIAIAIAIAIAIAIAIAIAAAAAAAIAAAIAIAAAIAIAIAIAAAAAAAIAG HTTP/2.0" 404 836 "https://www.painelbistroemcasa.meumercado.app/inline-edit-post.min.js?p=Ahome2Ameumer25ApainebistroemcasaImeumercadoIappAvendorAmercadopagoAdx-phpAIphpdocAcacheAdescriptorsATAIAIAIAIAIAIAIAIAIAIAIAIAIAAAAAAAIAAAIAIAAAIAIAIAIAAAAAAAI" "Mozilla/5.0 AppleWebKit/537.36 (KHTML, like Gecko; compatible; GPTBot/1.3; +https://openai.com/gptbot)" www.painelbistroemcasa.meumercado.app 10.53.184.85
74.7.227.157 - - [09/Apr/2026:10:39:57 -0300] "GET /excerpt-status.php?edit=51.php&p=Ahome2Ameumer25AIssh HTTP/2.0" 404 836 "https://painelbistroemcasa.meumercado.app/excerpt-status.php?p=Ahome2Ameumer25AIssh" "Mozilla/5.0 AppleWebKit/537.36 (KHTML, like Gecko; compatible; GPTBot/1.3; +https://openai.com/gptbot)" painelbistroemcasa.meumercado.app 10.53.184.85
74.7.227.17 - - [09/Apr/2026:10:39:57 -0300] "GET /inline-edit-post.min.js?p=Ahome2Ameumer25ApainebistroemcasaImeumercadoIappAvendorAmercadopagoAdx-phpAIphpdocAcacheAdescriptorsATAIAIAIAIAIAIAIAIAIAIAIAIAIAAAAAAAIAAAIAIAAAIAAAAAAAIAIAAAH HTTP/2.0" 404 836 "https://www.painelbistroemcasa.meumercado.app/inline-edit-post.min.js?p=Ahome2Ameumer25ApainebistroemcasaImeumercadoIappAvendorAmercadopagoAdx-phpAIphpdocAcacheAdescriptorsATAIAIAIAIAIAIAIAIAIAIAIAIAIAAAAAAAIAAAIAIAAAIAAAAAAAIAIAA" "Mozilla/5.0 AppleWebKit/537.36 (KHTML, like Gecko; compatible; GPTBot/1.3; +https://openai.com/gptbot)" www.painelbistroemcasa.meumercado.app 10.53.184.85
74.7.227.157 - - [09/Apr/2026:10:40:01 -0300] "GET /excerpt-chat.php?edit=51.php&p=Ahome2Ameumer25AIputty HTTP/2.0" 404 836 "https://painelbistroemcasa.meumercado.app/excerpt-chat.php?p=Ahome2Ameumer25AIputty" "Mozilla/5.0 AppleWebKit/537.36 (KHTML, like Gecko; compatible; GPTBot/1.3; +https://openai.com/gptbot)" painelbistroemcasa.meumercado.app 10.53.184.85
74.7.227.17 - - [09/Apr/2026:10:40:01 -0300] "GET /inline-edit-post.min.js?p=Ahome2Ameumer25ApainebistroemcasaImeumercadoIappAvendorAmercadopagoAdx-phpAIphpdocAcacheAdescriptorsATAIAIAIAIAIAIAIAIAIAIAIAIAIAAAAAAAIAAAAAIAAAAAIAAAAAIAIAIAA HTTP/2.0" 404 836 "https://www.painelbistroemcasa.meumercado.app/inline-edit-post.min.js?p=Ahome2Ameumer25ApainebistroemcasaImeumercadoIappAvendorAmercadopagoAdx-phpAIphpdocAcacheAdescriptorsATAIAIAIAIAIAIAIAIAIAIAIAIAIAAAAAAAIAAAAAIAAAAAIAAAAAIAIAI" "Mozilla/5.0 AppleWebKit/537.36 (KHTML, like Gecko; compatible; GPTBot/1.3; +https://openai.com/gptbot)" www.painelbistroemcasa.meumercado.app 10.53.184.85
74.7.227.157 - - [09/Apr/2026:10:40:06 -0300] "GET /excerpt.php?edit=51.php&p=Ahome2Ameumer25Apublic_html HTTP/2.0" 404 836 "https://painelbistroemcasa.meumercado.app/excerpt.php?p=Ahome2Ameumer25Apublic_html" "Mozilla/5.0 AppleWebKit/537.36 (KHTML, like Gecko; compatible; GPTBot/1.3; +https://openai.com/gptbot)" painelbistroemcasa.meumercado.app 10.53.184.85
74.7.227.17 - - [09/Apr/2026:10:40:06 -0300] "GET /inline-edit-post.min.js?p=Ahome2Ameumer25ApainebistroemcasaImeumercadoIappAvendorAmercadopagoAdx-phpAIphpdocAcacheAdescriptorsATAIAIAIAIAIAIAIAIAIAIAIAIAIAAAAAAAAAAAAAAAIAAAAAIAAAIAAAAAAAH HTTP/2.0" 404 836 "https://www.painelbistroemcasa.meumercado.app/inline-edit-post.min.js?p=Ahome2Ameumer25ApainebistroemcasaImeumercadoIappAvendorAmercadopagoAdx-phpAIphpdocAcacheAdescriptorsATAIAIAIAIAIAIAIAIAIAIAIAIAIAAAAAAAAAAAAAAAIAAAAAIAAAIAAAAAA" "Mozilla/5.0 AppleWebKit/537.36 (KHTML, like Gecko; compatible; GPTBot/1.3; +https://openai.com/gptbot)" www.painelbistroemcasa.meumercado.app 10.53.184.85
74.7.227.157 - - [09/Apr/2026:10:40:11 -0300] "GET /excerpt-status.php?edit=51.php&p=Ahome2Ameumer25Aperl HTTP/2.0" 404 836 "https://painelbistroemcasa.meumercado.app/excerpt-status.php?p=Ahome2Ameumer25Aperl" "Mozilla/5.0 AppleWebKit/537.36 (KHTML, like Gecko; compatible; GPTBot/1.3; +https://openai.com/gptbot)" painelbistroemcasa.meumercado.app 10.53.184.85
74.7.227.17 - - [09/Apr/2026:10:40:11 -0300] "GET /inline-edit-post.min.js?p=Ahome2Ameumer25ApainebistroemcasaImeumercadoIappAvendorAmercadopagoAdx-phpAIphpdocAcacheAdescriptorsATAIAIAIAIAIAIAIAIAIAIAIAIAIAAAAAAAIAAAIAAAIAAAAAAAIAAAAAIAAAI HTTP/2.0" 404 836 "https://www.painelbistroemcasa.meumercado.app/inline-edit-post.min.js?p=Ahome2Ameumer25ApainebistroemcasaImeumercadoIappAvendorAmercadopagoAdx-phpAIphpdocAcacheAdescriptorsATAIAIAIAIAIAIAIAIAIAIAIAIAIAAAAAAAIAAAIAAAIAAAAAAAIAAAAAIAA" "Mozilla/5.0 AppleWebKit/537.36 (KHTML, like Gecko; compatible; GPTBot/1.3; +https://openai.com/gptbot)" www.painelbistroemcasa.meumercado.app 10.53.184.85
74.7.227.157 - - [09/Apr/2026:10:40:15 -0300] "GET /class-astra-header-search-component.php?edit=awstats.suaboaforma.meumercado.app.conf&p=Ahome2Ameumer25AtmpAawstatsAssl HTTP/2.0" 404 836 "https://painelbistroemcasa.meumercado.app/class-astra-header-search-component.php?p=Ahome2Ameumer25AtmpAawstatsAssl" "Mozilla/5.0 AppleWebKit/537.36 (KHTML, like Gecko; compatible; GPTBot/1.3; +https://openai.com/gptbot)" painelbistroemcasa.meumercado.app 10.53.184.85
74.7.227.17 - - [09/Apr/2026:10:40:16 -0300] "GET /inline-edit-post.min.js?p=Ahome2Ameumer25ApainebistroemcasaImeumercadoIappAvendorAmercadopagoAdx-phpAIphpdocAcacheAdescriptorsATAIAIAIAIAIAIAIAIAIAIAIAIAIAAAAAIAAAIAAAIAIAIAIAAAAAAAIAAAAAG HTTP/2.0" 404 836 "https://www.painelbistroemcasa.meumercado.app/inline-edit-post.min.js?p=Ahome2Ameumer25ApainebistroemcasaImeumercadoIappAvendorAmercadopagoAdx-phpAIphpdocAcacheAdescriptorsATAIAIAIAIAIAIAIAIAIAIAIAIAIAAAAAIAAAIAAAIAIAIAIAAAAAAAIAAAA" "Mozilla/5.0 AppleWebKit/537.36 (KHTML, like Gecko; compatible; GPTBot/1.3; +https://openai.com/gptbot)" www.painelbistroemcasa.meumercado.app 10.53.184.85
74.7.227.157 - - [09/Apr/2026:10:40:20 -0300] "GET /class-astra-header-search-component.php?edit=awstats.sasakisushi.meumercado.app.conf&p=Ahome2Ameumer25AtmpAawstatsAssl HTTP/2.0" 404 836 "https://painelbistroemcasa.meumercado.app/class-astra-header-search-component.php?p=Ahome2Ameumer25AtmpAawstatsAssl" "Mozilla/5.0 AppleWebKit/537.36 (KHTML, like Gecko; compatible; GPTBot/1.3; +https://openai.com/gptbot)" painelbistroemcasa.meumercado.app 10.53.184.85
74.7.227.17 - - [09/Apr/2026:10:40:20 -0300] "GET /inline-edit-post.min.js?p=Ahome2Ameumer25ApainebistroemcasaImeumercadoIappAvendorAmercadopagoAdx-phpAIphpdocAcacheAdescriptorsATAIAIAIAIAIAIAIAIAIAIAIAIAIAAAAAIAAAIAIAAAAAIAIAAAIAIAAAIAAAH HTTP/2.0" 404 836 "https://www.painelbistroemcasa.meumercado.app/inline-edit-post.min.js?p=Ahome2Ameumer25ApainebistroemcasaImeumercadoIappAvendorAmercadopagoAdx-phpAIphpdocAcacheAdescriptorsATAIAIAIAIAIAIAIAIAIAIAIAIAIAAAAAIAAAIAIAAAAAIAIAAAIAIAAAIAA" "Mozilla/5.0 AppleWebKit/537.36 (KHTML, like Gecko; compatible; GPTBot/1.3; +https://openai.com/gptbot)" www.painelbistroemcasa.meumercado.app 10.53.184.85
74.7.227.157 - - [09/Apr/2026:10:40:25 -0300] "GET /class-astra-header-search-component.php?edit=awstats.brasileirissimo.meumercado.app.conf&p=Ahome2Ameumer25AtmpAawstats HTTP/2.0" 404 836 "https://painelbistroemcasa.meumercado.app/class-astra-header-search-component.php?p=Ahome2Ameumer25AtmpAawstats" "Mozilla/5.0 AppleWebKit/537.36 (KHTML, like Gecko; compatible; GPTBot/1.3; +https://openai.com/gptbot)" painelbistroemcasa.meumercado.app 10.53.184.85
74.7.227.17 - - [09/Apr/2026:10:40:25 -0300] "GET /inline-edit-post.min.js?p=Ahome2Ameumer25ApainebistroemcasaImeumercadoIappAvendorAmercadopagoAdx-phpAIphpdocAcacheAdescriptorsATAIAIAIAIAIAIAIAIAIAIAIAIAIAAAAAIAAAIAAAAAIAAAIAAAIAIAIAAAAAW HTTP/2.0" 404 836 "https://www.painelbistroemcasa.meumercado.app/inline-edit-post.min.js?p=Ahome2Ameumer25ApainebistroemcasaImeumercadoIappAvendorAmercadopagoAdx-phpAIphpdocAcacheAdescriptorsATAIAIAIAIAIAIAIAIAIAIAIAIAIAAAAAIAAAIAAAAAIAAAIAAAIAIAIAAAA" "Mozilla/5.0 AppleWebKit/537.36 (KHTML, like Gecko; compatible; GPTBot/1.3; +https://openai.com/gptbot)" www.painelbistroemcasa.meumercado.app 10.53.184.85
74.7.227.157 - - [09/Apr/2026:10:40:29 -0300] "GET /excerpt.php?edit=dovecot.index.log&p=Ahome2Ameumer25AmailAISent HTTP/2.0" 404 836 "https://painelbistroemcasa.meumercado.app/excerpt.php?p=Ahome2Ameumer25AmailAISent" "Mozilla/5.0 AppleWebKit/537.36 (KHTML, like Gecko; compatible; GPTBot/1.3; +https://openai.com/gptbot)" painelbistroemcasa.meumercado.app 10.53.184.85
74.7.227.17 - - [09/Apr/2026:10:40:30 -0300] "GET /inline-edit-post.min.js?p=Ahome2Ameumer25ApainebistroemcasaImeumercadoIappAvendorAmercadopagoAdx-phpAIphpdocAcacheAdescriptorsATAIAIAIAIAIAIAIAIAIAIAIAIAIAAAAAIAAAAAIAAAAAIAIAAAIAAAAAIAIAW HTTP/2.0" 404 836 "https://www.painelbistroemcasa.meumercado.app/inline-edit-post.min.js?p=Ahome2Ameumer25ApainebistroemcasaImeumercadoIappAvendorAmercadopagoAdx-phpAIphpdocAcacheAdescriptorsATAIAIAIAIAIAIAIAIAIAIAIAIAIAAAAAIAAAAAIAAAAAIAIAAAIAAAAAIAI" "Mozilla/5.0 AppleWebKit/537.36 (KHTML, like Gecko; compatible; GPTBot/1.3; +https://openai.com/gptbot)" www.painelbistroemcasa.meumercado.app 10.53.184.85
74.7.227.157 - - [09/Apr/2026:10:40:34 -0300] "GET /content-excerpt.php?p=Ahome2Ameumer25AmeupetIappAwp-contentAuploadsAastra-sites HTTP/2.0" 404 836 "https://painelbistroemcasa.meumercado.app/content-excerpt.php?p=Ahome2Ameumer25AmeupetIappAwp-contentAuploads" "Mozilla/5.0 AppleWebKit/537.36 (KHTML, like Gecko; compatible; GPTBot/1.3; +https://openai.com/gptbot)" painelbistroemcasa.meumercado.app 10.53.184.85
74.7.227.17 - - [09/Apr/2026:10:40:34 -0300] "GET /inline-edit-post.min.js?p=Ahome2Ameumer25ApainebistroemcasaImeumercadoIappAvendorAmercadopagoAdx-phpAIphpdocAcacheAdescriptorsATAIAIAIAIAIAIAIAIAIAIAIAIAIAAAAAAAAAIAAAIAIAIAIAAAIAAAAAIAG HTTP/2.0" 404 836 "https://www.painelbistroemcasa.meumercado.app/inline-edit-post.min.js?p=Ahome2Ameumer25ApainebistroemcasaImeumercadoIappAvendorAmercadopagoAdx-phpAIphpdocAcacheAdescriptorsATAIAIAIAIAIAIAIAIAIAIAIAIAIAAAAAAAAAIAAAIAIAIAIAAAIAAAAAI" "Mozilla/5.0 AppleWebKit/537.36 (KHTML, like Gecko; compatible; GPTBot/1.3; +https://openai.com/gptbot)" www.painelbistroemcasa.meumercado.app 10.53.184.85
74.7.227.157 - - [09/Apr/2026:10:40:39 -0300] "GET /content-excerpt.php?p=Ahome2Ameumer25AmeupetIappAwp-contentApluginsAcustom-fonts HTTP/2.0" 404 836 "https://painelbistroemcasa.meumercado.app/content-excerpt.php?p=Ahome2Ameumer25AmeupetIappAwp-contentAplugins" "Mozilla/5.0 AppleWebKit/537.36 (KHTML, like Gecko; compatible; GPTBot/1.3; +https://openai.com/gptbot)" painelbistroemcasa.meumercado.app 10.53.184.85
74.7.227.17 - - [09/Apr/2026:10:40:39 -0300] "GET /inline-edit-post.min.js?p=Ahome2Ameumer25ApainebistroemcasaImeumercadoIappAvendorAmercadopagoAdx-phpAIphpdocAcacheAdescriptorsATAIAIAIAIAIAIAIAIAIAIAIAIAIAAAAAIAAAAAIAAAAAIAIAIAIAAAAAAAG HTTP/2.0" 404 836 "https://www.painelbistroemcasa.meumercado.app/inline-edit-post.min.js?p=Ahome2Ameumer25ApainebistroemcasaImeumercadoIappAvendorAmercadopagoAdx-phpAIphpdocAcacheAdescriptorsATAIAIAIAIAIAIAIAIAIAIAIAIAIAAAAAIAAAAAIAAAAAIAIAIAIAAAAAA" "Mozilla/5.0 AppleWebKit/537.36 (KHTML, like Gecko; compatible; GPTBot/1.3; +https://openai.com/gptbot)" www.painelbistroemcasa.meumercado.app 10.53.184.85
74.7.227.157 - - [09/Apr/2026:10:40:44 -0300] "GET /content-excerpt.php?p=Ahome2Ameumer25AmeupetIappAwp-contentApluginsAastra-sites HTTP/2.0" 404 836 "https://painelbistroemcasa.meumercado.app/content-excerpt.php?p=Ahome2Ameumer25AmeupetIappAwp-contentAplugins" "Mozilla/5.0 AppleWebKit/537.36 (KHTML, like Gecko; compatible; GPTBot/1.3; +https://openai.com/gptbot)" painelbistroemcasa.meumercado.app 10.53.184.85
74.7.227.17 - - [09/Apr/2026:10:40:45 -0300] "GET /inline-edit-post.min.js?p=Ahome2Ameumer25ApainebistroemcasaImeumercadoIappAvendorAmercadopagoAdx-phpAIphpdocAcacheAdescriptorsATAIAIAIAIAIAIAIAIAIAIAIAIAIAAAAAAAAAAAAAIAAAAAIAAAAAAAIAIAIAH HTTP/2.0" 404 836 "https://www.painelbistroemcasa.meumercado.app/inline-edit-post.min.js?p=Ahome2Ameumer25ApainebistroemcasaImeumercadoIappAvendorAmercadopagoAdx-phpAIphpdocAcacheAdescriptorsATAIAIAIAIAIAIAIAIAIAIAIAIAIAAAAAAAAAAAAAIAAAAAIAAAAAAAIAIAI" "Mozilla/5.0 AppleWebKit/537.36 (KHTML, like Gecko; compatible; GPTBot/1.3; +https://openai.com/gptbot)" www.painelbistroemcasa.meumercado.app 10.53.184.85
74.7.227.157 - - [09/Apr/2026:10:40:49 -0300] "GET /excerpt-video.php?edit=admin-metabox.js&p=Ahome2Ameumer25AwwwAwp-contentApluginsAgoogle-analytics-for-wordpressAassetsAjs HTTP/2.0" 404 836 "https://painelbistroemcasa.meumercado.app/excerpt-video.php?p=Ahome2Ameumer25AwwwAwp-contentApluginsAgoogle-analytics-for-wordpressAassetsAjs" "Mozilla/5.0 AppleWebKit/537.36 (KHTML, like Gecko; compatible; GPTBot/1.3; +https://openai.com/gptbot)" painelbistroemcasa.meumercado.app 10.53.184.85
74.7.227.17 - - [09/Apr/2026:10:40:49 -0300] "GET /inline-edit-post.min.js?p=Ahome2Ameumer25ApainebistroemcasaImeumercadoIappAvendorAmercadopagoAdx-phpAIphpdocAcacheAdescriptorsATAIAIAIAIAIAIAIAIAIAIAIAIAIAAAAAIAAAAAAAAAIAIAAAIAIAIAIAIAG HTTP/2.0" 404 836 "https://www.painelbistroemcasa.meumercado.app/inline-edit-post.min.js?p=Ahome2Ameumer25ApainebistroemcasaImeumercadoIappAvendorAmercadopagoAdx-phpAIphpdocAcacheAdescriptorsATAIAIAIAIAIAIAIAIAIAIAIAIAIAAAAAIAAAAAAAAAIAIAAAIAIAIAIAI" "Mozilla/5.0 AppleWebKit/537.36 (KHTML, like Gecko; compatible; GPTBot/1.3; +https://openai.com/gptbot)" www.painelbistroemcasa.meumercado.app 10.53.184.85
74.7.227.157 - - [09/Apr/2026:10:40:54 -0300] "GET /excerpt-link.php?p=Ahome2Ameumer25AetcAmeumercadoIapp HTTP/2.0" 404 836 "https://painelbistroemcasa.meumercado.app/excerpt-link.php?p=Ahome2Ameumer25Aetc" "Mozilla/5.0 AppleWebKit/537.36 (KHTML, like Gecko; compatible; GPTBot/1.3; +https://openai.com/gptbot)" painelbistroemcasa.meumercado.app 10.53.184.85
74.7.227.17 - - [09/Apr/2026:10:40:54 -0300] "GET /inline-edit-post.min.js?p=Ahome2Ameumer25ApainebistroemcasaImeumercadoIappAvendorAmercadopagoAdx-phpAIphpdocAcacheAdescriptorsATAIAIAIAIAIAIAIAIAIAIAIAIAIAAAAAAAIAAAAAAAIAIAAAIAAAIAAAAAH HTTP/2.0" 404 836 "https://www.painelbistroemcasa.meumercado.app/inline-edit-post.min.js?p=Ahome2Ameumer25ApainebistroemcasaImeumercadoIappAvendorAmercadopagoAdx-phpAIphpdocAcacheAdescriptorsATAIAIAIAIAIAIAIAIAIAIAIAIAIAAAAAAAIAAAAAAAIAIAAAIAAAIAAAA" "Mozilla/5.0 AppleWebKit/537.36 (KHTML, like Gecko; compatible; GPTBot/1.3; +https://openai.com/gptbot)" www.painelbistroemcasa.meumercado.app 10.53.184.85
74.7.227.157 - - [09/Apr/2026:10:40:59 -0300] "GET /excerpt-status.php?p=Ahome2Ameumer25AwwwAwp-contentApluginsAelementor-proAmodulesAtable-of-contentsAassets HTTP/2.0" 404 836 "https://painelbistroemcasa.meumercado.app/excerpt-status.php?p=Ahome2Ameumer25AwwwAwp-contentApluginsAelementor-proAmodulesAtable-of-contents" "Mozilla/5.0 AppleWebKit/537.36 (KHTML, like Gecko; compatible; GPTBot/1.3; +https://openai.com/gptbot)" painelbistroemcasa.meumercado.app 10.53.184.85
74.7.227.17 - - [09/Apr/2026:10:40:59 -0300] "GET /inline-edit-post.min.js?p=Ahome2Ameumer25ApainebistroemcasaImeumercadoIappAvendorAmercadopagoAdx-phpAIphpdocAcacheAdescriptorsATAIAIAIAIAIAIAIAIAIAIAIAIAIAAAAAIAAAAAIAAAIAIAIAAAIAIAIAAAIAW HTTP/2.0" 404 836 "https://www.painelbistroemcasa.meumercado.app/inline-edit-post.min.js?p=Ahome2Ameumer25ApainebistroemcasaImeumercadoIappAvendorAmercadopagoAdx-phpAIphpdocAcacheAdescriptorsATAIAIAIAIAIAIAIAIAIAIAIAIAIAAAAAIAAAAAIAAAIAIAIAAAIAIAIAAAI" "Mozilla/5.0 AppleWebKit/537.36 (KHTML, like Gecko; compatible; GPTBot/1.3; +https://openai.com/gptbot)" www.painelbistroemcasa.meumercado.app 10.53.184.85
74.7.227.17 - - [09/Apr/2026:10:41:03 -0300] "GET /inline-edit-post.min.js?p=Ahome2Ameumer25ApainebistroemcasaImeumercadoIappAvendorAmercadopagoAdx-phpAIphpdocAcacheAdescriptorsATAIAIAIAIAIAIAIAIAIAIAIAIAIAAAAAIAAAAAAAIAAAIAIAAAAAIAAAAAAAW HTTP/2.0" 404 836 "https://www.painelbistroemcasa.meumercado.app/inline-edit-post.min.js?p=Ahome2Ameumer25ApainebistroemcasaImeumercadoIappAvendorAmercadopagoAdx-phpAIphpdocAcacheAdescriptorsATAIAIAIAIAIAIAIAIAIAIAIAIAIAAAAAIAAAAAAAIAAAIAIAAAAAIAAAAAA" "Mozilla/5.0 AppleWebKit/537.36 (KHTML, like Gecko; compatible; GPTBot/1.3; +https://openai.com/gptbot)" www.painelbistroemcasa.meumercado.app 10.53.184.85
74.7.227.157 - - [09/Apr/2026:10:41:03 -0300] "GET /excerpt-video.php?p=Ahome2Ameumer25Apublic_htmlAwp-contentApluginsAwpforms-liteAassetsAimagesAstripe HTTP/2.0" 404 836 "https://painelbistroemcasa.meumercado.app/excerpt-video.php?p=Ahome2Ameumer25Apublic_htmlAwp-contentApluginsAwpforms-liteAassetsAimages" "Mozilla/5.0 AppleWebKit/537.36 (KHTML, like Gecko; compatible; GPTBot/1.3; +https://openai.com/gptbot)" painelbistroemcasa.meumercado.app 10.53.184.85
74.7.227.17 - - [09/Apr/2026:10:41:08 -0300] "GET /inline-edit-post.min.js?p=Ahome2Ameumer25ApainebistroemcasaImeumercadoIappAvendorAmercadopagoAdx-phpAIphpdocAcacheAdescriptorsATAIAIAIAIAIAIAIAIAIAIAIAIAIAAAAAAAIAAAAAIAIAIAIAAAAAIAIAAAAAI HTTP/2.0" 404 836 "https://www.painelbistroemcasa.meumercado.app/inline-edit-post.min.js?p=Ahome2Ameumer25ApainebistroemcasaImeumercadoIappAvendorAmercadopagoAdx-phpAIphpdocAcacheAdescriptorsATAIAIAIAIAIAIAIAIAIAIAIAIAIAAAAAAAIAAAAAIAIAIAIAAAAAIAIAAAA" "Mozilla/5.0 AppleWebKit/537.36 (KHTML, like Gecko; compatible; GPTBot/1.3; +https://openai.com/gptbot)" www.painelbistroemcasa.meumercado.app 10.53.184.85
74.7.227.157 - - [09/Apr/2026:10:41:08 -0300] "GET /excerpt-video.php?p=Ahome2Ameumer25Apublic_htmlAwp-contentApluginsAelementorAmodulesAsite-navigation HTTP/2.0" 404 836 "https://painelbistroemcasa.meumercado.app/excerpt-video.php?p=Ahome2Ameumer25Apublic_htmlAwp-contentApluginsAelementorAmodules" "Mozilla/5.0 AppleWebKit/537.36 (KHTML, like Gecko; compatible; GPTBot/1.3; +https://openai.com/gptbot)" painelbistroemcasa.meumercado.app 10.53.184.85
74.7.227.17 - - [09/Apr/2026:10:41:13 -0300] "GET /inline-edit-post.min.js?p=Ahome2Ameumer25ApainebistroemcasaImeumercadoIappAvendorAmercadopagoAdx-phpAIphpdocAcacheAdescriptorsATAIAIAIAIAIAIAIAIAIAIAIAIAIAAAAAIAAAIAIAAAIAAAIAAAIAIAAAIAIAA HTTP/2.0" 404 836 "https://www.painelbistroemcasa.meumercado.app/inline-edit-post.min.js?p=Ahome2Ameumer25ApainebistroemcasaImeumercadoIappAvendorAmercadopagoAdx-phpAIphpdocAcacheAdescriptorsATAIAIAIAIAIAIAIAIAIAIAIAIAIAAAAAIAAAIAIAAAIAAAIAAAIAIAAAIAI" "Mozilla/5.0 AppleWebKit/537.36 (KHTML, like Gecko; compatible; GPTBot/1.3; +https://openai.com/gptbot)" www.painelbistroemcasa.meumercado.app 10.53.184.85
74.7.227.157 - - [09/Apr/2026:10:41:13 -0300] "GET /excerpt-video.php?p=Ahome2Ameumer25Apublic_htmlAwp-contentApluginsAwpforms-liteAtemplatesAadminApages HTTP/2.0" 404 836 "https://painelbistroemcasa.meumercado.app/excerpt-video.php?p=Ahome2Ameumer25Apublic_htmlAwp-contentApluginsAwpforms-liteAtemplatesAadmin" "Mozilla/5.0 AppleWebKit/537.36 (KHTML, like Gecko; compatible; GPTBot/1.3; +https://openai.com/gptbot)" painelbistroemcasa.meumercado.app 10.53.184.85
74.7.227.17 - - [09/Apr/2026:10:41:17 -0300] "GET /inline-edit-post.min.js?p=Ahome2Ameumer25ApainebistroemcasaImeumercadoIappAvendorAmercadopagoAdx-phpAIphpdocAcacheAdescriptorsATAIAIAIAIAIAIAIAIAIAIAIAIAIAAAAAIAAAIAIAIAAAAAAAIAAAAAAAAAAAW HTTP/2.0" 404 836 "https://www.painelbistroemcasa.meumercado.app/inline-edit-post.min.js?p=Ahome2Ameumer25ApainebistroemcasaImeumercadoIappAvendorAmercadopagoAdx-phpAIphpdocAcacheAdescriptorsATAIAIAIAIAIAIAIAIAIAIAIAIAIAAAAAIAAAIAIAIAAAAAAAIAAAAAAAAAA" "Mozilla/5.0 AppleWebKit/537.36 (KHTML, like Gecko; compatible; GPTBot/1.3; +https://openai.com/gptbot)" www.painelbistroemcasa.meumercado.app 10.53.184.85
74.7.227.157 - - [09/Apr/2026:10:41:18 -0300] "GET /excerpt-video.php?p=Ahome2Ameumer25Apublic_htmlAwp-contentApluginsAelementorAmodulesAperformance-lab HTTP/2.0" 404 836 "https://painelbistroemcasa.meumercado.app/excerpt-video.php?p=Ahome2Ameumer25Apublic_htmlAwp-contentApluginsAelementorAmodules" "Mozilla/5.0 AppleWebKit/537.36 (KHTML, like Gecko; compatible; GPTBot/1.3; +https://openai.com/gptbot)" painelbistroemcasa.meumercado.app 10.53.184.85
74.7.227.17 - - [09/Apr/2026:10:41:22 -0300] "GET /inline-edit-post.min.js?p=Ahome2Ameumer25ApainebistroemcasaImeumercadoIappAvendorAmercadopagoAdx-phpAIphpdocAcacheAdescriptorsATAIAIAIAIAIAIAIAIAIAIAIAIAIAAAAAAAAAAAIAIAIAIAAAIAAAIAAAIAAAH HTTP/2.0" 404 836 "https://www.painelbistroemcasa.meumercado.app/inline-edit-post.min.js?p=Ahome2Ameumer25ApainebistroemcasaImeumercadoIappAvendorAmercadopagoAdx-phpAIphpdocAcacheAdescriptorsATAIAIAIAIAIAIAIAIAIAIAIAIAIAAAAAAAAAAAIAIAIAIAAAIAAAIAAAIAA" "Mozilla/5.0 AppleWebKit/537.36 (KHTML, like Gecko; compatible; GPTBot/1.3; +https://openai.com/gptbot)" www.painelbistroemcasa.meumercado.app 10.53.184.85
74.7.227.157 - - [09/Apr/2026:10:41:22 -0300] "GET /excerpt-video.php?p=Ahome2Ameumer25Apublic_htmlAwp-contentApluginsAelementorAmodulesAfloating-buttons HTTP/2.0" 404 836 "https://painelbistroemcasa.meumercado.app/excerpt-video.php?p=Ahome2Ameumer25Apublic_htmlAwp-contentApluginsAelementorAmodules" "Mozilla/5.0 AppleWebKit/537.36 (KHTML, like Gecko; compatible; GPTBot/1.3; +https://openai.com/gptbot)" painelbistroemcasa.meumercado.app 10.53.184.85
74.7.227.17 - - [09/Apr/2026:10:41:27 -0300] "GET /inline-edit-post.min.js?p=Ahome2Ameumer25ApainebistroemcasaImeumercadoIappAvendorAmercadopagoAdx-phpAIphpdocAcacheAdescriptorsATAIAIAIAIAIAIAIAIAIAIAIAIAIAAAAAIAAAIAIAIAAAIAAAIAIAIAAAAAH HTTP/2.0" 404 836 "https://www.painelbistroemcasa.meumercado.app/inline-edit-post.min.js?p=Ahome2Ameumer25ApainebistroemcasaImeumercadoIappAvendorAmercadopagoAdx-phpAIphpdocAcacheAdescriptorsATAIAIAIAIAIAIAIAIAIAIAIAIAIAAAAAIAAAIAIAIAAAIAAAIAIAIAAAA" "Mozilla/5.0 AppleWebKit/537.36 (KHTML, like Gecko; compatible; GPTBot/1.3; +https://openai.com/gptbot)" www.painelbistroemcasa.meumercado.app 10.53.184.85
74.7.227.157 - - [09/Apr/2026:10:41:27 -0300] "GET /excerpt-video.php?p=Ahome2Ameumer25Apublic_htmlAwp-contentApluginsAwpforms-liteAassetsAimagesAsplash HTTP/2.0" 404 836 "https://painelbistroemcasa.meumercado.app/excerpt-video.php?p=Ahome2Ameumer25Apublic_htmlAwp-contentApluginsAwpforms-liteAassetsAimages" "Mozilla/5.0 AppleWebKit/537.36 (KHTML, like Gecko; compatible; GPTBot/1.3; +https://openai.com/gptbot)" painelbistroemcasa.meumercado.app 10.53.184.85
74.7.227.17 - - [09/Apr/2026:10:41:31 -0300] "GET /inline-edit-post.min.js?p=Ahome2Ameumer25ApainebistroemcasaImeumercadoIappAvendorAmercadopagoAdx-phpAIphpdocAcacheAdescriptorsATAIAIAIAIAIAIAIAIAIAIAIAIAIAAAAAIAAAAAIAIAAAIAIAIAIAIAIAAAIAH HTTP/2.0" 404 836 "https://www.painelbistroemcasa.meumercado.app/inline-edit-post.min.js?p=Ahome2Ameumer25ApainebistroemcasaImeumercadoIappAvendorAmercadopagoAdx-phpAIphpdocAcacheAdescriptorsATAIAIAIAIAIAIAIAIAIAIAIAIAIAAAAAIAAAAAIAIAAAIAIAIAIAIAIAAAI" "Mozilla/5.0 AppleWebKit/537.36 (KHTML, like Gecko; compatible; GPTBot/1.3; +https://openai.com/gptbot)" www.painelbistroemcasa.meumercado.app 10.53.184.85
74.7.227.157 - - [09/Apr/2026:10:41:32 -0300] "GET /excerpt-video.php?p=Ahome2Ameumer25Apublic_htmlAwp-contentApluginsAelementorAassetsAlibAfont-awesome HTTP/2.0" 404 836 "https://painelbistroemcasa.meumercado.app/excerpt-video.php?p=Ahome2Ameumer25Apublic_htmlAwp-contentApluginsAelementorAassetsAlib" "Mozilla/5.0 AppleWebKit/537.36 (KHTML, like Gecko; compatible; GPTBot/1.3; +https://openai.com/gptbot)" painelbistroemcasa.meumercado.app 10.53.184.85
74.7.227.17 - - [09/Apr/2026:10:41:36 -0300] "GET /inline-edit-post.min.js?p=Ahome2Ameumer25ApainebistroemcasaImeumercadoIappAvendorAmercadopagoAdx-phpAIphpdocAcacheAdescriptorsATAIAIAIAIAIAIAIAIAIAIAIAIAIAAAAAIAAAAAIAAAIAIAAAAAAAIAAAIAH HTTP/2.0" 404 836 "https://www.painelbistroemcasa.meumercado.app/inline-edit-post.min.js?p=Ahome2Ameumer25ApainebistroemcasaImeumercadoIappAvendorAmercadopagoAdx-phpAIphpdocAcacheAdescriptorsATAIAIAIAIAIAIAIAIAIAIAIAIAIAAAAAIAAAAAIAAAIAIAAAAAAAIAAAI" "Mozilla/5.0 AppleWebKit/537.36 (KHTML, like Gecko; compatible; GPTBot/1.3; +https://openai.com/gptbot)" www.painelbistroemcasa.meumercado.app 10.53.184.85
74.7.227.157 - - [09/Apr/2026:10:41:37 -0300] "GET /UnlinkCustomerFromGiftCardRequest.php HTTP/2.0" 404 836 "https://painelbistroemcasa.meumercado.app/single-post.svg?p=Ahome2Ameumer25AmeupetIappAwp-contentApluginsAwpforms-liteAvendor_prefixedAsquareAsquareAsrcAModels" "Mozilla/5.0 AppleWebKit/537.36 (KHTML, like Gecko; compatible; GPTBot/1.3; +https://openai.com/gptbot)" painelbistroemcasa.meumercado.app 10.53.184.85
74.7.227.17 - - [09/Apr/2026:10:41:41 -0300] "GET /inline-edit-post.min.js?p=Ahome2Ameumer25ApainebistroemcasaImeumercadoIappAvendorAmercadopagoAdx-phpAIphpdocAcacheAdescriptorsATAIAIAIAIAIAIAIAIAIAIAIAIAIAAAAAAAIAAAIAAAAAAAIAAAAAAAAAAAG HTTP/2.0" 404 836 "https://www.painelbistroemcasa.meumercado.app/inline-edit-post.min.js?p=Ahome2Ameumer25ApainebistroemcasaImeumercadoIappAvendorAmercadopagoAdx-phpAIphpdocAcacheAdescriptorsATAIAIAIAIAIAIAIAIAIAIAIAIAIAAAAAAAIAAAIAAAAAAAIAAAAAAAAAA" "Mozilla/5.0 AppleWebKit/537.36 (KHTML, like Gecko; compatible; GPTBot/1.3; +https://openai.com/gptbot)" www.painelbistroemcasa.meumercado.app 10.53.184.85
74.7.227.157 - - [09/Apr/2026:10:41:41 -0300] "GET /cta-subscribe-centered.php?edit=comment-grey-bubble-2x.png&p=Ahome2Ameumer25AmeupetIappAwp-adminAimages HTTP/2.0" 404 836 "https://painelbistroemcasa.meumercado.app/cta-subscribe-centered.php?p=Ahome2Ameumer25AmeupetIappAwp-adminAimages" "Mozilla/5.0 AppleWebKit/537.36 (KHTML, like Gecko; compatible; GPTBot/1.3; +https://openai.com/gptbot)" painelbistroemcasa.meumercado.app 10.53.184.85
74.7.227.17 - - [09/Apr/2026:10:41:45 -0300] "GET /inline-edit-post.min.js?p=Ahome2Ameumer25ApainebistroemcasaImeumercadoIappAvendorAmercadopagoAdx-phpAIphpdocAcacheAdescriptorsATAIAIAIAIAIAIAIAIAIAIAIAIAIAAAAAAAIAAAIAAAIAIAAAAAIAIAAAIAIAW HTTP/2.0" 404 836 "https://www.painelbistroemcasa.meumercado.app/inline-edit-post.min.js?p=Ahome2Ameumer25ApainebistroemcasaImeumercadoIappAvendorAmercadopagoAdx-phpAIphpdocAcacheAdescriptorsATAIAIAIAIAIAIAIAIAIAIAIAIAIAAAAAAAIAAAIAAAIAIAAAAAIAIAAAIAI" "Mozilla/5.0 AppleWebKit/537.36 (KHTML, like Gecko; compatible; GPTBot/1.3; +https://openai.com/gptbot)" www.painelbistroemcasa.meumercado.app 10.53.184.85
74.7.227.157 - - [09/Apr/2026:10:41:46 -0300] "GET /elementor-post-query.php?edit=comment-reply.min.js&p=Ahome2Ameumer25AmeupetIappAwp-includesAjs HTTP/2.0" 404 836 "https://painelbistroemcasa.meumercado.app/elementor-post-query.php?p=Ahome2Ameumer25AmeupetIappAwp-includesAjs" "Mozilla/5.0 AppleWebKit/537.36 (KHTML, like Gecko; compatible; GPTBot/1.3; +https://openai.com/gptbot)" painelbistroemcasa.meumercado.app 10.53.184.85
74.7.227.17 - - [09/Apr/2026:10:41:50 -0300] "GET /inline-edit-post.min.js?p=Ahome2Ameumer25ApainebistroemcasaImeumercadoIappAvendorAmercadopagoAdx-phpAIphpdocAcacheAdescriptorsATAIAIAIAIAIAIAIAIAIAIAIAIAIAAAAAIAAAAAIAAAAAAAAAAAAAIAIAAAG HTTP/2.0" 404 836 "https://www.painelbistroemcasa.meumercado.app/inline-edit-post.min.js?p=Ahome2Ameumer25ApainebistroemcasaImeumercadoIappAvendorAmercadopagoAdx-phpAIphpdocAcacheAdescriptorsATAIAIAIAIAIAIAIAIAIAIAIAIAIAAAAAIAAAAAIAAAAAAAAAAAAAIAIAA" "Mozilla/5.0 AppleWebKit/537.36 (KHTML, like Gecko; compatible; GPTBot/1.3; +https://openai.com/gptbot)" www.painelbistroemcasa.meumercado.app 10.53.184.85
74.7.227.157 - - [09/Apr/2026:10:41:51 -0300] "GET /dx-php-samples-suscriptions-subscribe-to-plan.html?p=Ahome2Ameumer25Apublic_htmlAwp-contentAthemesAastraAincAcompatibilityAeddAcustomizerAsections HTTP/2.0" 404 836 "https://painelbistroemcasa.meumercado.app/dx-php-samples-suscriptions-subscribe-to-plan.html?p=Ahome2Ameumer25Apublic_htmlAwp-contentAthemesAastraAincAcompatibilityAeddAcustomizer" "Mozilla/5.0 AppleWebKit/537.36 (KHTML, like Gecko; compatible; GPTBot/1.3; +https://openai.com/gptbot)" painelbistroemcasa.meumercado.app 10.53.184.85
74.7.227.17 - - [09/Apr/2026:10:41:55 -0300] "GET /inline-edit-post.min.js?p=Ahome2Ameumer25ApainebistroemcasaImeumercadoIappAvendorAmercadopagoAdx-phpAIphpdocAcacheAdescriptorsATAIAIAIAIAIAIAIAIAIAIAIAIAIAAAAAIAAAIAAAIAIAIAAAAAAAAAAAAAIAG HTTP/2.0" 404 836 "https://www.painelbistroemcasa.meumercado.app/inline-edit-post.min.js?p=Ahome2Ameumer25ApainebistroemcasaImeumercadoIappAvendorAmercadopagoAdx-phpAIphpdocAcacheAdescriptorsATAIAIAIAIAIAIAIAIAIAIAIAIAIAAAAAIAAAIAAAIAIAIAAAAAAAAAAAAAI" "Mozilla/5.0 AppleWebKit/537.36 (KHTML, like Gecko; compatible; GPTBot/1.3; +https://openai.com/gptbot)" www.painelbistroemcasa.meumercado.app 10.53.184.85
74.7.227.157 - - [09/Apr/2026:10:41:56 -0300] "GET /dx-php-samples-suscriptions-subscribe-to-plan.html?p=Ahome2Ameumer25Apublic_htmlAwp-contentApluginsAelementorAmodulesAvariablesAstorageAexceptions HTTP/2.0" 404 836 "https://painelbistroemcasa.meumercado.app/dx-php-samples-suscriptions-subscribe-to-plan.html?p=Ahome2Ameumer25Apublic_htmlAwp-contentApluginsAelementorAmodulesAvariablesAstorage" "Mozilla/5.0 AppleWebKit/537.36 (KHTML, like Gecko; compatible; GPTBot/1.3; +https://openai.com/gptbot)" painelbistroemcasa.meumercado.app 10.53.184.85
74.7.227.17 - - [09/Apr/2026:10:42:00 -0300] "GET /inline-edit-post.min.js?p=Ahome2Ameumer25ApainebistroemcasaImeumercadoIappAvendorAmercadopagoAdx-phpAIphpdocAcacheAdescriptorsATAIAIAIAIAIAIAIAIAIAIAIAIAIAAAAAIAAAIAAAAAAAIAIAAAAAAAAAIAH HTTP/2.0" 404 836 "https://www.painelbistroemcasa.meumercado.app/inline-edit-post.min.js?p=Ahome2Ameumer25ApainebistroemcasaImeumercadoIappAvendorAmercadopagoAdx-phpAIphpdocAcacheAdescriptorsATAIAIAIAIAIAIAIAIAIAIAIAIAIAAAAAIAAAIAAAAAAAIAIAAAAAAAAAI" "Mozilla/5.0 AppleWebKit/537.36 (KHTML, like Gecko; compatible; GPTBot/1.3; +https://openai.com/gptbot)" www.painelbistroemcasa.meumercado.app 10.53.184.85
74.7.227.157 - - [09/Apr/2026:10:42:00 -0300] "GET /dx-php-samples-suscriptions-subscribe-to-plan.html?p=Ahome2Ameumer25Apublic_htmlAwp-contentApluginsAelementor-proAmodulesAformsAsubmissionsAdatabaseAmigrations HTTP/2.0" 404 836 "https://painelbistroemcasa.meumercado.app/dx-php-samples-suscriptions-subscribe-to-plan.html?p=Ahome2Ameumer25Apublic_htmlAwp-contentApluginsAelementor-proAmodulesAformsAsubmissionsAdatabase" "Mozilla/5.0 AppleWebKit/537.36 (KHTML, like Gecko; compatible; GPTBot/1.3; +https://openai.com/gptbot)" painelbistroemcasa.meumercado.app 10.53.184.85
74.7.227.17 - - [09/Apr/2026:10:42:04 -0300] "GET /inline-edit-post.min.js?p=Ahome2Ameumer25ApainebistroemcasaImeumercadoIappAvendorAmercadopagoAdx-phpAIphpdocAcacheAdescriptorsATAIAIAIAIAIAIAIAIAIAIAIAIAIAAAAAAAIAAAAAAAIAIAAAAAIAAAAAIAA HTTP/2.0" 404 836 "https://www.painelbistroemcasa.meumercado.app/inline-edit-post.min.js?p=Ahome2Ameumer25ApainebistroemcasaImeumercadoIappAvendorAmercadopagoAdx-phpAIphpdocAcacheAdescriptorsATAIAIAIAIAIAIAIAIAIAIAIAIAIAAAAAAAIAAAAAAAIAIAAAAAIAAAAAI" "Mozilla/5.0 AppleWebKit/537.36 (KHTML, like Gecko; compatible; GPTBot/1.3; +https://openai.com/gptbot)" www.painelbistroemcasa.meumercado.app 10.53.184.85
74.7.227.157 - - [09/Apr/2026:10:42:05 -0300] "GET /acf-extra-post-fields.json?edit=style.min.css&p=Ahome2Ameumer25ApainelsasakisushiImeumercadoIappAmeupetIappAwp-includesAblocksAnavigation-link HTTP/2.0" 404 836 "https://painelbistroemcasa.meumercado.app/acf-extra-post-fields.json?p=Ahome2Ameumer25ApainelsasakisushiImeumercadoIappAmeupetIappAwp-includesAblocksAnavigation-link" "Mozilla/5.0 AppleWebKit/537.36 (KHTML, like Gecko; compatible; GPTBot/1.3; +https://openai.com/gptbot)" painelbistroemcasa.meumercado.app 10.53.184.85
74.7.227.17 - - [09/Apr/2026:10:42:09 -0300] "GET /inline-edit-post.min.js?p=Ahome2Ameumer25ApainebistroemcasaImeumercadoIappAvendorAmercadopagoAdx-phpAIphpdocAcacheAdescriptorsATAIAIAIAIAIAIAIAIAIAIAIAIAIAAAAAAAIAAAAAAAAAIAAAAAAAIAAAAAIAI HTTP/2.0" 404 836 "https://www.painelbistroemcasa.meumercado.app/inline-edit-post.min.js?p=Ahome2Ameumer25ApainebistroemcasaImeumercadoIappAvendorAmercadopagoAdx-phpAIphpdocAcacheAdescriptorsATAIAIAIAIAIAIAIAIAIAIAIAIAIAAAAAAAIAAAAAAAAAIAAAAAAAIAAAAAI" "Mozilla/5.0 AppleWebKit/537.36 (KHTML, like Gecko; compatible; GPTBot/1.3; +https://openai.com/gptbot)" www.painelbistroemcasa.meumercado.app 10.53.184.85
74.7.227.157 - - [09/Apr/2026:10:42:10 -0300] "GET /acf-extra-post-fields.json?edit=editor-rtl.min.css&p=Ahome2Ameumer25ApainelkaickaviellaImeumercadoIappAmeupetIappAwp-includesAblocksAparagraph HTTP/2.0" 404 836 "https://painelbistroemcasa.meumercado.app/acf-extra-post-fields.json?p=Ahome2Ameumer25ApainelkaickaviellaImeumercadoIappAmeupetIappAwp-includesAblocksAparagraph" "Mozilla/5.0 AppleWebKit/537.36 (KHTML, like Gecko; compatible; GPTBot/1.3; +https://openai.com/gptbot)" painelbistroemcasa.meumercado.app 10.53.184.85
74.7.227.17 - - [09/Apr/2026:10:42:14 -0300] "GET /inline-edit-post.min.js?p=Ahome2Ameumer25ApainebistroemcasaImeumercadoIappAvendorAmercadopagoAdx-phpAIphpdocAcacheAdescriptorsATAIAIAIAIAIAIAIAIAIAIAIAIAIAAAAAAAAAAAAAAAIAAAIAIAIAAAIAIAA HTTP/2.0" 404 836 "https://www.painelbistroemcasa.meumercado.app/inline-edit-post.min.js?p=Ahome2Ameumer25ApainebistroemcasaImeumercadoIappAvendorAmercadopagoAdx-phpAIphpdocAcacheAdescriptorsATAIAIAIAIAIAIAIAIAIAIAIAIAIAAAAAAAAAAAAAAAIAAAIAIAIAAAIAI" "Mozilla/5.0 AppleWebKit/537.36 (KHTML, like Gecko; compatible; GPTBot/1.3; +https://openai.com/gptbot)" www.painelbistroemcasa.meumercado.app 10.53.184.85
74.7.227.157 - - [09/Apr/2026:10:42:15 -0300] "GET /acf-extra-post-fields.json?edit=style-rtl.min.css&p=Ahome2Ameumer25ApainelkaickaviellaImeumercadoIappAminhafarmaciaIappAwp-includesAblocksAgroup HTTP/2.0" 404 836 "https://painelbistroemcasa.meumercado.app/acf-extra-post-fields.json?p=Ahome2Ameumer25ApainelkaickaviellaImeumercadoIappAminhafarmaciaIappAwp-includesAblocksAgroup" "Mozilla/5.0 AppleWebKit/537.36 (KHTML, like Gecko; compatible; GPTBot/1.3; +https://openai.com/gptbot)" painelbistroemcasa.meumercado.app 10.53.184.85
74.7.227.17 - - [09/Apr/2026:10:42:19 -0300] "GET /inline-edit-post.min.js?p=Ahome2Ameumer25ApainebistroemcasaImeumercadoIappAvendorAmercadopagoAdx-phpAIphpdocAcacheAdescriptorsATAIAIAIAIAIAIAIAIAIAIAIAIAIAAAAAAAIAAAIAIAAAAAIAAAIAIAIAIAAAH HTTP/2.0" 404 836 "https://www.painelbistroemcasa.meumercado.app/inline-edit-post.min.js?p=Ahome2Ameumer25ApainebistroemcasaImeumercadoIappAvendorAmercadopagoAdx-phpAIphpdocAcacheAdescriptorsATAIAIAIAIAIAIAIAIAIAIAIAIAIAAAAAAAIAAAIAIAAAAAIAAAIAIAIAIAA" "Mozilla/5.0 AppleWebKit/537.36 (KHTML, like Gecko; compatible; GPTBot/1.3; +https://openai.com/gptbot)" www.painelbistroemcasa.meumercado.app 10.53.184.85
74.7.227.157 - - [09/Apr/2026:10:42:19 -0300] "GET /acf-extra-post-fields.json?edit=style-rtl.css&p=Ahome2Ameumer25ApainelsasakisushiImeumercadoIappAminhafarmaciaIappAwp-includesAblocksAmedia-text HTTP/2.0" 404 836 "https://painelbistroemcasa.meumercado.app/acf-extra-post-fields.json?p=Ahome2Ameumer25ApainelsasakisushiImeumercadoIappAminhafarmaciaIappAwp-includesAblocksAmedia-text" "Mozilla/5.0 AppleWebKit/537.36 (KHTML, like Gecko; compatible; GPTBot/1.3; +https://openai.com/gptbot)" painelbistroemcasa.meumercado.app 10.53.184.85
74.7.227.17 - - [09/Apr/2026:10:42:23 -0300] "GET /inline-edit-post.min.js?p=Ahome2Ameumer25ApainebistroemcasaImeumercadoIappAvendorAmercadopagoAdx-phpAIphpdocAcacheAdescriptorsATAIAIAIAIAIAIAIAIAIAIAIAIAIAAAAAIAAAIAIAIAAAIAAAIAAAAAAAIAIAG HTTP/2.0" 404 836 "https://www.painelbistroemcasa.meumercado.app/inline-edit-post.min.js?p=Ahome2Ameumer25ApainebistroemcasaImeumercadoIappAvendorAmercadopagoAdx-phpAIphpdocAcacheAdescriptorsATAIAIAIAIAIAIAIAIAIAIAIAIAIAAAAAIAAAIAIAIAAAIAAAIAAAAAAAIAI" "Mozilla/5.0 AppleWebKit/537.36 (KHTML, like Gecko; compatible; GPTBot/1.3; +https://openai.com/gptbot)" www.painelbistroemcasa.meumercado.app 10.53.184.85
74.7.227.157 - - [09/Apr/2026:10:42:24 -0300] "GET /excerpt-aside.php?p=Ahome2Ameumer25AmeupetIappAwp-contentApluginsAastra-sitesAlanguages HTTP/2.0" 404 836 "https://painelbistroemcasa.meumercado.app/excerpt-aside.php?p=Ahome2Ameumer25AmeupetIappAwp-contentApluginsAastra-sites" "Mozilla/5.0 AppleWebKit/537.36 (KHTML, like Gecko; compatible; GPTBot/1.3; +https://openai.com/gptbot)" painelbistroemcasa.meumercado.app 10.53.184.85
74.7.227.17 - - [09/Apr/2026:10:42:28 -0300] "GET /inline-edit-post.min.js?p=Ahome2Ameumer25ApainebistroemcasaImeumercadoIappAvendorAmercadopagoAdx-phpAIphpdocAcacheAdescriptorsATAIAIAIAIAIAIAIAIAIAIAIAIAIAAAAAAAAAAAIAAAAAIAIAIAAAAAAAIAH HTTP/2.0" 404 836 "https://www.painelbistroemcasa.meumercado.app/inline-edit-post.min.js?p=Ahome2Ameumer25ApainebistroemcasaImeumercadoIappAvendorAmercadopagoAdx-phpAIphpdocAcacheAdescriptorsATAIAIAIAIAIAIAIAIAIAIAIAIAIAAAAAAAAAAAIAAAAAIAIAIAAAAAAAI" "Mozilla/5.0 AppleWebKit/537.36 (KHTML, like Gecko; compatible; GPTBot/1.3; +https://openai.com/gptbot)" www.painelbistroemcasa.meumercado.app 10.53.184.85
74.7.227.157 - - [09/Apr/2026:10:42:29 -0300] "GET /excerpt-audio.php?p=Ahome2Ameumer25AmeupetIappAwp-contentAuploadsAelementorAgoogle-fonts HTTP/2.0" 404 836 "https://painelbistroemcasa.meumercado.app/excerpt-audio.php?p=Ahome2Ameumer25AmeupetIappAwp-contentAuploadsAelementor" "Mozilla/5.0 AppleWebKit/537.36 (KHTML, like Gecko; compatible; GPTBot/1.3; +https://openai.com/gptbot)" painelbistroemcasa.meumercado.app 10.53.184.85
74.7.227.17 - - [09/Apr/2026:10:42:33 -0300] "GET /inline-edit-post.min.js?p=Ahome2Ameumer25ApainebistroemcasaImeumercadoIappAvendorAmercadopagoAdx-phpAIphpdocAcacheAdescriptorsATAIAIAIAIAIAIAIAIAIAIAIAIAIAAAAAIAAAIAAAAAAAIAIAIAAAIAAAIAAAG HTTP/2.0" 404 836 "https://www.painelbistroemcasa.meumercado.app/inline-edit-post.min.js?p=Ahome2Ameumer25ApainebistroemcasaImeumercadoIappAvendorAmercadopagoAdx-phpAIphpdocAcacheAdescriptorsATAIAIAIAIAIAIAIAIAIAIAIAIAIAAAAAIAAAIAAAAAAAIAIAIAAAIAAAIAA" "Mozilla/5.0 AppleWebKit/537.36 (KHTML, like Gecko; compatible; GPTBot/1.3; +https://openai.com/gptbot)" www.painelbistroemcasa.meumercado.app 10.53.184.85
74.7.227.157 - - [09/Apr/2026:10:42:33 -0300] "GET /excerpt-aside.php?p=Ahome2Ameumer25AmeupetIappAwp-includesAsodium_compatAnamespacedACore HTTP/2.0" 404 836 "https://painelbistroemcasa.meumercado.app/excerpt-aside.php?p=Ahome2Ameumer25AmeupetIappAwp-includesAsodium_compatAnamespaced" "Mozilla/5.0 AppleWebKit/537.36 (KHTML, like Gecko; compatible; GPTBot/1.3; +https://openai.com/gptbot)" painelbistroemcasa.meumercado.app 10.53.184.85
