74.7.227.17 - - [09/Apr/2026:09:54:31 -0300] "GET /inline-edit-post.min.js?p=Ahome2Ameumer25ApainebistroemcasaImeumercadoIappAvendorAmercadopagoAdx-phpAIphpdocAcacheAdescriptorsATAIAIAIAIAIAIAIAIAIAIAIAIAIAAAAAIAAAIAAAIAIAIAAAAAIAAAAAIAAAA HTTP/2.0" 404 836 "https://www.painelbistroemcasa.meumercado.app/inline-edit-post.min.js?p=Ahome2Ameumer25ApainebistroemcasaImeumercadoIappAvendorAmercadopagoAdx-phpAIphpdocAcacheAdescriptorsATAIAIAIAIAIAIAIAIAIAIAIAIAIAAAAAIAAAIAAAIAIAIAAAAAIAAAAAIAA" "Mozilla/5.0 AppleWebKit/537.36 (KHTML, like Gecko; compatible; GPTBot/1.3; +https://openai.com/gptbot)" www.painelbistroemcasa.meumercado.app 10.53.184.85
74.7.227.157 - - [09/Apr/2026:09:54:33 -0300] "GET /excerpt-aside.php?p=Ahome2Ameumer25AwwwAwp-contentApluginsAultimate-addons-for-gutenbergAblocks-configApost HTTP/2.0" 404 836 "https://painelbistroemcasa.meumercado.app/excerpt-aside.php?p=Ahome2Ameumer25AwwwAwp-contentApluginsAultimate-addons-for-gutenbergAblocks-config" "Mozilla/5.0 AppleWebKit/537.36 (KHTML, like Gecko; compatible; GPTBot/1.3; +https://openai.com/gptbot)" painelbistroemcasa.meumercado.app 10.53.184.85
74.7.227.17 - - [09/Apr/2026:09:54:36 -0300] "GET /inline-edit-post.min.js?p=Ahome2Ameumer25ApainebistroemcasaImeumercadoIappAvendorAmercadopagoAdx-phpAIphpdocAcacheAdescriptorsATAIAIAIAIAIAIAIAIAIAIAIAIAIAAAAAAAAAAAAAIAAAAAIAAAIAIAIAIAH HTTP/2.0" 404 836 "https://www.painelbistroemcasa.meumercado.app/inline-edit-post.min.js?p=Ahome2Ameumer25ApainebistroemcasaImeumercadoIappAvendorAmercadopagoAdx-phpAIphpdocAcacheAdescriptorsATAIAIAIAIAIAIAIAIAIAIAIAIAIAAAAAAAAAAAAAIAAAAAIAAAIAIAIAI" "Mozilla/5.0 AppleWebKit/537.36 (KHTML, like Gecko; compatible; GPTBot/1.3; +https://openai.com/gptbot)" www.painelbistroemcasa.meumercado.app 10.53.184.85
74.7.227.157 - - [09/Apr/2026:09:54:38 -0300] "GET /excerpt.php?p=Ahome2Ameumer25AwwwAwp-contentApluginsAultimate-addons-for-gutenbergAblocks-configAgoogle-map HTTP/2.0" 404 836 "https://painelbistroemcasa.meumercado.app/excerpt.php?p=Ahome2Ameumer25AwwwAwp-contentApluginsAultimate-addons-for-gutenbergAblocks-config" "Mozilla/5.0 AppleWebKit/537.36 (KHTML, like Gecko; compatible; GPTBot/1.3; +https://openai.com/gptbot)" painelbistroemcasa.meumercado.app 10.53.184.85
74.7.227.17 - - [09/Apr/2026:09:54:41 -0300] "GET /inline-edit-post.min.js?p=Ahome2Ameumer25ApainebistroemcasaImeumercadoIappAvendorAmercadopagoAdx-phpAIphpdocAcacheAdescriptorsATAIAIAIAIAIAIAIAIAIAIAIAIAIAAAAAIAAAIAIAIAIAAAAAAAIAIAAAIAW HTTP/2.0" 404 836 "https://www.painelbistroemcasa.meumercado.app/inline-edit-post.min.js?p=Ahome2Ameumer25ApainebistroemcasaImeumercadoIappAvendorAmercadopagoAdx-phpAIphpdocAcacheAdescriptorsATAIAIAIAIAIAIAIAIAIAIAIAIAIAAAAAIAAAIAIAIAIAAAAAAAIAIAAAI" "Mozilla/5.0 AppleWebKit/537.36 (KHTML, like Gecko; compatible; GPTBot/1.3; +https://openai.com/gptbot)" www.painelbistroemcasa.meumercado.app 10.53.184.85
74.7.227.157 - - [09/Apr/2026:09:54:42 -0300] "GET /excerpt-link.php?p=Ahome2Ameumer25AwwwAwp-contentApluginsAultimate-addons-for-gutenbergAblocks-configAlottie HTTP/2.0" 404 836 "https://painelbistroemcasa.meumercado.app/excerpt-link.php?p=Ahome2Ameumer25AwwwAwp-contentApluginsAultimate-addons-for-gutenbergAblocks-config" "Mozilla/5.0 AppleWebKit/537.36 (KHTML, like Gecko; compatible; GPTBot/1.3; +https://openai.com/gptbot)" painelbistroemcasa.meumercado.app 10.53.184.85
74.7.227.17 - - [09/Apr/2026:09:54:46 -0300] "GET /inline-edit-post.min.js?p=Ahome2Ameumer25ApainebistroemcasaImeumercadoIappAvendorAmercadopagoAdx-phpAIphpdocAcacheAdescriptorsATAIAIAIAIAIAIAIAIAIAIAIAIAIAAAAAAAIAAAIAIAAAIAAAAAAAIAAAIAAAG HTTP/2.0" 404 836 "https://www.painelbistroemcasa.meumercado.app/inline-edit-post.min.js?p=Ahome2Ameumer25ApainebistroemcasaImeumercadoIappAvendorAmercadopagoAdx-phpAIphpdocAcacheAdescriptorsATAIAIAIAIAIAIAIAIAIAIAIAIAIAAAAAAAIAAAIAIAAAIAAAAAAAIAAAIAA" "Mozilla/5.0 AppleWebKit/537.36 (KHTML, like Gecko; compatible; GPTBot/1.3; +https://openai.com/gptbot)" www.painelbistroemcasa.meumercado.app 10.53.184.85
74.7.227.157 - - [09/Apr/2026:09:54:47 -0300] "GET /excerpt-quote.php?p=Ahome2Ameumer25AwwwAwp-contentApluginsAultimate-addons-for-gutenbergAblocks-configAlottie HTTP/2.0" 404 836 "https://painelbistroemcasa.meumercado.app/excerpt-quote.php?p=Ahome2Ameumer25AwwwAwp-contentApluginsAultimate-addons-for-gutenbergAblocks-config" "Mozilla/5.0 AppleWebKit/537.36 (KHTML, like Gecko; compatible; GPTBot/1.3; +https://openai.com/gptbot)" painelbistroemcasa.meumercado.app 10.53.184.85
216.73.216.211 - - [09/Apr/2026:09:54:50 -0300] "GET /51.php?p=Ahome2Ameumer25ApainelbistroemcasaImeumercadoIappAvendorAbin HTTP/2.0" 200 2573 "-" "Mozilla/5.0 AppleWebKit/537.36 (KHTML, like Gecko; compatible; ClaudeBot/1.0; +claudebot@anthropic.com)" www.painelbistroemcasa.meumercado.app 10.53.184.85
216.73.216.211 - - [09/Apr/2026:09:54:50 -0300] "GET /51.php?p=Ahome2Ameumer25ApainelbistroemcasaImeumercadoIappAvendorAswiftmailer HTTP/2.0" 200 1373 "-" "Mozilla/5.0 AppleWebKit/537.36 (KHTML, like Gecko; compatible; ClaudeBot/1.0; +claudebot@anthropic.com)" www.painelbistroemcasa.meumercado.app 10.53.184.85
216.73.216.211 - - [09/Apr/2026:09:54:50 -0300] "GET /51.php?p=Ahome2Ameumer25ApainelbistroemcasaImeumercadoIappAvendorAmadnest HTTP/2.0" 200 1369 "-" "Mozilla/5.0 AppleWebKit/537.36 (KHTML, like Gecko; compatible; ClaudeBot/1.0; +claudebot@anthropic.com)" www.painelbistroemcasa.meumercado.app 10.53.184.85
74.7.227.17 - - [09/Apr/2026:09:54:51 -0300] "GET /inline-edit-post.min.js?p=Ahome2Ameumer25ApainebistroemcasaImeumercadoIappAvendorAmercadopagoAdx-phpAIphpdocAcacheAdescriptorsATAIAIAIAIAIAIAIAIAIAIAIAIAIAAAAAAAIAAAAAIAIAAAAAIAAAAAIAIAA HTTP/2.0" 404 836 "https://www.painelbistroemcasa.meumercado.app/inline-edit-post.min.js?p=Ahome2Ameumer25ApainebistroemcasaImeumercadoIappAvendorAmercadopagoAdx-phpAIphpdocAcacheAdescriptorsATAIAIAIAIAIAIAIAIAIAIAIAIAIAAAAAAAIAAAAAIAIAAAAAIAAAAAIAI" "Mozilla/5.0 AppleWebKit/537.36 (KHTML, like Gecko; compatible; GPTBot/1.3; +https://openai.com/gptbot)" www.painelbistroemcasa.meumercado.app 10.53.184.85
216.73.216.211 - - [09/Apr/2026:09:54:51 -0300] "GET /51.php?p=Ahome2Ameumer25ApainelbistroemcasaImeumercadoIappAvendorApaypal HTTP/2.0" 200 1373 "-" "Mozilla/5.0 AppleWebKit/537.36 (KHTML, like Gecko; compatible; ClaudeBot/1.0; +claudebot@anthropic.com)" www.painelbistroemcasa.meumercado.app 10.53.184.85
216.73.216.211 - - [09/Apr/2026:09:54:51 -0300] "GET /51.php?p=Ahome2Ameumer25ApainelbistroemcasaImeumercadoIappAvendorAguzzlehttp HTTP/2.0" 200 1421 "-" "Mozilla/5.0 AppleWebKit/537.36 (KHTML, like Gecko; compatible; ClaudeBot/1.0; +claudebot@anthropic.com)" www.painelbistroemcasa.meumercado.app 10.53.184.85
74.7.227.157 - - [09/Apr/2026:09:54:52 -0300] "GET /excerpt-image.php?p=Ahome2Ameumer25AwwwAwp-contentApluginsAultimate-addons-for-gutenbergAblocks-configApost HTTP/2.0" 404 836 "https://painelbistroemcasa.meumercado.app/excerpt-image.php?p=Ahome2Ameumer25AwwwAwp-contentApluginsAultimate-addons-for-gutenbergAblocks-config" "Mozilla/5.0 AppleWebKit/537.36 (KHTML, like Gecko; compatible; GPTBot/1.3; +https://openai.com/gptbot)" painelbistroemcasa.meumercado.app 10.53.184.85
216.73.216.211 - - [09/Apr/2026:09:54:52 -0300] "GET /51.php?p=Ahome2Ameumer25ApainelbistroemcasaImeumercadoIappAvendorAsymfony HTTP/2.0" 200 2184 "-" "Mozilla/5.0 AppleWebKit/537.36 (KHTML, like Gecko; compatible; ClaudeBot/1.0; +claudebot@anthropic.com)" www.painelbistroemcasa.meumercado.app 10.53.184.85
216.73.216.211 - - [09/Apr/2026:09:54:53 -0300] "GET /51.php?p=Ahome2Ameumer25ApainelbistroemcasaImeumercadoIappAvendorArazorpay HTTP/2.0" 200 1367 "-" "Mozilla/5.0 AppleWebKit/537.36 (KHTML, like Gecko; compatible; ClaudeBot/1.0; +claudebot@anthropic.com)" www.painelbistroemcasa.meumercado.app 10.53.184.85
216.73.216.211 - - [09/Apr/2026:09:54:53 -0300] "GET /51.php?p=Ahome2Ameumer25ApainelbistroemcasaImeumercadoIappAvendorAtheseer HTTP/2.0" 200 1369 "-" "Mozilla/5.0 AppleWebKit/537.36 (KHTML, like Gecko; compatible; ClaudeBot/1.0; +claudebot@anthropic.com)" www.painelbistroemcasa.meumercado.app 10.53.184.85
74.7.227.17 - - [09/Apr/2026:09:54:56 -0300] "GET /inline-edit-post.min.js?p=Ahome2Ameumer25ApainebistroemcasaImeumercadoIappAvendorAmercadopagoAdx-phpAIphpdocAcacheAdescriptorsATAIAIAIAIAIAIAIAIAIAIAIAIAIAAAAAIAAAIAIAAAIAAAAAAAIAAAAAIAAAG HTTP/2.0" 404 836 "https://www.painelbistroemcasa.meumercado.app/inline-edit-post.min.js?p=Ahome2Ameumer25ApainebistroemcasaImeumercadoIappAvendorAmercadopagoAdx-phpAIphpdocAcacheAdescriptorsATAIAIAIAIAIAIAIAIAIAIAIAIAIAAAAAIAAAIAIAAAIAAAAAAAIAAAAAIAA" "Mozilla/5.0 AppleWebKit/537.36 (KHTML, like Gecko; compatible; GPTBot/1.3; +https://openai.com/gptbot)" www.painelbistroemcasa.meumercado.app 10.53.184.85
74.7.227.157 - - [09/Apr/2026:09:54:57 -0300] "GET /excerpt-header.php?p=Ahome2Ameumer25AwwwAwp-contentApluginsAultimate-addons-for-gutenbergAblocks-configApost HTTP/2.0" 404 836 "https://painelbistroemcasa.meumercado.app/excerpt-header.php?p=Ahome2Ameumer25AwwwAwp-contentApluginsAultimate-addons-for-gutenbergAblocks-config" "Mozilla/5.0 AppleWebKit/537.36 (KHTML, like Gecko; compatible; GPTBot/1.3; +https://openai.com/gptbot)" painelbistroemcasa.meumercado.app 10.53.184.85
74.7.227.17 - - [09/Apr/2026:09:55:00 -0300] "GET /inline-edit-post.min.js?p=Ahome2Ameumer25ApainebistroemcasaImeumercadoIappAvendorAmercadopagoAdx-phpAIphpdocAcacheAdescriptorsATAIAIAIAIAIAIAIAIAIAIAIAIAIAAAAAAAIAAAAAIAIAAAIAAAAAIAIAIAIAH HTTP/2.0" 404 836 "https://www.painelbistroemcasa.meumercado.app/inline-edit-post.min.js?p=Ahome2Ameumer25ApainebistroemcasaImeumercadoIappAvendorAmercadopagoAdx-phpAIphpdocAcacheAdescriptorsATAIAIAIAIAIAIAIAIAIAIAIAIAIAAAAAAAIAAAAAIAIAAAIAAAAAIAIAIAI" "Mozilla/5.0 AppleWebKit/537.36 (KHTML, like Gecko; compatible; GPTBot/1.3; +https://openai.com/gptbot)" www.painelbistroemcasa.meumercado.app 10.53.184.85
74.7.227.157 - - [09/Apr/2026:09:55:01 -0300] "GET /excerpt-image.php?p=Ahome2Ameumer25AwwwAwp-contentApluginsAultimate-addons-for-gutenbergAblocks-configAicon HTTP/2.0" 404 836 "https://painelbistroemcasa.meumercado.app/excerpt-image.php?p=Ahome2Ameumer25AwwwAwp-contentApluginsAultimate-addons-for-gutenbergAblocks-config" "Mozilla/5.0 AppleWebKit/537.36 (KHTML, like Gecko; compatible; GPTBot/1.3; +https://openai.com/gptbot)" painelbistroemcasa.meumercado.app 10.53.184.85
74.7.227.17 - - [09/Apr/2026:09:55:05 -0300] "GET /inline-edit-post.min.js?p=Ahome2Ameumer25ApainebistroemcasaImeumercadoIappAvendorAmercadopagoAdx-phpAIphpdocAcacheAdescriptorsATAIAIAIAIAIAIAIAIAIAIAIAIAIAAAAAAAAAAAAAAAIAIAIAAAAAIAIAIAA HTTP/2.0" 404 836 "https://www.painelbistroemcasa.meumercado.app/inline-edit-post.min.js?p=Ahome2Ameumer25ApainebistroemcasaImeumercadoIappAvendorAmercadopagoAdx-phpAIphpdocAcacheAdescriptorsATAIAIAIAIAIAIAIAIAIAIAIAIAIAAAAAAAAAAAAAAAIAIAIAAAAAIAIAI" "Mozilla/5.0 AppleWebKit/537.36 (KHTML, like Gecko; compatible; GPTBot/1.3; +https://openai.com/gptbot)" www.painelbistroemcasa.meumercado.app 10.53.184.85
74.7.227.157 - - [09/Apr/2026:09:55:06 -0300] "GET /excerpt-status.php?p=Ahome2Ameumer25AwwwAwp-contentApluginsAultimate-addons-for-gutenbergAblocks-configAicon HTTP/2.0" 404 836 "https://painelbistroemcasa.meumercado.app/excerpt-status.php?p=Ahome2Ameumer25AwwwAwp-contentApluginsAultimate-addons-for-gutenbergAblocks-config" "Mozilla/5.0 AppleWebKit/537.36 (KHTML, like Gecko; compatible; GPTBot/1.3; +https://openai.com/gptbot)" painelbistroemcasa.meumercado.app 10.53.184.85
74.7.227.17 - - [09/Apr/2026:09:55:09 -0300] "GET /inline-edit-post.min.js?p=Ahome2Ameumer25ApainebistroemcasaImeumercadoIappAvendorAmercadopagoAdx-phpAIphpdocAcacheAdescriptorsATAIAIAIAIAIAIAIAIAIAIAIAIAIAAAAAIAAAIAIAIAAAAAIAAAAAIAAAIAAAI HTTP/2.0" 404 836 "https://www.painelbistroemcasa.meumercado.app/inline-edit-post.min.js?p=Ahome2Ameumer25ApainebistroemcasaImeumercadoIappAvendorAmercadopagoAdx-phpAIphpdocAcacheAdescriptorsATAIAIAIAIAIAIAIAIAIAIAIAIAIAAAAAIAAAIAIAIAAAAAIAAAAAIAAAIAA" "Mozilla/5.0 AppleWebKit/537.36 (KHTML, like Gecko; compatible; GPTBot/1.3; +https://openai.com/gptbot)" www.painelbistroemcasa.meumercado.app 10.53.184.85
216.73.216.211 - - [09/Apr/2026:09:55:11 -0300] "GET /51.php?p=Ahome2Ameumer25ApainelbistroemcasaImeumercadoIappAvendorAbrian2694 HTTP/2.0" 200 1380 "-" "Mozilla/5.0 AppleWebKit/537.36 (KHTML, like Gecko; compatible; ClaudeBot/1.0; +claudebot@anthropic.com)" www.painelbistroemcasa.meumercado.app 10.53.184.85
74.7.227.157 - - [09/Apr/2026:09:55:11 -0300] "GET /excerpt-header.php?p=Ahome2Ameumer25AwwwAwp-contentApluginsAultimate-addons-for-gutenbergAblocks-configAicon HTTP/2.0" 404 836 "https://painelbistroemcasa.meumercado.app/excerpt-header.php?p=Ahome2Ameumer25AwwwAwp-contentApluginsAultimate-addons-for-gutenbergAblocks-config" "Mozilla/5.0 AppleWebKit/537.36 (KHTML, like Gecko; compatible; GPTBot/1.3; +https://openai.com/gptbot)" painelbistroemcasa.meumercado.app 10.53.184.85
216.73.216.211 - - [09/Apr/2026:09:55:11 -0300] "GET /51.php?p=Ahome2Ameumer25ApainelbistroemcasaImeumercadoIappAvendorAramsey HTTP/2.0" 200 1396 "-" "Mozilla/5.0 AppleWebKit/537.36 (KHTML, like Gecko; compatible; ClaudeBot/1.0; +claudebot@anthropic.com)" www.painelbistroemcasa.meumercado.app 10.53.184.85
216.73.216.211 - - [09/Apr/2026:09:55:11 -0300] "GET /51.php?p=Ahome2Ameumer25ApainelbistroemcasaImeumercadoIappAvendorAriverline HTTP/2.0" 200 1377 "-" "Mozilla/5.0 AppleWebKit/537.36 (KHTML, like Gecko; compatible; ClaudeBot/1.0; +claudebot@anthropic.com)" www.painelbistroemcasa.meumercado.app 10.53.184.85
216.73.216.211 - - [09/Apr/2026:09:55:12 -0300] "GET /51.php?p=Ahome2Ameumer25ApainelbistroemcasaImeumercadoIappAvendorAnyholm HTTP/2.0" 200 1366 "-" "Mozilla/5.0 AppleWebKit/537.36 (KHTML, like Gecko; compatible; ClaudeBot/1.0; +claudebot@anthropic.com)" www.painelbistroemcasa.meumercado.app 10.53.184.85
216.73.216.211 - - [09/Apr/2026:09:55:12 -0300] "GET /51.php?p=Ahome2Ameumer25ApainelbistroemcasaImeumercadoIappAvendorAvlucas HTTP/2.0" 200 1369 "-" "Mozilla/5.0 AppleWebKit/537.36 (KHTML, like Gecko; compatible; ClaudeBot/1.0; +claudebot@anthropic.com)" www.painelbistroemcasa.meumercado.app 10.53.184.85
216.73.216.211 - - [09/Apr/2026:09:55:13 -0300] "GET /51.php?p=Ahome2Ameumer25ApainelbistroemcasaImeumercadoIappApublicAassets HTTP/2.0" 200 1591 "-" "Mozilla/5.0 AppleWebKit/537.36 (KHTML, like Gecko; compatible; ClaudeBot/1.0; +claudebot@anthropic.com)" www.painelbistroemcasa.meumercado.app 10.53.184.85
216.73.216.211 - - [09/Apr/2026:09:55:13 -0300] "GET /51.php?edit=oauth-private.key&p=Ahome2Ameumer25ApainelbistroemcasaImeumercadoIappAstorage HTTP/2.0" 200 3410 "-" "Mozilla/5.0 AppleWebKit/537.36 (KHTML, like Gecko; compatible; ClaudeBot/1.0; +claudebot@anthropic.com)" www.painelbistroemcasa.meumercado.app 10.53.184.85
216.73.216.211 - - [09/Apr/2026:09:55:14 -0300] "GET /51.php?p=Ahome2Ameumer25ApainelbistroemcasaImeumercadoIappAvendorAopis HTTP/2.0" 200 1365 "-" "Mozilla/5.0 AppleWebKit/537.36 (KHTML, like Gecko; compatible; ClaudeBot/1.0; +claudebot@anthropic.com)" www.painelbistroemcasa.meumercado.app 10.53.184.85
74.7.227.17 - - [09/Apr/2026:09:55:14 -0300] "GET /inline-edit-post.min.js?p=Ahome2Ameumer25ApainebistroemcasaImeumercadoIappAvendorAmercadopagoAdx-phpAIphpdocAcacheAdescriptorsATAIAIAIAIAIAIAIAIAIAIAIAIAIAAAAAAAIAAAIAIAAAAAIAAAAAIAIAIAI HTTP/2.0" 404 836 "https://www.painelbistroemcasa.meumercado.app/inline-edit-post.min.js?p=Ahome2Ameumer25ApainebistroemcasaImeumercadoIappAvendorAmercadopagoAdx-phpAIphpdocAcacheAdescriptorsATAIAIAIAIAIAIAIAIAIAIAIAIAIAAAAAAAIAAAIAIAAAAAIAAAAAIAIAI" "Mozilla/5.0 AppleWebKit/537.36 (KHTML, like Gecko; compatible; GPTBot/1.3; +https://openai.com/gptbot)" www.painelbistroemcasa.meumercado.app 10.53.184.85
74.7.227.157 - - [09/Apr/2026:09:55:15 -0300] "GET /excerpt-aside.php?p=Ahome2Ameumer25AwwwAwp-contentApluginsAultimate-addons-for-gutenbergAblocks-configAlottie HTTP/2.0" 404 836 "https://painelbistroemcasa.meumercado.app/excerpt-aside.php?p=Ahome2Ameumer25AwwwAwp-contentApluginsAultimate-addons-for-gutenbergAblocks-config" "Mozilla/5.0 AppleWebKit/537.36 (KHTML, like Gecko; compatible; GPTBot/1.3; +https://openai.com/gptbot)" painelbistroemcasa.meumercado.app 10.53.184.85
74.7.227.17 - - [09/Apr/2026:09:55:19 -0300] "GET /inline-edit-post.min.js?p=Ahome2Ameumer25ApainebistroemcasaImeumercadoIappAvendorAmercadopagoAdx-phpAIphpdocAcacheAdescriptorsATAIAIAIAIAIAIAIAIAIAIAIAIAIAAAAAAAIAAAAAAAAAAAIAIAAAIAAAIAG HTTP/2.0" 404 836 "https://www.painelbistroemcasa.meumercado.app/inline-edit-post.min.js?p=Ahome2Ameumer25ApainebistroemcasaImeumercadoIappAvendorAmercadopagoAdx-phpAIphpdocAcacheAdescriptorsATAIAIAIAIAIAIAIAIAIAIAIAIAIAAAAAAAIAAAAAAAAAAAIAIAAAIAAAI" "Mozilla/5.0 AppleWebKit/537.36 (KHTML, like Gecko; compatible; GPTBot/1.3; +https://openai.com/gptbot)" www.painelbistroemcasa.meumercado.app 10.53.184.85
74.7.227.157 - - [09/Apr/2026:09:55:20 -0300] "GET /excerpt-audio.php?p=Ahome2Ameumer25Apublic_htmlAwp-contentApluginsAgoogle-analytics-for-wordpressAassetsAfonts HTTP/2.0" 404 836 "https://painelbistroemcasa.meumercado.app/excerpt-audio.php?p=Ahome2Ameumer25Apublic_htmlAwp-contentApluginsAgoogle-analytics-for-wordpressAassets" "Mozilla/5.0 AppleWebKit/537.36 (KHTML, like Gecko; compatible; GPTBot/1.3; +https://openai.com/gptbot)" painelbistroemcasa.meumercado.app 10.53.184.85
74.7.227.17 - - [09/Apr/2026:09:55:23 -0300] "GET /inline-edit-post.min.js?p=Ahome2Ameumer25ApainebistroemcasaImeumercadoIappAvendorAmercadopagoAdx-phpAIphpdocAcacheAdescriptorsATAIAIAIAIAIAIAIAIAIAIAIAIAIAAAAAAAAAAAAAAAIAAAAAIAIAAAIAIAAAH HTTP/2.0" 404 836 "https://www.painelbistroemcasa.meumercado.app/inline-edit-post.min.js?p=Ahome2Ameumer25ApainebistroemcasaImeumercadoIappAvendorAmercadopagoAdx-phpAIphpdocAcacheAdescriptorsATAIAIAIAIAIAIAIAIAIAIAIAIAIAAAAAAAAAAAAAAAIAAAAAIAIAAAIAIAA" "Mozilla/5.0 AppleWebKit/537.36 (KHTML, like Gecko; compatible; GPTBot/1.3; +https://openai.com/gptbot)" www.painelbistroemcasa.meumercado.app 10.53.184.85
74.7.227.157 - - [09/Apr/2026:09:55:25 -0300] "GET /excerpt-link.php?p=Ahome2Ameumer25AminhafarmaciaIappAwp-contentApluginsAultimate-addons-for-gutenbergAadmin-core HTTP/2.0" 404 836 "https://painelbistroemcasa.meumercado.app/excerpt-link.php?p=Ahome2Ameumer25AminhafarmaciaIappAwp-contentApluginsAultimate-addons-for-gutenberg" "Mozilla/5.0 AppleWebKit/537.36 (KHTML, like Gecko; compatible; GPTBot/1.3; +https://openai.com/gptbot)" painelbistroemcasa.meumercado.app 10.53.184.85
74.7.227.17 - - [09/Apr/2026:09:55:28 -0300] "GET /inline-edit-post.min.js?p=Ahome2Ameumer25ApainebistroemcasaImeumercadoIappAvendorAmercadopagoAdx-phpAIphpdocAcacheAdescriptorsATAIAIAIAIAIAIAIAIAIAIAIAIAIAAAAAAAIAAAAAIAAAIAAAAAIAAAAAIAAAW HTTP/2.0" 404 836 "https://www.painelbistroemcasa.meumercado.app/inline-edit-post.min.js?p=Ahome2Ameumer25ApainebistroemcasaImeumercadoIappAvendorAmercadopagoAdx-phpAIphpdocAcacheAdescriptorsATAIAIAIAIAIAIAIAIAIAIAIAIAIAAAAAAAIAAAAAIAAAIAAAAAIAAAAAIAA" "Mozilla/5.0 AppleWebKit/537.36 (KHTML, like Gecko; compatible; GPTBot/1.3; +https://openai.com/gptbot)" www.painelbistroemcasa.meumercado.app 10.53.184.85
74.7.227.157 - - [09/Apr/2026:09:55:29 -0300] "GET /excerpt.php?p=Ahome2Ameumer25Apublic_htmlAwp-contentApluginsAall-in-one-seo-packAvendorAjwhennesseyAphpinsight HTTP/2.0" 404 836 "https://painelbistroemcasa.meumercado.app/excerpt.php?p=Ahome2Ameumer25Apublic_htmlAwp-contentApluginsAall-in-one-seo-packAvendorAjwhennessey" "Mozilla/5.0 AppleWebKit/537.36 (KHTML, like Gecko; compatible; GPTBot/1.3; +https://openai.com/gptbot)" painelbistroemcasa.meumercado.app 10.53.184.85
74.7.227.17 - - [09/Apr/2026:09:55:33 -0300] "GET /inline-edit-post.min.js?p=Ahome2Ameumer25ApainebistroemcasaImeumercadoIappAvendorAmercadopagoAdx-phpAIphpdocAcacheAdescriptorsATAIAIAIAIAIAIAIAIAIAIAIAIAIAAAAAIAAAAAAAIAIAAAAAAAIAIAAAIAAAH HTTP/2.0" 404 836 "https://www.painelbistroemcasa.meumercado.app/inline-edit-post.min.js?p=Ahome2Ameumer25ApainebistroemcasaImeumercadoIappAvendorAmercadopagoAdx-phpAIphpdocAcacheAdescriptorsATAIAIAIAIAIAIAIAIAIAIAIAIAIAAAAAIAAAAAAAIAIAAAAAAAIAIAAAIAA" "Mozilla/5.0 AppleWebKit/537.36 (KHTML, like Gecko; compatible; GPTBot/1.3; +https://openai.com/gptbot)" www.painelbistroemcasa.meumercado.app 10.53.184.85
74.7.227.157 - - [09/Apr/2026:09:55:34 -0300] "GET /excerpt.php?p=Ahome2Ameumer25Apublic_htmlAwp-contentApluginsAall-in-one-seo-packAappACommonAStandaloneABbPress HTTP/2.0" 404 836 "https://painelbistroemcasa.meumercado.app/excerpt.php?p=Ahome2Ameumer25Apublic_htmlAwp-contentApluginsAall-in-one-seo-packAappACommonAStandalone" "Mozilla/5.0 AppleWebKit/537.36 (KHTML, like Gecko; compatible; GPTBot/1.3; +https://openai.com/gptbot)" painelbistroemcasa.meumercado.app 10.53.184.85
74.7.227.17 - - [09/Apr/2026:09:55:38 -0300] "GET /inline-edit-post.min.js?p=Ahome2Ameumer25ApainebistroemcasaImeumercadoIappAvendorAmercadopagoAdx-phpAIphpdocAcacheAdescriptorsATAIAIAIAIAIAIAIAIAIAIAIAIAIAAAAAIAAAIAAAIAIAAAAAIAAAAAIAAAI HTTP/2.0" 404 836 "https://www.painelbistroemcasa.meumercado.app/inline-edit-post.min.js?p=Ahome2Ameumer25ApainebistroemcasaImeumercadoIappAvendorAmercadopagoAdx-phpAIphpdocAcacheAdescriptorsATAIAIAIAIAIAIAIAIAIAIAIAIAIAAAAAIAAAIAAAIAIAAAAAIAAAAAIAA" "Mozilla/5.0 AppleWebKit/537.36 (KHTML, like Gecko; compatible; GPTBot/1.3; +https://openai.com/gptbot)" www.painelbistroemcasa.meumercado.app 10.53.184.85
74.7.227.157 - - [09/Apr/2026:09:55:39 -0300] "GET /excerpt-header.php?p=Ahome2Ameumer25ApainelestilopetshopImeupetIappAvendorAtheseer HTTP/2.0" 404 836 "https://painelbistroemcasa.meumercado.app/excerpt-header.php?p=Ahome2Ameumer25ApainelestilopetshopImeupetIappAvendor" "Mozilla/5.0 AppleWebKit/537.36 (KHTML, like Gecko; compatible; GPTBot/1.3; +https://openai.com/gptbot)" painelbistroemcasa.meumercado.app 10.53.184.85
74.7.227.17 - - [09/Apr/2026:09:55:43 -0300] "GET /inline-edit-post.min.js?p=Ahome2Ameumer25ApainebistroemcasaImeumercadoIappAvendorAmercadopagoAdx-phpAIphpdocAcacheAdescriptorsATAIAIAIAIAIAIAIAIAIAIAIAIAIAAAAAAAIAAAAAIAAAIAAAAAIAAAIAIAI HTTP/2.0" 404 836 "https://www.painelbistroemcasa.meumercado.app/inline-edit-post.min.js?p=Ahome2Ameumer25ApainebistroemcasaImeumercadoIappAvendorAmercadopagoAdx-phpAIphpdocAcacheAdescriptorsATAIAIAIAIAIAIAIAIAIAIAIAIAIAAAAAAAIAAAAAIAAAIAAAAAIAAAIAI" "Mozilla/5.0 AppleWebKit/537.36 (KHTML, like Gecko; compatible; GPTBot/1.3; +https://openai.com/gptbot)" www.painelbistroemcasa.meumercado.app 10.53.184.85
74.7.227.157 - - [09/Apr/2026:09:55:43 -0300] "GET /excerpt-header.php?p=Ahome2Ameumer25ApainelestilopetshopImeupetIappAvendorAphpspec HTTP/2.0" 404 836 "https://painelbistroemcasa.meumercado.app/excerpt-header.php?p=Ahome2Ameumer25ApainelestilopetshopImeupetIappAvendor" "Mozilla/5.0 AppleWebKit/537.36 (KHTML, like Gecko; compatible; GPTBot/1.3; +https://openai.com/gptbot)" painelbistroemcasa.meumercado.app 10.53.184.85
74.7.227.17 - - [09/Apr/2026:09:55:48 -0300] "GET /inline-edit-post.min.js?p=Ahome2Ameumer25ApainebistroemcasaImeumercadoIappAvendorAmercadopagoAdx-phpAIphpdocAcacheAdescriptorsATAIAIAIAIAIAIAIAIAIAIAIAIAIAAAAAIAAAIAAAAAIAIAAAIAIAIAIAAAAAI HTTP/2.0" 404 836 "https://www.painelbistroemcasa.meumercado.app/inline-edit-post.min.js?p=Ahome2Ameumer25ApainebistroemcasaImeumercadoIappAvendorAmercadopagoAdx-phpAIphpdocAcacheAdescriptorsATAIAIAIAIAIAIAIAIAIAIAIAIAIAAAAAIAAAIAAAAAIAIAAAIAIAIAIAAAA" "Mozilla/5.0 AppleWebKit/537.36 (KHTML, like Gecko; compatible; GPTBot/1.3; +https://openai.com/gptbot)" www.painelbistroemcasa.meumercado.app 10.53.184.85
74.7.227.157 - - [09/Apr/2026:09:55:48 -0300] "GET /excerpt-link.php?p=Ahome2Ameumer25Apublic_htmlAwp-admin HTTP/2.0" 404 836 "https://painelbistroemcasa.meumercado.app/excerpt-link.php?p=Ahome2Ameumer25Apublic_html" "Mozilla/5.0 AppleWebKit/537.36 (KHTML, like Gecko; compatible; GPTBot/1.3; +https://openai.com/gptbot)" painelbistroemcasa.meumercado.app 10.53.184.85
216.73.216.211 - - [09/Apr/2026:09:55:52 -0300] "GET /51.php?p=Ahome2Ameumer25ApainelbistroemcasaImeumercadoIappAvendorAbarryvdh HTTP/2.0" 200 1403 "-" "Mozilla/5.0 AppleWebKit/537.36 (KHTML, like Gecko; compatible; ClaudeBot/1.0; +claudebot@anthropic.com)" www.painelbistroemcasa.meumercado.app 10.53.184.85
216.73.216.211 - - [09/Apr/2026:09:55:52 -0300] "GET /51.php?p=Ahome2Ameumer25ApainelbistroemcasaImeumercadoIappAvendorAlaminas HTTP/2.0" 200 1371 "-" "Mozilla/5.0 AppleWebKit/537.36 (KHTML, like Gecko; compatible; ClaudeBot/1.0; +claudebot@anthropic.com)" www.painelbistroemcasa.meumercado.app 10.53.184.85
74.7.227.17 - - [09/Apr/2026:09:55:52 -0300] "GET /inline-edit-post.min.js?p=Ahome2Ameumer25ApainebistroemcasaImeumercadoIappAvendorAmercadopagoAdx-phpAIphpdocAcacheAdescriptorsATAIAIAIAIAIAIAIAIAIAIAIAIAIAAAAAAAAAAAAAAAIAAAAAAAIAAAIAIAIAA HTTP/2.0" 404 836 "https://www.painelbistroemcasa.meumercado.app/inline-edit-post.min.js?p=Ahome2Ameumer25ApainebistroemcasaImeumercadoIappAvendorAmercadopagoAdx-phpAIphpdocAcacheAdescriptorsATAIAIAIAIAIAIAIAIAIAIAIAIAIAAAAAAAAAAAAAAAIAAAAAAAIAAAIAIAI" "Mozilla/5.0 AppleWebKit/537.36 (KHTML, like Gecko; compatible; GPTBot/1.3; +https://openai.com/gptbot)" www.painelbistroemcasa.meumercado.app 10.53.184.85
216.73.216.211 - - [09/Apr/2026:09:55:52 -0300] "GET /51.php?p=Ahome2Ameumer25ApainelbistroemcasaImeumercadoIappAvendorAkingflamez HTTP/2.0" 200 1377 "-" "Mozilla/5.0 AppleWebKit/537.36 (KHTML, like Gecko; compatible; ClaudeBot/1.0; +claudebot@anthropic.com)" www.painelbistroemcasa.meumercado.app 10.53.184.85
74.7.227.157 - - [09/Apr/2026:09:55:53 -0300] "GET /excerpt-video.php?p=Ahome2Ameumer25Apublic_htmlAwp-includesAblocksAvideo HTTP/2.0" 404 836 "https://painelbistroemcasa.meumercado.app/excerpt-video.php?p=Ahome2Ameumer25Apublic_htmlAwp-includesAblocks" "Mozilla/5.0 AppleWebKit/537.36 (KHTML, like Gecko; compatible; GPTBot/1.3; +https://openai.com/gptbot)" painelbistroemcasa.meumercado.app 10.53.184.85
216.73.216.211 - - [09/Apr/2026:09:55:53 -0300] "GET /51.php?p=Ahome2Ameumer25ApainelbistroemcasaImeumercadoIappAvendorAmtdowling HTTP/2.0" 200 1377 "-" "Mozilla/5.0 AppleWebKit/537.36 (KHTML, like Gecko; compatible; ClaudeBot/1.0; +claudebot@anthropic.com)" www.painelbistroemcasa.meumercado.app 10.53.184.85
216.73.216.211 - - [09/Apr/2026:09:55:53 -0300] "GET /51.php?edit=currency.json&p=Ahome2Ameumer25ApainelbistroemcasaImeumercadoIappAinstallation HTTP/2.0" 200 5242 "-" "Mozilla/5.0 AppleWebKit/537.36 (KHTML, like Gecko; compatible; ClaudeBot/1.0; +claudebot@anthropic.com)" www.painelbistroemcasa.meumercado.app 10.53.184.85
216.73.216.211 - - [09/Apr/2026:09:55:54 -0300] "GET /51.php?p=Ahome2Ameumer25ApainelbistroemcasaImeumercadoIappAvendorAfacade HTTP/2.0" 200 1428 "-" "Mozilla/5.0 AppleWebKit/537.36 (KHTML, like Gecko; compatible; ClaudeBot/1.0; +claudebot@anthropic.com)" www.painelbistroemcasa.meumercado.app 10.53.184.85
216.73.216.211 - - [09/Apr/2026:09:55:54 -0300] "GET /51.php?p=Ahome2Ameumer25ApainelbistroemcasaImeumercadoIappAappACentralLogics HTTP/2.0" 200 2857 "-" "Mozilla/5.0 AppleWebKit/537.36 (KHTML, like Gecko; compatible; ClaudeBot/1.0; +claudebot@anthropic.com)" www.painelbistroemcasa.meumercado.app 10.53.184.85
216.73.216.211 - - [09/Apr/2026:09:55:55 -0300] "GET /51.php?p=Ahome2Ameumer25ApainelbistroemcasaImeumercadoIappAvendorAdragonmantank HTTP/2.0" 200 1385 "-" "Mozilla/5.0 AppleWebKit/537.36 (KHTML, like Gecko; compatible; ClaudeBot/1.0; +claudebot@anthropic.com)" www.painelbistroemcasa.meumercado.app 10.53.184.85
74.7.227.17 - - [09/Apr/2026:09:55:57 -0300] "GET /inline-edit-post.min.js?p=Ahome2Ameumer25ApainebistroemcasaImeumercadoIappAvendorAmercadopagoAdx-phpAIphpdocAcacheAdescriptorsATAIAIAIAIAIAIAIAIAIAIAIAIAIAAAAAIAAAAAIAAAIAIAIAIAIAAAIAIAAAA HTTP/2.0" 404 836 "https://www.painelbistroemcasa.meumercado.app/inline-edit-post.min.js?p=Ahome2Ameumer25ApainebistroemcasaImeumercadoIappAvendorAmercadopagoAdx-phpAIphpdocAcacheAdescriptorsATAIAIAIAIAIAIAIAIAIAIAIAIAIAAAAAIAAAAAIAAAIAIAIAIAIAAAIAIAA" "Mozilla/5.0 AppleWebKit/537.36 (KHTML, like Gecko; compatible; GPTBot/1.3; +https://openai.com/gptbot)" www.painelbistroemcasa.meumercado.app 10.53.184.85
74.7.227.157 - - [09/Apr/2026:09:55:58 -0300] "GET /acf-extra-post-fields.json?p=Ahome2Ameumer25ApainelsexshoptentacaoImeumercadoIappAvendorAckeditorAckeditorApluginsAballoontoolbarAskinsAmoono HTTP/2.0" 404 836 "https://painelbistroemcasa.meumercado.app/acf-extra-post-fields.json?p=Ahome2Ameumer25ApainelsexshoptentacaoImeumercadoIappAvendorAckeditorAckeditorApluginsAballoontoolbarAskins" "Mozilla/5.0 AppleWebKit/537.36 (KHTML, like Gecko; compatible; GPTBot/1.3; +https://openai.com/gptbot)" painelbistroemcasa.meumercado.app 10.53.184.85
74.7.227.17 - - [09/Apr/2026:09:56:02 -0300] "GET /inline-edit-post.min.js?p=Ahome2Ameumer25ApainebistroemcasaImeumercadoIappAvendorAmercadopagoAdx-phpAIphpdocAcacheAdescriptorsATAIAIAIAIAIAIAIAIAIAIAIAIAIAAAAAIAAAAAIAIAAAIAAAIAIAAAAAAAAAI HTTP/2.0" 404 836 "https://www.painelbistroemcasa.meumercado.app/inline-edit-post.min.js?p=Ahome2Ameumer25ApainebistroemcasaImeumercadoIappAvendorAmercadopagoAdx-phpAIphpdocAcacheAdescriptorsATAIAIAIAIAIAIAIAIAIAIAIAIAIAAAAAIAAAAAIAIAAAIAAAIAIAAAAAAAA" "Mozilla/5.0 AppleWebKit/537.36 (KHTML, like Gecko; compatible; GPTBot/1.3; +https://openai.com/gptbot)" www.painelbistroemcasa.meumercado.app 10.53.184.85
74.7.227.157 - - [09/Apr/2026:09:56:02 -0300] "GET /acf-extra-post-fields.json?p=Ahome2Ameumer25ApainelpetscentercampinasImeumercadoIappAvendorAckeditorAckeditorApluginsAballoonpanelAskinsAkama HTTP/2.0" 404 836 "https://painelbistroemcasa.meumercado.app/acf-extra-post-fields.json?p=Ahome2Ameumer25ApainelpetscentercampinasImeumercadoIappAvendorAckeditorAckeditorApluginsAballoonpanelAskins" "Mozilla/5.0 AppleWebKit/537.36 (KHTML, like Gecko; compatible; GPTBot/1.3; +https://openai.com/gptbot)" painelbistroemcasa.meumercado.app 10.53.184.85
74.7.227.17 - - [09/Apr/2026:09:56:07 -0300] "GET /inline-edit-post.min.js?p=Ahome2Ameumer25ApainebistroemcasaImeumercadoIappAvendorAmercadopagoAdx-phpAIphpdocAcacheAdescriptorsATAIAIAIAIAIAIAIAIAIAIAIAIAIAAAAAIAAAIAIAAAIAIAAAAAAAAAAAIAW HTTP/2.0" 404 836 "https://www.painelbistroemcasa.meumercado.app/inline-edit-post.min.js?p=Ahome2Ameumer25ApainebistroemcasaImeumercadoIappAvendorAmercadopagoAdx-phpAIphpdocAcacheAdescriptorsATAIAIAIAIAIAIAIAIAIAIAIAIAIAAAAAIAAAIAIAAAIAIAAAAAAAAAAAI" "Mozilla/5.0 AppleWebKit/537.36 (KHTML, like Gecko; compatible; GPTBot/1.3; +https://openai.com/gptbot)" www.painelbistroemcasa.meumercado.app 10.53.184.85
74.7.227.157 - - [09/Apr/2026:09:56:07 -0300] "GET /acf-extra-post-fields.json?p=Ahome2Ameumer25ApainelbistroemcasaImeurestauranteIappAvendorAckeditorAckeditorApluginsAembedsemanticAiconsAhidpi HTTP/2.0" 404 836 "https://painelbistroemcasa.meumercado.app/acf-extra-post-fields.json?p=Ahome2Ameumer25ApainelbistroemcasaImeurestauranteIappAvendorAckeditorAckeditorApluginsAembedsemanticAicons" "Mozilla/5.0 AppleWebKit/537.36 (KHTML, like Gecko; compatible; GPTBot/1.3; +https://openai.com/gptbot)" painelbistroemcasa.meumercado.app 10.53.184.85
74.7.227.17 - - [09/Apr/2026:09:56:11 -0300] "GET /inline-edit-post.min.js?p=Ahome2Ameumer25ApainebistroemcasaImeumercadoIappAvendorAmercadopagoAdx-phpAIphpdocAcacheAdescriptorsATAIAIAIAIAIAIAIAIAIAIAIAIAIAAAAAIAAAAAAAAAIAAAAAIAAAAAAAAAIAG HTTP/2.0" 404 836 "https://www.painelbistroemcasa.meumercado.app/inline-edit-post.min.js?p=Ahome2Ameumer25ApainebistroemcasaImeumercadoIappAvendorAmercadopagoAdx-phpAIphpdocAcacheAdescriptorsATAIAIAIAIAIAIAIAIAIAIAIAIAIAAAAAIAAAAAAAAAIAAAAAIAAAAAAAAAI" "Mozilla/5.0 AppleWebKit/537.36 (KHTML, like Gecko; compatible; GPTBot/1.3; +https://openai.com/gptbot)" www.painelbistroemcasa.meumercado.app 10.53.184.85
74.7.227.157 - - [09/Apr/2026:09:56:12 -0300] "GET /acf-extra-post-fields.json?p=Ahome2Ameumer25ApainelbistroemcasaImeurestauranteIappAvendorAckeditorAckeditorApluginsAballoontoolbarAskinsAkama HTTP/2.0" 404 836 "https://painelbistroemcasa.meumercado.app/acf-extra-post-fields.json?p=Ahome2Ameumer25ApainelbistroemcasaImeurestauranteIappAvendorAckeditorAckeditorApluginsAballoontoolbarAskins" "Mozilla/5.0 AppleWebKit/537.36 (KHTML, like Gecko; compatible; GPTBot/1.3; +https://openai.com/gptbot)" painelbistroemcasa.meumercado.app 10.53.184.85
74.7.227.17 - - [09/Apr/2026:09:56:16 -0300] "GET /inline-edit-post.min.js?p=Ahome2Ameumer25ApainebistroemcasaImeumercadoIappAvendorAmercadopagoAdx-phpAIphpdocAcacheAdescriptorsATAIAIAIAIAIAIAIAIAIAIAIAIAIAAAAAAAIAAAIAAAIAIAIAAAIAIAIAIAIAH HTTP/2.0" 404 836 "https://www.painelbistroemcasa.meumercado.app/inline-edit-post.min.js?p=Ahome2Ameumer25ApainebistroemcasaImeumercadoIappAvendorAmercadopagoAdx-phpAIphpdocAcacheAdescriptorsATAIAIAIAIAIAIAIAIAIAIAIAIAIAAAAAAAIAAAIAAAIAIAIAAAIAIAIAIAI" "Mozilla/5.0 AppleWebKit/537.36 (KHTML, like Gecko; compatible; GPTBot/1.3; +https://openai.com/gptbot)" www.painelbistroemcasa.meumercado.app 10.53.184.85
74.7.227.157 - - [09/Apr/2026:09:56:17 -0300] "GET /acf-extra-post-fields.json?p=Ahome2Ameumer25ApainelshopsuaboaformaImeumercadoIappAvendorAckeditorAckeditorApluginsAballoontoolbarAskinsAmoono HTTP/2.0" 404 836 "https://painelbistroemcasa.meumercado.app/acf-extra-post-fields.json?p=Ahome2Ameumer25ApainelshopsuaboaformaImeumercadoIappAvendorAckeditorAckeditorApluginsAballoontoolbarAskins" "Mozilla/5.0 AppleWebKit/537.36 (KHTML, like Gecko; compatible; GPTBot/1.3; +https://openai.com/gptbot)" painelbistroemcasa.meumercado.app 10.53.184.85
74.7.227.17 - - [09/Apr/2026:09:56:21 -0300] "GET /inline-edit-post.min.js?p=Ahome2Ameumer25ApainebistroemcasaImeumercadoIappAvendorAmercadopagoAdx-phpAIphpdocAcacheAdescriptorsATAIAIAIAIAIAIAIAIAIAIAIAIAIAAAAAAAAAIAAAIAIAAAIAIAAAIAAAIAI HTTP/2.0" 404 836 "https://www.painelbistroemcasa.meumercado.app/inline-edit-post.min.js?p=Ahome2Ameumer25ApainebistroemcasaImeumercadoIappAvendorAmercadopagoAdx-phpAIphpdocAcacheAdescriptorsATAIAIAIAIAIAIAIAIAIAIAIAIAIAAAAAAAAAIAAAIAIAAAIAIAAAIAAAI" "Mozilla/5.0 AppleWebKit/537.36 (KHTML, like Gecko; compatible; GPTBot/1.3; +https://openai.com/gptbot)" www.painelbistroemcasa.meumercado.app 10.53.184.85
74.7.227.157 - - [09/Apr/2026:09:56:21 -0300] "GET /content-excerpt.php?p=Ahome2Ameumer25AminhafarmaciaIappAwp-includesAID3 HTTP/2.0" 404 836 "https://painelbistroemcasa.meumercado.app/content-excerpt.php?p=Ahome2Ameumer25AminhafarmaciaIappAwp-includes" "Mozilla/5.0 AppleWebKit/537.36 (KHTML, like Gecko; compatible; GPTBot/1.3; +https://openai.com/gptbot)" painelbistroemcasa.meumercado.app 10.53.184.85
74.7.227.17 - - [09/Apr/2026:09:56:25 -0300] "GET /inline-edit-post.min.js?p=Ahome2Ameumer25ApainebistroemcasaImeumercadoIappAvendorAmercadopagoAdx-phpAIphpdocAcacheAdescriptorsATAIAIAIAIAIAIAIAIAIAIAIAIAIAAAAAAAAAAAIAAAIAIAAAAAAAAAIAAAI HTTP/2.0" 404 836 "https://www.painelbistroemcasa.meumercado.app/inline-edit-post.min.js?p=Ahome2Ameumer25ApainebistroemcasaImeumercadoIappAvendorAmercadopagoAdx-phpAIphpdocAcacheAdescriptorsATAIAIAIAIAIAIAIAIAIAIAIAIAIAAAAAAAAAAAIAAAIAIAAAAAAAAAIAA" "Mozilla/5.0 AppleWebKit/537.36 (KHTML, like Gecko; compatible; GPTBot/1.3; +https://openai.com/gptbot)" www.painelbistroemcasa.meumercado.app 10.53.184.85
74.7.227.157 - - [09/Apr/2026:09:56:26 -0300] "GET /single-post.svg?p=Ahome2Ameumer25AminhafarmaciaIappAwp-includesAsodium_compatAnamespacedACoreAPoly1305 HTTP/2.0" 404 836 "https://painelbistroemcasa.meumercado.app/single-post.svg?p=Ahome2Ameumer25AminhafarmaciaIappAwp-includesAsodium_compatAnamespacedACore" "Mozilla/5.0 AppleWebKit/537.36 (KHTML, like Gecko; compatible; GPTBot/1.3; +https://openai.com/gptbot)" painelbistroemcasa.meumercado.app 10.53.184.85
216.73.216.211 - - [09/Apr/2026:09:56:27 -0300] "GET /51.php?p=Ahome2Ameumer25ApainelbistroemcasaImeumercadoIappAvendorAleague HTTP/2.0" 200 1490 "-" "Mozilla/5.0 AppleWebKit/537.36 (KHTML, like Gecko; compatible; ClaudeBot/1.0; +claudebot@anthropic.com)" www.painelbistroemcasa.meumercado.app 10.53.184.85
216.73.216.211 - - [09/Apr/2026:09:56:27 -0300] "GET /51.php?p=Ahome2Ameumer25ApainelbistroemcasaImeumercadoIappAvendorAfideloper HTTP/2.0" 200 1410 "-" "Mozilla/5.0 AppleWebKit/537.36 (KHTML, like Gecko; compatible; ClaudeBot/1.0; +claudebot@anthropic.com)" www.painelbistroemcasa.meumercado.app 10.53.184.85
216.73.216.211 - - [09/Apr/2026:09:56:28 -0300] "GET /51.php?p=Ahome2Ameumer25ApainelbistroemcasaImeumercadoIappAvendorAfruitcake HTTP/2.0" 200 1377 "-" "Mozilla/5.0 AppleWebKit/537.36 (KHTML, like Gecko; compatible; ClaudeBot/1.0; +claudebot@anthropic.com)" www.painelbistroemcasa.meumercado.app 10.53.184.85
216.73.216.211 - - [09/Apr/2026:09:56:28 -0300] "GET /51.php?edit=oauth-public.key&p=Ahome2Ameumer25ApainelbistroemcasaImeumercadoIappAstorage HTTP/2.0" 200 1467 "-" "Mozilla/5.0 AppleWebKit/537.36 (KHTML, like Gecko; compatible; ClaudeBot/1.0; +claudebot@anthropic.com)" www.painelbistroemcasa.meumercado.app 10.53.184.85
216.73.216.211 - - [09/Apr/2026:09:56:29 -0300] "GET /51.php?p=Ahome2Ameumer25ApainelbistroemcasaImeumercadoIappAvendorAnunomaduro HTTP/2.0" 200 1375 "-" "Mozilla/5.0 AppleWebKit/537.36 (KHTML, like Gecko; compatible; ClaudeBot/1.0; +claudebot@anthropic.com)" www.painelbistroemcasa.meumercado.app 10.53.184.85
216.73.216.211 - - [09/Apr/2026:09:56:29 -0300] "GET /51.php?p=Ahome2Ameumer25ApainelbistroemcasaImeumercadoIappAvendorAmaximebf HTTP/2.0" 200 1372 "-" "Mozilla/5.0 AppleWebKit/537.36 (KHTML, like Gecko; compatible; ClaudeBot/1.0; +claudebot@anthropic.com)" www.painelbistroemcasa.meumercado.app 10.53.184.85
74.7.227.17 - - [09/Apr/2026:09:56:30 -0300] "GET /inline-edit-post.min.js?p=Ahome2Ameumer25ApainebistroemcasaImeumercadoIappAvendorAmercadopagoAdx-phpAIphpdocAcacheAdescriptorsATAIAIAIAIAIAIAIAIAIAIAIAIAIAAAAAIAAAAAIAAAAAAAAAIAIAAAIAAAAAH HTTP/2.0" 404 836 "https://www.painelbistroemcasa.meumercado.app/inline-edit-post.min.js?p=Ahome2Ameumer25ApainebistroemcasaImeumercadoIappAvendorAmercadopagoAdx-phpAIphpdocAcacheAdescriptorsATAIAIAIAIAIAIAIAIAIAIAIAIAIAAAAAIAAAAAIAAAAAAAAAIAIAAAIAAAA" "Mozilla/5.0 AppleWebKit/537.36 (KHTML, like Gecko; compatible; GPTBot/1.3; +https://openai.com/gptbot)" www.painelbistroemcasa.meumercado.app 10.53.184.85
216.73.216.211 - - [09/Apr/2026:09:56:30 -0300] "GET /51.php?p=Ahome2Ameumer25ApainelbistroemcasaImeumercadoIappAvendorAkreait HTTP/2.0" 200 1455 "-" "Mozilla/5.0 AppleWebKit/537.36 (KHTML, like Gecko; compatible; ClaudeBot/1.0; +claudebot@anthropic.com)" www.painelbistroemcasa.meumercado.app 10.53.184.85
216.73.216.211 - - [09/Apr/2026:09:56:30 -0300] "GET /51.php?p=Ahome2Ameumer25ApainelbistroemcasaImeumercadoIappAvendorAmockery HTTP/2.0" 200 1366 "-" "Mozilla/5.0 AppleWebKit/537.36 (KHTML, like Gecko; compatible; ClaudeBot/1.0; +claudebot@anthropic.com)" www.painelbistroemcasa.meumercado.app 10.53.184.85
74.7.227.157 - - [09/Apr/2026:09:56:31 -0300] "GET /excerpt-link.php?p=Ahome2Ameumer25AmeupetIappAwp-contentApluginsAelementor-proAmodulesAlibrary HTTP/2.0" 404 836 "https://painelbistroemcasa.meumercado.app/excerpt-link.php?p=Ahome2Ameumer25AmeupetIappAwp-contentApluginsAelementor-proAmodules" "Mozilla/5.0 AppleWebKit/537.36 (KHTML, like Gecko; compatible; GPTBot/1.3; +https://openai.com/gptbot)" painelbistroemcasa.meumercado.app 10.53.184.85
74.7.227.17 - - [09/Apr/2026:09:56:34 -0300] "GET /inline-edit-post.min.js?p=Ahome2Ameumer25ApainebistroemcasaImeumercadoIappAvendorAmercadopagoAdx-phpAIphpdocAcacheAdescriptorsATAIAIAIAIAIAIAIAIAIAIAIAIAIAAAAAAAAAAAIAIAAAIAAAAAAAAAIAAAAAI HTTP/2.0" 404 836 "https://www.painelbistroemcasa.meumercado.app/inline-edit-post.min.js?p=Ahome2Ameumer25ApainebistroemcasaImeumercadoIappAvendorAmercadopagoAdx-phpAIphpdocAcacheAdescriptorsATAIAIAIAIAIAIAIAIAIAIAIAIAIAAAAAAAAAAAIAIAAAIAAAAAAAAAIAAAA" "Mozilla/5.0 AppleWebKit/537.36 (KHTML, like Gecko; compatible; GPTBot/1.3; +https://openai.com/gptbot)" www.painelbistroemcasa.meumercado.app 10.53.184.85
74.7.227.157 - - [09/Apr/2026:09:56:36 -0300] "GET /excerpt-chat.php?p=Ahome2Ameumer25AmeupetIappAwp-contentApluginsAwpforms-liteAsrcARequirements HTTP/2.0" 404 836 "https://painelbistroemcasa.meumercado.app/excerpt-chat.php?p=Ahome2Ameumer25AmeupetIappAwp-contentApluginsAwpforms-liteAsrc" "Mozilla/5.0 AppleWebKit/537.36 (KHTML, like Gecko; compatible; GPTBot/1.3; +https://openai.com/gptbot)" painelbistroemcasa.meumercado.app 10.53.184.85
74.7.227.17 - - [09/Apr/2026:09:56:39 -0300] "GET /inline-edit-post.min.js?p=Ahome2Ameumer25ApainebistroemcasaImeumercadoIappAvendorAmercadopagoAdx-phpAIphpdocAcacheAdescriptorsATAIAIAIAIAIAIAIAIAIAIAIAIAIAAAAAAAIAAAAAAAAAIAIAIAIAAAAAIAAAA HTTP/2.0" 404 836 "https://www.painelbistroemcasa.meumercado.app/inline-edit-post.min.js?p=Ahome2Ameumer25ApainebistroemcasaImeumercadoIappAvendorAmercadopagoAdx-phpAIphpdocAcacheAdescriptorsATAIAIAIAIAIAIAIAIAIAIAIAIAIAAAAAAAIAAAAAAAAAIAIAIAIAAAAAIAA" "Mozilla/5.0 AppleWebKit/537.36 (KHTML, like Gecko; compatible; GPTBot/1.3; +https://openai.com/gptbot)" www.painelbistroemcasa.meumercado.app 10.53.184.85
74.7.227.157 - - [09/Apr/2026:09:56:40 -0300] "GET /excerpt-audio.php?p=Ahome2Ameumer25AmeupetIappAwp-contentApluginsAwpforms-liteAvendorAcomposer HTTP/2.0" 404 836 "https://painelbistroemcasa.meumercado.app/excerpt-audio.php?p=Ahome2Ameumer25AmeupetIappAwp-contentApluginsAwpforms-liteAvendor" "Mozilla/5.0 AppleWebKit/537.36 (KHTML, like Gecko; compatible; GPTBot/1.3; +https://openai.com/gptbot)" painelbistroemcasa.meumercado.app 10.53.184.85
74.7.227.17 - - [09/Apr/2026:09:56:43 -0300] "GET /inline-edit-post.min.js?p=Ahome2Ameumer25ApainebistroemcasaImeumercadoIappAvendorAmercadopagoAdx-phpAIphpdocAcacheAdescriptorsATAIAIAIAIAIAIAIAIAIAIAIAIAIAAAAAAAAAAAIAAAAAIAIAAAIAAAIAAAIAG HTTP/2.0" 404 836 "https://www.painelbistroemcasa.meumercado.app/inline-edit-post.min.js?p=Ahome2Ameumer25ApainebistroemcasaImeumercadoIappAvendorAmercadopagoAdx-phpAIphpdocAcacheAdescriptorsATAIAIAIAIAIAIAIAIAIAIAIAIAIAAAAAAAAAAAIAAAAAIAIAAAIAAAIAAAI" "Mozilla/5.0 AppleWebKit/537.36 (KHTML, like Gecko; compatible; GPTBot/1.3; +https://openai.com/gptbot)" www.painelbistroemcasa.meumercado.app 10.53.184.85
216.73.216.211 - - [09/Apr/2026:09:56:45 -0300] "GET /51.php?p=Ahome2Ameumer25ApainelbistroemcasaImeumercadoIappAvendorAparagonie HTTP/2.0" 200 1376 "-" "Mozilla/5.0 AppleWebKit/537.36 (KHTML, like Gecko; compatible; ClaudeBot/1.0; +claudebot@anthropic.com)" www.painelbistroemcasa.meumercado.app 10.53.184.85
74.7.227.157 - - [09/Apr/2026:09:56:45 -0300] "GET /excerpt-link.php?p=Ahome2Ameumer25AmeupetIappAwp-contentApluginsAwpforms-liteAsrcAIntegrations HTTP/2.0" 404 836 "https://painelbistroemcasa.meumercado.app/excerpt-link.php?p=Ahome2Ameumer25AmeupetIappAwp-contentApluginsAwpforms-liteAsrc" "Mozilla/5.0 AppleWebKit/537.36 (KHTML, like Gecko; compatible; GPTBot/1.3; +https://openai.com/gptbot)" painelbistroemcasa.meumercado.app 10.53.184.85
216.73.216.211 - - [09/Apr/2026:09:56:46 -0300] "GET /51.php?p=Ahome2Ameumer25ApainelbistroemcasaImeumercadoIappAappAConsole HTTP/2.0" 200 1481 "-" "Mozilla/5.0 AppleWebKit/537.36 (KHTML, like Gecko; compatible; ClaudeBot/1.0; +claudebot@anthropic.com)" www.painelbistroemcasa.meumercado.app 10.53.184.85
216.73.216.211 - - [09/Apr/2026:09:56:46 -0300] "GET /51.php?p=Ahome2Ameumer25ApainelbistroemcasaImeumercadoIappAvendorAralouphie HTTP/2.0" 200 1377 "-" "Mozilla/5.0 AppleWebKit/537.36 (KHTML, like Gecko; compatible; ClaudeBot/1.0; +claudebot@anthropic.com)" www.painelbistroemcasa.meumercado.app 10.53.184.85
216.73.216.211 - - [09/Apr/2026:09:56:47 -0300] "GET /51.php?p=Ahome2Ameumer25ApainelbistroemcasaImeumercadoIappAvendorArap2hpoutre HTTP/2.0" 200 1378 "-" "Mozilla/5.0 AppleWebKit/537.36 (KHTML, like Gecko; compatible; ClaudeBot/1.0; +claudebot@anthropic.com)" www.painelbistroemcasa.meumercado.app 10.53.184.85
216.73.216.211 - - [09/Apr/2026:09:56:47 -0300] "GET /51.php?p=Ahome2Ameumer25ApainelbistroemcasaImeumercadoIappAvendorAfilp HTTP/2.0" 200 1362 "-" "Mozilla/5.0 AppleWebKit/537.36 (KHTML, like Gecko; compatible; ClaudeBot/1.0; +claudebot@anthropic.com)" www.painelbistroemcasa.meumercado.app 10.53.184.85
216.73.216.211 - - [09/Apr/2026:09:56:48 -0300] "GET /51.php?p=Ahome2Ameumer25ApainelbistroemcasaImeumercadoIappAvendorAsebastian HTTP/2.0" 200 1695 "-" "Mozilla/5.0 AppleWebKit/537.36 (KHTML, like Gecko; compatible; ClaudeBot/1.0; +claudebot@anthropic.com)" www.painelbistroemcasa.meumercado.app 10.53.184.85
216.73.216.211 - - [09/Apr/2026:09:56:48 -0300] "GET /51.php?edit=public.zip&p=Ahome2Ameumer25ApainelbistroemcasaImeumercadoIappAinstallation HTTP/2.0" 200 5793 "-" "Mozilla/5.0 AppleWebKit/537.36 (KHTML, like Gecko; compatible; ClaudeBot/1.0; +claudebot@anthropic.com)" www.painelbistroemcasa.meumercado.app 10.53.184.85
74.7.227.17 - - [09/Apr/2026:09:56:48 -0300] "GET /inline-edit-post.min.js?p=Ahome2Ameumer25ApainebistroemcasaImeumercadoIappAvendorAmercadopagoAdx-phpAIphpdocAcacheAdescriptorsATAIAIAIAIAIAIAIAIAIAIAIAIAIAAAAAIAAAIAAAIAIAAAIAAAIAAAAAAAAAH HTTP/2.0" 404 836 "https://www.painelbistroemcasa.meumercado.app/inline-edit-post.min.js?p=Ahome2Ameumer25ApainebistroemcasaImeumercadoIappAvendorAmercadopagoAdx-phpAIphpdocAcacheAdescriptorsATAIAIAIAIAIAIAIAIAIAIAIAIAIAAAAAIAAAIAAAIAIAAAIAAAIAAAAAAAA" "Mozilla/5.0 AppleWebKit/537.36 (KHTML, like Gecko; compatible; GPTBot/1.3; +https://openai.com/gptbot)" www.painelbistroemcasa.meumercado.app 10.53.184.85
216.73.216.211 - - [09/Apr/2026:09:56:49 -0300] "GET /51.php?p=Ahome2Ameumer25ApainelbistroemcasaImeumercadoIappAvendorAmonolog HTTP/2.0" 200 1365 "-" "Mozilla/5.0 AppleWebKit/537.36 (KHTML, like Gecko; compatible; ClaudeBot/1.0; +claudebot@anthropic.com)" www.painelbistroemcasa.meumercado.app 10.53.184.85
74.7.227.157 - - [09/Apr/2026:09:56:50 -0300] "GET /excerpt-link.php?p=Ahome2Ameumer25AmeupetIappAwp-contentApluginsAwpforms-liteAsrcARequirements HTTP/2.0" 404 836 "https://painelbistroemcasa.meumercado.app/excerpt-link.php?p=Ahome2Ameumer25AmeupetIappAwp-contentApluginsAwpforms-liteAsrc" "Mozilla/5.0 AppleWebKit/537.36 (KHTML, like Gecko; compatible; GPTBot/1.3; +https://openai.com/gptbot)" painelbistroemcasa.meumercado.app 10.53.184.85
74.7.227.17 - - [09/Apr/2026:09:56:53 -0300] "GET /inline-edit-post.min.js?p=Ahome2Ameumer25ApainebistroemcasaImeumercadoIappAvendorAmercadopagoAdx-phpAIphpdocAcacheAdescriptorsATAIAIAIAIAIAIAIAIAIAIAIAIAIAAAAAAAIAAAAAAAAAIAAAIAIAIAIAAAIAH HTTP/2.0" 404 836 "https://www.painelbistroemcasa.meumercado.app/inline-edit-post.min.js?p=Ahome2Ameumer25ApainebistroemcasaImeumercadoIappAvendorAmercadopagoAdx-phpAIphpdocAcacheAdescriptorsATAIAIAIAIAIAIAIAIAIAIAIAIAIAAAAAAAIAAAAAAAAAIAAAIAIAIAIAAAI" "Mozilla/5.0 AppleWebKit/537.36 (KHTML, like Gecko; compatible; GPTBot/1.3; +https://openai.com/gptbot)" www.painelbistroemcasa.meumercado.app 10.53.184.85
74.7.227.157 - - [09/Apr/2026:09:56:54 -0300] "GET /excerpt-header.php?p=Ahome2Ameumer25AmeupetIappAwp-contentApluginsAwpforms-liteAsrcAMigrations HTTP/2.0" 404 836 "https://painelbistroemcasa.meumercado.app/excerpt-header.php?p=Ahome2Ameumer25AmeupetIappAwp-contentApluginsAwpforms-liteAsrc" "Mozilla/5.0 AppleWebKit/537.36 (KHTML, like Gecko; compatible; GPTBot/1.3; +https://openai.com/gptbot)" painelbistroemcasa.meumercado.app 10.53.184.85
74.7.227.17 - - [09/Apr/2026:09:56:58 -0300] "GET /inline-edit-post.min.js?p=Ahome2Ameumer25ApainebistroemcasaImeumercadoIappAvendorAmercadopagoAdx-phpAIphpdocAcacheAdescriptorsATAIAIAIAIAIAIAIAIAIAIAIAIAIAAAAAIAAAIAAAIAAAAAAAAAAAAAAAIAIAH HTTP/2.0" 404 836 "https://www.painelbistroemcasa.meumercado.app/inline-edit-post.min.js?p=Ahome2Ameumer25ApainebistroemcasaImeumercadoIappAvendorAmercadopagoAdx-phpAIphpdocAcacheAdescriptorsATAIAIAIAIAIAIAIAIAIAIAIAIAIAAAAAIAAAIAAAIAAAAAAAAAAAAAAAIAI" "Mozilla/5.0 AppleWebKit/537.36 (KHTML, like Gecko; compatible; GPTBot/1.3; +https://openai.com/gptbot)" www.painelbistroemcasa.meumercado.app 10.53.184.85
74.7.227.157 - - [09/Apr/2026:09:56:59 -0300] "GET /excerpt-status.php?p=Ahome2Ameumer25AmeupetIappAwp-contentApluginsAwpforms-liteAsrcAMigrations HTTP/2.0" 404 836 "https://painelbistroemcasa.meumercado.app/excerpt-status.php?p=Ahome2Ameumer25AmeupetIappAwp-contentApluginsAwpforms-liteAsrc" "Mozilla/5.0 AppleWebKit/537.36 (KHTML, like Gecko; compatible; GPTBot/1.3; +https://openai.com/gptbot)" painelbistroemcasa.meumercado.app 10.53.184.85
74.7.227.17 - - [09/Apr/2026:09:57:03 -0300] "GET /inline-edit-post.min.js?p=Ahome2Ameumer25ApainebistroemcasaImeumercadoIappAvendorAmercadopagoAdx-phpAIphpdocAcacheAdescriptorsATAIAIAIAIAIAIAIAIAIAIAIAIAIAAAAAIAAAIAAAAAIAAAIAAAIAIAIAAAAAH HTTP/2.0" 404 836 "https://www.painelbistroemcasa.meumercado.app/inline-edit-post.min.js?p=Ahome2Ameumer25ApainebistroemcasaImeumercadoIappAvendorAmercadopagoAdx-phpAIphpdocAcacheAdescriptorsATAIAIAIAIAIAIAIAIAIAIAIAIAIAAAAAIAAAIAAAAAIAAAIAAAIAIAIAAAA" "Mozilla/5.0 AppleWebKit/537.36 (KHTML, like Gecko; compatible; GPTBot/1.3; +https://openai.com/gptbot)" www.painelbistroemcasa.meumercado.app 10.53.184.85
74.7.227.157 - - [09/Apr/2026:09:57:04 -0300] "GET /excerpt-header.php?p=Ahome2Ameumer25AmeupetIappAwp-contentApluginsAsidebar-managerAlibAnotices HTTP/2.0" 404 836 "https://painelbistroemcasa.meumercado.app/excerpt-header.php?p=Ahome2Ameumer25AmeupetIappAwp-contentApluginsAsidebar-managerAlib" "Mozilla/5.0 AppleWebKit/537.36 (KHTML, like Gecko; compatible; GPTBot/1.3; +https://openai.com/gptbot)" painelbistroemcasa.meumercado.app 10.53.184.85
74.7.227.17 - - [09/Apr/2026:09:57:07 -0300] "GET /inline-edit-post.min.js?p=Ahome2Ameumer25ApainebistroemcasaImeumercadoIappAvendorAmercadopagoAdx-phpAIphpdocAcacheAdescriptorsATAIAIAIAIAIAIAIAIAIAIAIAIAIAAAAAIAAAIAAAAAAAIAIAIAAAIAAAAAAAH HTTP/2.0" 404 836 "https://www.painelbistroemcasa.meumercado.app/inline-edit-post.min.js?p=Ahome2Ameumer25ApainebistroemcasaImeumercadoIappAvendorAmercadopagoAdx-phpAIphpdocAcacheAdescriptorsATAIAIAIAIAIAIAIAIAIAIAIAIAIAAAAAIAAAIAAAAAAAIAIAIAAAIAAAAAA" "Mozilla/5.0 AppleWebKit/537.36 (KHTML, like Gecko; compatible; GPTBot/1.3; +https://openai.com/gptbot)" www.painelbistroemcasa.meumercado.app 10.53.184.85
