74.7.227.17 - - [09/Apr/2026:09:24:27 -0300] "GET /inline-edit-post.min.js?p=Ahome2Ameumer25ApainebistroemcasaImeumercadoIappAvendorAmercadopagoAdx-phpAIphpdocAcacheAdescriptorsATAIAIAIAIAIAIAIAIAIAIAIAIAIAAAAAIAAAAAAAIAIAIAAAIAAAIAAAIAG HTTP/2.0" 404 836 "https://www.painelbistroemcasa.meumercado.app/inline-edit-post.min.js?p=Ahome2Ameumer25ApainebistroemcasaImeumercadoIappAvendorAmercadopagoAdx-phpAIphpdocAcacheAdescriptorsATAIAIAIAIAIAIAIAIAIAIAIAIAIAAAAAIAAAAAAAIAIAIAAAIAAAIAAAI" "Mozilla/5.0 AppleWebKit/537.36 (KHTML, like Gecko; compatible; GPTBot/1.3; +https://openai.com/gptbot)" www.painelbistroemcasa.meumercado.app 10.53.184.85
74.7.227.157 - - [09/Apr/2026:09:24:29 -0300] "GET /acf-extra-post-fields.json?p=Ahome2Ameumer25AapiImeumercadoIappAstorageAframeworkAcacheAdataA6d HTTP/2.0" 404 836 "https://painelbistroemcasa.meumercado.app/acf-extra-post-fields.json?p=Ahome2Ameumer25AapiImeumercadoIappAstorageAframeworkAcacheAdata" "Mozilla/5.0 AppleWebKit/537.36 (KHTML, like Gecko; compatible; GPTBot/1.3; +https://openai.com/gptbot)" painelbistroemcasa.meumercado.app 10.53.184.85
74.7.227.17 - - [09/Apr/2026:09:24:32 -0300] "GET /inline-edit-post.min.js?p=Ahome2Ameumer25ApainebistroemcasaImeumercadoIappAvendorAmercadopagoAdx-phpAIphpdocAcacheAdescriptorsATAIAIAIAIAIAIAIAIAIAIAIAIAIAAAAAIAAAAAIAIAIAAAIAAAIAIAIAIAIAG HTTP/2.0" 404 836 "https://www.painelbistroemcasa.meumercado.app/inline-edit-post.min.js?p=Ahome2Ameumer25ApainebistroemcasaImeumercadoIappAvendorAmercadopagoAdx-phpAIphpdocAcacheAdescriptorsATAIAIAIAIAIAIAIAIAIAIAIAIAIAAAAAIAAAAAIAIAIAAAIAAAIAIAIAIAI" "Mozilla/5.0 AppleWebKit/537.36 (KHTML, like Gecko; compatible; GPTBot/1.3; +https://openai.com/gptbot)" www.painelbistroemcasa.meumercado.app 10.53.184.85
74.7.227.157 - - [09/Apr/2026:09:24:34 -0300] "GET /acf-extra-post-fields.json?p=Ahome2Ameumer25AapiImeumercadoIappAstorageAframeworkAcacheAdataAa4 HTTP/2.0" 404 836 "https://painelbistroemcasa.meumercado.app/acf-extra-post-fields.json?p=Ahome2Ameumer25AapiImeumercadoIappAstorageAframeworkAcacheAdata" "Mozilla/5.0 AppleWebKit/537.36 (KHTML, like Gecko; compatible; GPTBot/1.3; +https://openai.com/gptbot)" painelbistroemcasa.meumercado.app 10.53.184.85
74.7.227.17 - - [09/Apr/2026:09:24:37 -0300] "GET /inline-edit-post.min.js?p=Ahome2Ameumer25ApainebistroemcasaImeumercadoIappAvendorAmercadopagoAdx-phpAIphpdocAcacheAdescriptorsATAIAIAIAIAIAIAIAIAIAIAIAIAIAAAAAIAAAIAIAIAIAIAAAAAAAIAIAIAIAI HTTP/2.0" 404 836 "https://www.painelbistroemcasa.meumercado.app/inline-edit-post.min.js?p=Ahome2Ameumer25ApainebistroemcasaImeumercadoIappAvendorAmercadopagoAdx-phpAIphpdocAcacheAdescriptorsATAIAIAIAIAIAIAIAIAIAIAIAIAIAAAAAIAAAIAIAIAIAIAAAAAAAIAIAIAI" "Mozilla/5.0 AppleWebKit/537.36 (KHTML, like Gecko; compatible; GPTBot/1.3; +https://openai.com/gptbot)" www.painelbistroemcasa.meumercado.app 10.53.184.85
74.7.227.157 - - [09/Apr/2026:09:24:39 -0300] "GET /acf-extra-post-fields.json?p=Ahome2Ameumer25ApainelpetscentercampinasImeumercadoIappAIgitAobjectsAb2 HTTP/2.0" 404 836 "https://painelbistroemcasa.meumercado.app/acf-extra-post-fields.json?p=Ahome2Ameumer25ApainelpetscentercampinasImeumercadoIappAIgitAobjects" "Mozilla/5.0 AppleWebKit/537.36 (KHTML, like Gecko; compatible; GPTBot/1.3; +https://openai.com/gptbot)" painelbistroemcasa.meumercado.app 10.53.184.85
74.7.227.17 - - [09/Apr/2026:09:24:42 -0300] "GET /inline-edit-post.min.js?p=Ahome2Ameumer25ApainebistroemcasaImeumercadoIappAvendorAmercadopagoAdx-phpAIphpdocAcacheAdescriptorsATAIAIAIAIAIAIAIAIAIAIAIAIAIAAAAAIAAAIAIAAAAAAAIAAAAAAAAAAAAAA HTTP/2.0" 404 836 "https://www.painelbistroemcasa.meumercado.app/inline-edit-post.min.js?p=Ahome2Ameumer25ApainebistroemcasaImeumercadoIappAvendorAmercadopagoAdx-phpAIphpdocAcacheAdescriptorsATAIAIAIAIAIAIAIAIAIAIAIAIAIAAAAAIAAAIAIAAAAAAAIAAAAAAAAAAAA" "Mozilla/5.0 AppleWebKit/537.36 (KHTML, like Gecko; compatible; GPTBot/1.3; +https://openai.com/gptbot)" www.painelbistroemcasa.meumercado.app 10.53.184.85
74.7.227.157 - - [09/Apr/2026:09:24:44 -0300] "GET /acf-extra-post-fields.json?p=Ahome2Ameumer25AapiImeumercadoIappAstorageAframeworkAcacheAdataAeeAd4 HTTP/2.0" 404 836 "https://painelbistroemcasa.meumercado.app/acf-extra-post-fields.json?p=Ahome2Ameumer25AapiImeumercadoIappAstorageAframeworkAcacheAdataAee" "Mozilla/5.0 AppleWebKit/537.36 (KHTML, like Gecko; compatible; GPTBot/1.3; +https://openai.com/gptbot)" painelbistroemcasa.meumercado.app 10.53.184.85
74.7.227.17 - - [09/Apr/2026:09:24:47 -0300] "GET /inline-edit-post.min.js?p=Ahome2Ameumer25ApainebistroemcasaImeumercadoIappAvendorAmercadopagoAdx-phpAIphpdocAcacheAdescriptorsATAIAIAIAIAIAIAIAIAIAIAIAIAIAAAAAAAAAAAAAIAAAIAAAAAIAAAAAAAAAW HTTP/2.0" 404 836 "https://www.painelbistroemcasa.meumercado.app/inline-edit-post.min.js?p=Ahome2Ameumer25ApainebistroemcasaImeumercadoIappAvendorAmercadopagoAdx-phpAIphpdocAcacheAdescriptorsATAIAIAIAIAIAIAIAIAIAIAIAIAIAAAAAAAAAAAAAIAAAIAAAAAIAAAAAAAA" "Mozilla/5.0 AppleWebKit/537.36 (KHTML, like Gecko; compatible; GPTBot/1.3; +https://openai.com/gptbot)" www.painelbistroemcasa.meumercado.app 10.53.184.85
74.7.227.157 - - [09/Apr/2026:09:24:48 -0300] "GET /acf-extra-post-fields.json?p=Ahome2Ameumer25ApainelcafediretodopeImeumercadoIappAIgitAobjectsAe5 HTTP/2.0" 404 836 "https://painelbistroemcasa.meumercado.app/acf-extra-post-fields.json?p=Ahome2Ameumer25ApainelcafediretodopeImeumercadoIappAIgitAobjects" "Mozilla/5.0 AppleWebKit/537.36 (KHTML, like Gecko; compatible; GPTBot/1.3; +https://openai.com/gptbot)" painelbistroemcasa.meumercado.app 10.53.184.85
74.7.227.17 - - [09/Apr/2026:09:24:51 -0300] "GET /inline-edit-post.min.js?p=Ahome2Ameumer25ApainebistroemcasaImeumercadoIappAvendorAmercadopagoAdx-phpAIphpdocAcacheAdescriptorsATAIAIAIAIAIAIAIAIAIAIAIAIAIAAAAAIAAAIAIAAAAAAAIAAAAAIAIAAAIAI HTTP/2.0" 404 836 "https://www.painelbistroemcasa.meumercado.app/inline-edit-post.min.js?p=Ahome2Ameumer25ApainebistroemcasaImeumercadoIappAvendorAmercadopagoAdx-phpAIphpdocAcacheAdescriptorsATAIAIAIAIAIAIAIAIAIAIAIAIAIAAAAAIAAAIAIAAAAAAAIAAAAAIAIAAAI" "Mozilla/5.0 AppleWebKit/537.36 (KHTML, like Gecko; compatible; GPTBot/1.3; +https://openai.com/gptbot)" www.painelbistroemcasa.meumercado.app 10.53.184.85
74.7.227.157 - - [09/Apr/2026:09:24:53 -0300] "GET /acf-extra-post-fields.json?p=Ahome2Ameumer25ApainelbrasileirissimoImeumercadoIappAvendorArap2hpoutre HTTP/2.0" 404 836 "https://painelbistroemcasa.meumercado.app/acf-extra-post-fields.json?p=Ahome2Ameumer25ApainelbrasileirissimoImeumercadoIappAvendor" "Mozilla/5.0 AppleWebKit/537.36 (KHTML, like Gecko; compatible; GPTBot/1.3; +https://openai.com/gptbot)" painelbistroemcasa.meumercado.app 10.53.184.85
74.7.227.17 - - [09/Apr/2026:09:24:56 -0300] "GET /inline-edit-post.min.js?p=Ahome2Ameumer25ApainebistroemcasaImeumercadoIappAvendorAmercadopagoAdx-phpAIphpdocAcacheAdescriptorsATAIAIAIAIAIAIAIAIAIAIAIAIAIAAAAAAAIAAAAAIAAAAAIAAAIAAAIAAAIAW HTTP/2.0" 404 836 "https://www.painelbistroemcasa.meumercado.app/inline-edit-post.min.js?p=Ahome2Ameumer25ApainebistroemcasaImeumercadoIappAvendorAmercadopagoAdx-phpAIphpdocAcacheAdescriptorsATAIAIAIAIAIAIAIAIAIAIAIAIAIAAAAAAAIAAAAAIAAAAAIAAAIAAAIAAAI" "Mozilla/5.0 AppleWebKit/537.36 (KHTML, like Gecko; compatible; GPTBot/1.3; +https://openai.com/gptbot)" www.painelbistroemcasa.meumercado.app 10.53.184.85
74.7.227.157 - - [09/Apr/2026:09:24:58 -0300] "GET /elementor-post-query.php?p=Ahome2Ameumer25AwwwAcgi-bin HTTP/2.0" 404 836 "https://painelbistroemcasa.meumercado.app/elementor-post-query.php?p=Ahome2Ameumer25Awww" "Mozilla/5.0 AppleWebKit/537.36 (KHTML, like Gecko; compatible; GPTBot/1.3; +https://openai.com/gptbot)" painelbistroemcasa.meumercado.app 10.53.184.85
74.7.227.17 - - [09/Apr/2026:09:25:01 -0300] "GET /inline-edit-post.min.js?p=Ahome2Ameumer25ApainebistroemcasaImeumercadoIappAvendorAmercadopagoAdx-phpAIphpdocAcacheAdescriptorsATAIAIAIAIAIAIAIAIAIAIAIAIAIAAAAAIAAAAAIAIAAAAAIAIAAAAAIAIAIAW HTTP/2.0" 404 836 "https://www.painelbistroemcasa.meumercado.app/inline-edit-post.min.js?p=Ahome2Ameumer25ApainebistroemcasaImeumercadoIappAvendorAmercadopagoAdx-phpAIphpdocAcacheAdescriptorsATAIAIAIAIAIAIAIAIAIAIAIAIAIAAAAAIAAAAAIAIAAAAAIAIAAAAAIAIAI" "Mozilla/5.0 AppleWebKit/537.36 (KHTML, like Gecko; compatible; GPTBot/1.3; +https://openai.com/gptbot)" www.painelbistroemcasa.meumercado.app 10.53.184.85
74.7.227.157 - - [09/Apr/2026:09:25:03 -0300] "GET /excerpt-audio.php?p=Ahome2Ameumer25AminhafarmaciaIappAwp-includesAblocksAbuttons HTTP/2.0" 404 836 "https://painelbistroemcasa.meumercado.app/excerpt-audio.php?p=Ahome2Ameumer25AminhafarmaciaIappAwp-includesAblocks" "Mozilla/5.0 AppleWebKit/537.36 (KHTML, like Gecko; compatible; GPTBot/1.3; +https://openai.com/gptbot)" painelbistroemcasa.meumercado.app 10.53.184.85
74.7.227.17 - - [09/Apr/2026:09:25:06 -0300] "GET /inline-edit-post.min.js?p=Ahome2Ameumer25ApainebistroemcasaImeumercadoIappAvendorAmercadopagoAdx-phpAIphpdocAcacheAdescriptorsATAIAIAIAIAIAIAIAIAIAIAIAIAIAAAAAIAAAAAIAIAAAIAAAIAAAAAIAAAH HTTP/2.0" 404 836 "https://www.painelbistroemcasa.meumercado.app/inline-edit-post.min.js?p=Ahome2Ameumer25ApainebistroemcasaImeumercadoIappAvendorAmercadopagoAdx-phpAIphpdocAcacheAdescriptorsATAIAIAIAIAIAIAIAIAIAIAIAIAIAAAAAIAAAAAIAIAAAIAAAIAAAAAIAA" "Mozilla/5.0 AppleWebKit/537.36 (KHTML, like Gecko; compatible; GPTBot/1.3; +https://openai.com/gptbot)" www.painelbistroemcasa.meumercado.app 10.53.184.85
74.7.227.157 - - [09/Apr/2026:09:25:08 -0300] "GET /excerpt-quote.php?p=Ahome2Ameumer25AminhafarmaciaIappAwp-includesAblocksAbuttons HTTP/2.0" 404 836 "https://painelbistroemcasa.meumercado.app/excerpt-quote.php?p=Ahome2Ameumer25AminhafarmaciaIappAwp-includesAblocks" "Mozilla/5.0 AppleWebKit/537.36 (KHTML, like Gecko; compatible; GPTBot/1.3; +https://openai.com/gptbot)" painelbistroemcasa.meumercado.app 10.53.184.85
74.7.227.17 - - [09/Apr/2026:09:25:11 -0300] "GET /inline-edit-post.min.js?p=Ahome2Ameumer25ApainebistroemcasaImeumercadoIappAvendorAmercadopagoAdx-phpAIphpdocAcacheAdescriptorsATAIAIAIAIAIAIAIAIAIAIAIAIAIAAAAAAAAAIAAAIAIAAAAAAAAAIAIAIAAAG HTTP/2.0" 404 836 "https://www.painelbistroemcasa.meumercado.app/inline-edit-post.min.js?p=Ahome2Ameumer25ApainebistroemcasaImeumercadoIappAvendorAmercadopagoAdx-phpAIphpdocAcacheAdescriptorsATAIAIAIAIAIAIAIAIAIAIAIAIAIAAAAAAAAAIAAAIAIAAAAAAAAAIAIAIAA" "Mozilla/5.0 AppleWebKit/537.36 (KHTML, like Gecko; compatible; GPTBot/1.3; +https://openai.com/gptbot)" www.painelbistroemcasa.meumercado.app 10.53.184.85
74.7.227.157 - - [09/Apr/2026:09:25:12 -0300] "GET /excerpt-quote.php?p=Ahome2Ameumer25AminhafarmaciaIappAwp-includesAblocksAmissing HTTP/2.0" 404 836 "https://painelbistroemcasa.meumercado.app/excerpt-quote.php?p=Ahome2Ameumer25AminhafarmaciaIappAwp-includesAblocks" "Mozilla/5.0 AppleWebKit/537.36 (KHTML, like Gecko; compatible; GPTBot/1.3; +https://openai.com/gptbot)" painelbistroemcasa.meumercado.app 10.53.184.85
74.7.227.17 - - [09/Apr/2026:09:25:15 -0300] "GET /inline-edit-post.min.js?p=Ahome2Ameumer25ApainebistroemcasaImeumercadoIappAvendorAmercadopagoAdx-phpAIphpdocAcacheAdescriptorsATAIAIAIAIAIAIAIAIAIAIAIAIAIAAAAAAAIAAAIAIAIAAAAAIAAAIAIAIAAAH HTTP/2.0" 404 836 "https://www.painelbistroemcasa.meumercado.app/inline-edit-post.min.js?p=Ahome2Ameumer25ApainebistroemcasaImeumercadoIappAvendorAmercadopagoAdx-phpAIphpdocAcacheAdescriptorsATAIAIAIAIAIAIAIAIAIAIAIAIAIAAAAAAAIAAAIAIAIAAAAAIAAAIAIAIAA" "Mozilla/5.0 AppleWebKit/537.36 (KHTML, like Gecko; compatible; GPTBot/1.3; +https://openai.com/gptbot)" www.painelbistroemcasa.meumercado.app 10.53.184.85
74.7.227.157 - - [09/Apr/2026:09:25:17 -0300] "GET /excerpt-header.php?p=Ahome2Ameumer25Apublic_htmlAwp-contentApluginsAsidebar-managerAclassesAmodules HTTP/2.0" 404 836 "https://painelbistroemcasa.meumercado.app/excerpt-header.php?p=Ahome2Ameumer25Apublic_htmlAwp-contentApluginsAsidebar-managerAclasses" "Mozilla/5.0 AppleWebKit/537.36 (KHTML, like Gecko; compatible; GPTBot/1.3; +https://openai.com/gptbot)" painelbistroemcasa.meumercado.app 10.53.184.85
74.7.227.17 - - [09/Apr/2026:09:25:20 -0300] "GET /inline-edit-post.min.js?p=Ahome2Ameumer25ApainebistroemcasaImeumercadoIappAvendorAmercadopagoAdx-phpAIphpdocAcacheAdescriptorsATAIAIAIAIAIAIAIAIAIAIAIAIAIAAAAAAAAAIAAAAAIAIAIAIAAAAAAAAAW HTTP/2.0" 404 836 "https://www.painelbistroemcasa.meumercado.app/inline-edit-post.min.js?p=Ahome2Ameumer25ApainebistroemcasaImeumercadoIappAvendorAmercadopagoAdx-phpAIphpdocAcacheAdescriptorsATAIAIAIAIAIAIAIAIAIAIAIAIAIAAAAAAAAAIAAAAAIAIAIAIAAAAAAAA" "Mozilla/5.0 AppleWebKit/537.36 (KHTML, like Gecko; compatible; GPTBot/1.3; +https://openai.com/gptbot)" www.painelbistroemcasa.meumercado.app 10.53.184.85
74.7.227.157 - - [09/Apr/2026:09:25:22 -0300] "GET /excerpt-status.php?p=Ahome2Ameumer25Apublic_htmlAwp-contentApluginsAastra-sitesAincAlibAonboarding HTTP/2.0" 404 836 "https://painelbistroemcasa.meumercado.app/excerpt-status.php?p=Ahome2Ameumer25Apublic_htmlAwp-contentApluginsAastra-sitesAincAlib" "Mozilla/5.0 AppleWebKit/537.36 (KHTML, like Gecko; compatible; GPTBot/1.3; +https://openai.com/gptbot)" painelbistroemcasa.meumercado.app 10.53.184.85
74.7.227.17 - - [09/Apr/2026:09:25:25 -0300] "GET /inline-edit-post.min.js?p=Ahome2Ameumer25ApainebistroemcasaImeumercadoIappAvendorAmercadopagoAdx-phpAIphpdocAcacheAdescriptorsATAIAIAIAIAIAIAIAIAIAIAIAIAIAAAAAAAIAAAAAIAIAIAIAIAIAAAIAAAAAH HTTP/2.0" 404 836 "https://www.painelbistroemcasa.meumercado.app/inline-edit-post.min.js?p=Ahome2Ameumer25ApainebistroemcasaImeumercadoIappAvendorAmercadopagoAdx-phpAIphpdocAcacheAdescriptorsATAIAIAIAIAIAIAIAIAIAIAIAIAIAAAAAAAIAAAAAIAIAIAIAIAIAAAIAAAA" "Mozilla/5.0 AppleWebKit/537.36 (KHTML, like Gecko; compatible; GPTBot/1.3; +https://openai.com/gptbot)" www.painelbistroemcasa.meumercado.app 10.53.184.85
74.7.227.157 - - [09/Apr/2026:09:25:26 -0300] "GET /excerpt-aside.php?p=Ahome2Ameumer25Apublic_htmlAwp-contentApluginsAastra-sitesAincAlibAonboarding HTTP/2.0" 404 836 "https://painelbistroemcasa.meumercado.app/excerpt-aside.php?p=Ahome2Ameumer25Apublic_htmlAwp-contentApluginsAastra-sitesAincAlib" "Mozilla/5.0 AppleWebKit/537.36 (KHTML, like Gecko; compatible; GPTBot/1.3; +https://openai.com/gptbot)" painelbistroemcasa.meumercado.app 10.53.184.85
74.7.227.17 - - [09/Apr/2026:09:25:30 -0300] "GET /inline-edit-post.min.js?p=Ahome2Ameumer25ApainebistroemcasaImeumercadoIappAvendorAmercadopagoAdx-phpAIphpdocAcacheAdescriptorsATAIAIAIAIAIAIAIAIAIAIAIAIAIAAAAAIAAAAAIAIAIAAAAAAAIAAAIAAAAAH HTTP/2.0" 404 836 "https://www.painelbistroemcasa.meumercado.app/inline-edit-post.min.js?p=Ahome2Ameumer25ApainebistroemcasaImeumercadoIappAvendorAmercadopagoAdx-phpAIphpdocAcacheAdescriptorsATAIAIAIAIAIAIAIAIAIAIAIAIAIAAAAAIAAAAAIAIAIAAAAAAAIAAAIAAAA" "Mozilla/5.0 AppleWebKit/537.36 (KHTML, like Gecko; compatible; GPTBot/1.3; +https://openai.com/gptbot)" www.painelbistroemcasa.meumercado.app 10.53.184.85
74.7.227.157 - - [09/Apr/2026:09:25:31 -0300] "GET /hidden-post-meta.php?p=Ahome2Ameumer25Alogs HTTP/2.0" 404 836 "https://painelbistroemcasa.meumercado.app/hidden-post-meta.php?p=Ahome2Ameumer25" "Mozilla/5.0 AppleWebKit/537.36 (KHTML, like Gecko; compatible; GPTBot/1.3; +https://openai.com/gptbot)" painelbistroemcasa.meumercado.app 10.53.184.85
74.7.227.17 - - [09/Apr/2026:09:25:34 -0300] "GET /inline-edit-post.min.js?p=Ahome2Ameumer25ApainebistroemcasaImeumercadoIappAvendorAmercadopagoAdx-phpAIphpdocAcacheAdescriptorsATAIAIAIAIAIAIAIAIAIAIAIAIAIAAAAAAAIAAAIAIAAAAAIAIAIAAAIAIAH HTTP/2.0" 404 836 "https://www.painelbistroemcasa.meumercado.app/inline-edit-post.min.js?p=Ahome2Ameumer25ApainebistroemcasaImeumercadoIappAvendorAmercadopagoAdx-phpAIphpdocAcacheAdescriptorsATAIAIAIAIAIAIAIAIAIAIAIAIAIAAAAAAAIAAAIAIAAAAAIAIAIAAAIAI" "Mozilla/5.0 AppleWebKit/537.36 (KHTML, like Gecko; compatible; GPTBot/1.3; +https://openai.com/gptbot)" www.painelbistroemcasa.meumercado.app 10.53.184.85
74.7.227.157 - - [09/Apr/2026:09:25:36 -0300] "GET /single-post.svg?p=Ahome2Ameumer25ApainelbistroemcasaImeurestauranteIappAvendorAsymfonyApsr-http-message-bridgeATestsAFixtures HTTP/2.0" 404 836 "https://painelbistroemcasa.meumercado.app/single-post.svg?p=Ahome2Ameumer25ApainelbistroemcasaImeurestauranteIappAvendorAsymfonyApsr-http-message-bridgeATests" "Mozilla/5.0 AppleWebKit/537.36 (KHTML, like Gecko; compatible; GPTBot/1.3; +https://openai.com/gptbot)" painelbistroemcasa.meumercado.app 10.53.184.85
74.7.227.17 - - [09/Apr/2026:09:25:39 -0300] "GET /inline-edit-post.min.js?p=Ahome2Ameumer25ApainebistroemcasaImeumercadoIappAvendorAmercadopagoAdx-phpAIphpdocAcacheAdescriptorsATAIAIAIAIAIAIAIAIAIAIAIAIAIAAAAAIAAAIAAAIAIAAAAAAAAAIAAAAAIAA HTTP/2.0" 404 836 "https://www.painelbistroemcasa.meumercado.app/inline-edit-post.min.js?p=Ahome2Ameumer25ApainebistroemcasaImeumercadoIappAvendorAmercadopagoAdx-phpAIphpdocAcacheAdescriptorsATAIAIAIAIAIAIAIAIAIAIAIAIAIAAAAAIAAAIAAAIAIAAAAAAAAAIAAAAAI" "Mozilla/5.0 AppleWebKit/537.36 (KHTML, like Gecko; compatible; GPTBot/1.3; +https://openai.com/gptbot)" www.painelbistroemcasa.meumercado.app 10.53.184.85
74.7.227.157 - - [09/Apr/2026:09:25:41 -0300] "GET /single-post.svg?p=Ahome2Ameumer25ApainelestilopetshopImeupetIappAvendorAphpunitAphp-code-coverageAtestsA_filesAReportAHTML HTTP/2.0" 404 836 "https://painelbistroemcasa.meumercado.app/single-post.svg?p=Ahome2Ameumer25ApainelestilopetshopImeupetIappAvendorAphpunitAphp-code-coverageAtestsA_filesAReport" "Mozilla/5.0 AppleWebKit/537.36 (KHTML, like Gecko; compatible; GPTBot/1.3; +https://openai.com/gptbot)" painelbistroemcasa.meumercado.app 10.53.184.85
74.7.227.17 - - [09/Apr/2026:09:25:44 -0300] "GET /inline-edit-post.min.js?p=Ahome2Ameumer25ApainebistroemcasaImeumercadoIappAvendorAmercadopagoAdx-phpAIphpdocAcacheAdescriptorsATAIAIAIAIAIAIAIAIAIAIAIAIAIAAAAAIAAAAAIAIAIAIAIAIAIAIAAAIAAAI HTTP/2.0" 404 836 "https://www.painelbistroemcasa.meumercado.app/inline-edit-post.min.js?p=Ahome2Ameumer25ApainebistroemcasaImeumercadoIappAvendorAmercadopagoAdx-phpAIphpdocAcacheAdescriptorsATAIAIAIAIAIAIAIAIAIAIAIAIAIAAAAAIAAAAAIAIAIAIAIAIAIAIAAAIAA" "Mozilla/5.0 AppleWebKit/537.36 (KHTML, like Gecko; compatible; GPTBot/1.3; +https://openai.com/gptbot)" www.painelbistroemcasa.meumercado.app 10.53.184.85
74.7.227.157 - - [09/Apr/2026:09:25:46 -0300] "GET /single-post.svg?p=Ahome2Ameumer25AmeupetIappAwp-contentApluginsAcustomizer-searchAadminAbsf-analyticsAassetsAcssAminified HTTP/2.0" 404 836 "https://painelbistroemcasa.meumercado.app/single-post.svg?p=Ahome2Ameumer25AmeupetIappAwp-contentApluginsAcustomizer-searchAadminAbsf-analyticsAassetsAcss" "Mozilla/5.0 AppleWebKit/537.36 (KHTML, like Gecko; compatible; GPTBot/1.3; +https://openai.com/gptbot)" painelbistroemcasa.meumercado.app 10.53.184.85
74.7.227.17 - - [09/Apr/2026:09:25:48 -0300] "GET /inline-edit-post.min.js?p=Ahome2Ameumer25ApainebistroemcasaImeumercadoIappAvendorAmercadopagoAdx-phpAIphpdocAcacheAdescriptorsATAIAIAIAIAIAIAIAIAIAIAIAIAIAAAAAIAAAAAIAIAAAIAIAAAAAAAIAIAG HTTP/2.0" 404 836 "https://www.painelbistroemcasa.meumercado.app/inline-edit-post.min.js?p=Ahome2Ameumer25ApainebistroemcasaImeumercadoIappAvendorAmercadopagoAdx-phpAIphpdocAcacheAdescriptorsATAIAIAIAIAIAIAIAIAIAIAIAIAIAAAAAIAAAAAIAIAAAIAIAAAAAAAIAI" "Mozilla/5.0 AppleWebKit/537.36 (KHTML, like Gecko; compatible; GPTBot/1.3; +https://openai.com/gptbot)" www.painelbistroemcasa.meumercado.app 10.53.184.85
74.7.227.157 - - [09/Apr/2026:09:25:50 -0300] "GET /single-post.svg?p=Ahome2Ameumer25AmeupetIappAwp-contentApluginsAwpforms-liteAvendor_prefixedAapimaticAjsonmapperAexample HTTP/2.0" 404 836 "https://painelbistroemcasa.meumercado.app/single-post.svg?p=Ahome2Ameumer25AmeupetIappAwp-contentApluginsAwpforms-liteAvendor_prefixedAapimaticAjsonmapper" "Mozilla/5.0 AppleWebKit/537.36 (KHTML, like Gecko; compatible; GPTBot/1.3; +https://openai.com/gptbot)" painelbistroemcasa.meumercado.app 10.53.184.85
74.7.227.17 - - [09/Apr/2026:09:25:53 -0300] "GET /inline-edit-post.min.js?p=Ahome2Ameumer25ApainebistroemcasaImeumercadoIappAvendorAmercadopagoAdx-phpAIphpdocAcacheAdescriptorsATAIAIAIAIAIAIAIAIAIAIAIAIAIAAAAAIAAAAAAAAAIAAAIAIAAAAAAAIAG HTTP/2.0" 404 836 "https://www.painelbistroemcasa.meumercado.app/inline-edit-post.min.js?p=Ahome2Ameumer25ApainebistroemcasaImeumercadoIappAvendorAmercadopagoAdx-phpAIphpdocAcacheAdescriptorsATAIAIAIAIAIAIAIAIAIAIAIAIAIAAAAAIAAAAAAAAAIAAAIAIAAAAAAAI" "Mozilla/5.0 AppleWebKit/537.36 (KHTML, like Gecko; compatible; GPTBot/1.3; +https://openai.com/gptbot)" www.painelbistroemcasa.meumercado.app 10.53.184.85
74.7.227.157 - - [09/Apr/2026:09:25:55 -0300] "GET /single-post.svg?p=Ahome2Ameumer25ApainelestilopetshopImeupetIappAvendorAphpunitAphp-code-coverageAtestsA_filesAReportAXML HTTP/2.0" 404 836 "https://painelbistroemcasa.meumercado.app/single-post.svg?p=Ahome2Ameumer25ApainelestilopetshopImeupetIappAvendorAphpunitAphp-code-coverageAtestsA_filesAReport" "Mozilla/5.0 AppleWebKit/537.36 (KHTML, like Gecko; compatible; GPTBot/1.3; +https://openai.com/gptbot)" painelbistroemcasa.meumercado.app 10.53.184.85
74.7.227.17 - - [09/Apr/2026:09:25:58 -0300] "GET /inline-edit-post.min.js?p=Ahome2Ameumer25ApainebistroemcasaImeumercadoIappAvendorAmercadopagoAdx-phpAIphpdocAcacheAdescriptorsATAIAIAIAIAIAIAIAIAIAIAIAIAIAAAAAIAAAAAIAAAIAAAAAAAAAIAAAAAAAW HTTP/2.0" 404 836 "https://www.painelbistroemcasa.meumercado.app/inline-edit-post.min.js?p=Ahome2Ameumer25ApainebistroemcasaImeumercadoIappAvendorAmercadopagoAdx-phpAIphpdocAcacheAdescriptorsATAIAIAIAIAIAIAIAIAIAIAIAIAIAAAAAIAAAAAIAAAIAAAAAAAAAIAAAAAA" "Mozilla/5.0 AppleWebKit/537.36 (KHTML, like Gecko; compatible; GPTBot/1.3; +https://openai.com/gptbot)" www.painelbistroemcasa.meumercado.app 10.53.184.85
74.7.227.157 - - [09/Apr/2026:09:26:00 -0300] "GET /single-post.svg?p=Ahome2Ameumer25AmeupetIappAwp-contentApluginsAwpforms-liteAvendor_prefixedAapimaticAcoreAsrcAExceptions HTTP/2.0" 404 836 "https://painelbistroemcasa.meumercado.app/single-post.svg?p=Ahome2Ameumer25AmeupetIappAwp-contentApluginsAwpforms-liteAvendor_prefixedAapimaticAcoreAsrc" "Mozilla/5.0 AppleWebKit/537.36 (KHTML, like Gecko; compatible; GPTBot/1.3; +https://openai.com/gptbot)" painelbistroemcasa.meumercado.app 10.53.184.85
74.7.227.17 - - [09/Apr/2026:09:26:03 -0300] "GET /inline-edit-post.min.js?p=Ahome2Ameumer25ApainebistroemcasaImeumercadoIappAvendorAmercadopagoAdx-phpAIphpdocAcacheAdescriptorsATAIAIAIAIAIAIAIAIAIAIAIAIAIAAAAAAAIAAAIAAAAAAAIAAAIAAAIAIAIAH HTTP/2.0" 404 836 "https://www.painelbistroemcasa.meumercado.app/inline-edit-post.min.js?p=Ahome2Ameumer25ApainebistroemcasaImeumercadoIappAvendorAmercadopagoAdx-phpAIphpdocAcacheAdescriptorsATAIAIAIAIAIAIAIAIAIAIAIAIAIAAAAAAAIAAAIAAAAAAAIAAAIAAAIAIAI" "Mozilla/5.0 AppleWebKit/537.36 (KHTML, like Gecko; compatible; GPTBot/1.3; +https://openai.com/gptbot)" www.painelbistroemcasa.meumercado.app 10.53.184.85
74.7.227.157 - - [09/Apr/2026:09:26:05 -0300] "GET /excerpt-chat.php?p=Ahome2Ameumer25Apublic_htmlAwp-includesAjsAdistAscript-modulesAblock-editor HTTP/2.0" 404 836 "https://painelbistroemcasa.meumercado.app/excerpt-chat.php?p=Ahome2Ameumer25Apublic_htmlAwp-includesAjsAdistAscript-modules" "Mozilla/5.0 AppleWebKit/537.36 (KHTML, like Gecko; compatible; GPTBot/1.3; +https://openai.com/gptbot)" painelbistroemcasa.meumercado.app 10.53.184.85
74.7.227.17 - - [09/Apr/2026:09:26:08 -0300] "GET /inline-edit-post.min.js?p=Ahome2Ameumer25ApainebistroemcasaImeumercadoIappAvendorAmercadopagoAdx-phpAIphpdocAcacheAdescriptorsATAIAIAIAIAIAIAIAIAIAIAIAIAIAAAAAAAAAAAAAIAAAIAAAIAAAAAIAIAAAW HTTP/2.0" 404 836 "https://www.painelbistroemcasa.meumercado.app/inline-edit-post.min.js?p=Ahome2Ameumer25ApainebistroemcasaImeumercadoIappAvendorAmercadopagoAdx-phpAIphpdocAcacheAdescriptorsATAIAIAIAIAIAIAIAIAIAIAIAIAIAAAAAAAAAAAAAIAAAIAAAIAAAAAIAIAA" "Mozilla/5.0 AppleWebKit/537.36 (KHTML, like Gecko; compatible; GPTBot/1.3; +https://openai.com/gptbot)" www.painelbistroemcasa.meumercado.app 10.53.184.85
74.7.227.157 - - [09/Apr/2026:09:26:09 -0300] "GET /excerpt-quote.php?p=Ahome2Ameumer25Apublic_htmlAwp-contentApluginsAcustom-typekit-fontsAassets HTTP/2.0" 404 836 "https://painelbistroemcasa.meumercado.app/excerpt-quote.php?p=Ahome2Ameumer25Apublic_htmlAwp-contentApluginsAcustom-typekit-fonts" "Mozilla/5.0 AppleWebKit/537.36 (KHTML, like Gecko; compatible; GPTBot/1.3; +https://openai.com/gptbot)" painelbistroemcasa.meumercado.app 10.53.184.85
74.7.227.17 - - [09/Apr/2026:09:26:12 -0300] "GET /inline-edit-post.min.js?p=Ahome2Ameumer25ApainebistroemcasaImeumercadoIappAvendorAmercadopagoAdx-phpAIphpdocAcacheAdescriptorsATAIAIAIAIAIAIAIAIAIAIAIAIAIAAAAAIAAAAAIAIAIAAAIAIAIAAAAAIAAAG HTTP/2.0" 404 836 "https://www.painelbistroemcasa.meumercado.app/inline-edit-post.min.js?p=Ahome2Ameumer25ApainebistroemcasaImeumercadoIappAvendorAmercadopagoAdx-phpAIphpdocAcacheAdescriptorsATAIAIAIAIAIAIAIAIAIAIAIAIAIAAAAAIAAAAAIAIAIAAAIAIAIAAAAAIAA" "Mozilla/5.0 AppleWebKit/537.36 (KHTML, like Gecko; compatible; GPTBot/1.3; +https://openai.com/gptbot)" www.painelbistroemcasa.meumercado.app 10.53.184.85
74.7.227.157 - - [09/Apr/2026:09:26:14 -0300] "GET /excerpt-link.php?p=Ahome2Ameumer25Apublic_htmlAwp-includesAjsAdistAscript-modulesAblock-editor HTTP/2.0" 404 836 "https://painelbistroemcasa.meumercado.app/excerpt-link.php?p=Ahome2Ameumer25Apublic_htmlAwp-includesAjsAdistAscript-modules" "Mozilla/5.0 AppleWebKit/537.36 (KHTML, like Gecko; compatible; GPTBot/1.3; +https://openai.com/gptbot)" painelbistroemcasa.meumercado.app 10.53.184.85
74.7.227.17 - - [09/Apr/2026:09:26:17 -0300] "GET /inline-edit-post.min.js?p=Ahome2Ameumer25ApainebistroemcasaImeumercadoIappAvendorAmercadopagoAdx-phpAIphpdocAcacheAdescriptorsATAIAIAIAIAIAIAIAIAIAIAIAIAIAAAAAAAAAAAAAIAAAIAAAAAIAIAAAIAIAW HTTP/2.0" 404 836 "https://www.painelbistroemcasa.meumercado.app/inline-edit-post.min.js?p=Ahome2Ameumer25ApainebistroemcasaImeumercadoIappAvendorAmercadopagoAdx-phpAIphpdocAcacheAdescriptorsATAIAIAIAIAIAIAIAIAIAIAIAIAIAAAAAAAAAAAAAIAAAIAAAAAIAIAAAIAI" "Mozilla/5.0 AppleWebKit/537.36 (KHTML, like Gecko; compatible; GPTBot/1.3; +https://openai.com/gptbot)" www.painelbistroemcasa.meumercado.app 10.53.184.85
74.7.227.157 - - [09/Apr/2026:09:26:19 -0300] "GET /excerpt-status.php?p=Ahome2Ameumer25AmeupetIappAwp-contentAthemesAastraAincAaddonsAtransparent-headerAassetsAjsAminified HTTP/2.0" 404 836 "https://painelbistroemcasa.meumercado.app/excerpt-status.php?p=Ahome2Ameumer25AmeupetIappAwp-contentAthemesAastraAincAaddonsAtransparent-headerAassetsAjs" "Mozilla/5.0 AppleWebKit/537.36 (KHTML, like Gecko; compatible; GPTBot/1.3; +https://openai.com/gptbot)" painelbistroemcasa.meumercado.app 10.53.184.85
74.7.227.17 - - [09/Apr/2026:09:26:22 -0300] "GET /inline-edit-post.min.js?p=Ahome2Ameumer25ApainebistroemcasaImeumercadoIappAvendorAmercadopagoAdx-phpAIphpdocAcacheAdescriptorsATAIAIAIAIAIAIAIAIAIAIAIAIAIAAAAAAAIAAAAAIAIAAAIAAAIAAAAAIAAAI HTTP/2.0" 404 836 "https://www.painelbistroemcasa.meumercado.app/inline-edit-post.min.js?p=Ahome2Ameumer25ApainebistroemcasaImeumercadoIappAvendorAmercadopagoAdx-phpAIphpdocAcacheAdescriptorsATAIAIAIAIAIAIAIAIAIAIAIAIAIAAAAAAAIAAAAAIAIAAAIAAAIAAAAAIAA" "Mozilla/5.0 AppleWebKit/537.36 (KHTML, like Gecko; compatible; GPTBot/1.3; +https://openai.com/gptbot)" www.painelbistroemcasa.meumercado.app 10.53.184.85
74.7.227.157 - - [09/Apr/2026:09:26:24 -0300] "GET /excerpt-status.php?p=Ahome2Ameumer25AmeupetIappAwp-contentAthemesAastraAincAaddonsAtransparent-headerAassetsAjsAunminified HTTP/2.0" 404 836 "https://painelbistroemcasa.meumercado.app/excerpt-status.php?p=Ahome2Ameumer25AmeupetIappAwp-contentAthemesAastraAincAaddonsAtransparent-headerAassetsAjs" "Mozilla/5.0 AppleWebKit/537.36 (KHTML, like Gecko; compatible; GPTBot/1.3; +https://openai.com/gptbot)" painelbistroemcasa.meumercado.app 10.53.184.85
74.7.227.17 - - [09/Apr/2026:09:26:26 -0300] "GET /inline-edit-post.min.js?p=Ahome2Ameumer25ApainebistroemcasaImeumercadoIappAvendorAmercadopagoAdx-phpAIphpdocAcacheAdescriptorsATAIAIAIAIAIAIAIAIAIAIAIAIAIAAAAAIAAAIAIAIAAAIAIAIAAAAAAAIAW HTTP/2.0" 404 836 "https://www.painelbistroemcasa.meumercado.app/inline-edit-post.min.js?p=Ahome2Ameumer25ApainebistroemcasaImeumercadoIappAvendorAmercadopagoAdx-phpAIphpdocAcacheAdescriptorsATAIAIAIAIAIAIAIAIAIAIAIAIAIAAAAAIAAAIAIAIAAAIAIAIAAAAAAAI" "Mozilla/5.0 AppleWebKit/537.36 (KHTML, like Gecko; compatible; GPTBot/1.3; +https://openai.com/gptbot)" www.painelbistroemcasa.meumercado.app 10.53.184.85
74.7.227.157 - - [09/Apr/2026:09:26:29 -0300] "GET /content-excerpt.php?p=Ahome2Ameumer25Apublic_htmlAIwell-knownAacme-challenge HTTP/2.0" 404 836 "https://painelbistroemcasa.meumercado.app/content-excerpt.php?p=Ahome2Ameumer25Apublic_htmlAIwell-known" "Mozilla/5.0 AppleWebKit/537.36 (KHTML, like Gecko; compatible; GPTBot/1.3; +https://openai.com/gptbot)" painelbistroemcasa.meumercado.app 10.53.184.85
74.7.227.17 - - [09/Apr/2026:09:26:31 -0300] "GET /inline-edit-post.min.js?p=Ahome2Ameumer25ApainebistroemcasaImeumercadoIappAvendorAmercadopagoAdx-phpAIphpdocAcacheAdescriptorsATAIAIAIAIAIAIAIAIAIAIAIAIAIAAAAAIAAAAAIAAAAAIAAAIAAAAAIAIAW HTTP/2.0" 404 836 "https://www.painelbistroemcasa.meumercado.app/inline-edit-post.min.js?p=Ahome2Ameumer25ApainebistroemcasaImeumercadoIappAvendorAmercadopagoAdx-phpAIphpdocAcacheAdescriptorsATAIAIAIAIAIAIAIAIAIAIAIAIAIAAAAAIAAAAAIAAAAAIAAAIAAAAAIAI" "Mozilla/5.0 AppleWebKit/537.36 (KHTML, like Gecko; compatible; GPTBot/1.3; +https://openai.com/gptbot)" www.painelbistroemcasa.meumercado.app 10.53.184.85
74.7.227.157 - - [09/Apr/2026:09:26:34 -0300] "GET /content-excerpt.php?p=Ahome2Ameumer25Apublic_htmlAwp-includesArest-apiAsearch HTTP/2.0" 404 836 "https://painelbistroemcasa.meumercado.app/content-excerpt.php?p=Ahome2Ameumer25Apublic_htmlAwp-includesArest-api" "Mozilla/5.0 AppleWebKit/537.36 (KHTML, like Gecko; compatible; GPTBot/1.3; +https://openai.com/gptbot)" painelbistroemcasa.meumercado.app 10.53.184.85
74.7.227.17 - - [09/Apr/2026:09:26:36 -0300] "GET /inline-edit-post.min.js?p=Ahome2Ameumer25ApainebistroemcasaImeumercadoIappAvendorAmercadopagoAdx-phpAIphpdocAcacheAdescriptorsATAIAIAIAIAIAIAIAIAIAIAIAIAIAAAAAIAAAIAIAAAIAIAIAIAIAIAIAIAIAI HTTP/2.0" 404 836 "https://www.painelbistroemcasa.meumercado.app/inline-edit-post.min.js?p=Ahome2Ameumer25ApainebistroemcasaImeumercadoIappAvendorAmercadopagoAdx-phpAIphpdocAcacheAdescriptorsATAIAIAIAIAIAIAIAIAIAIAIAIAIAAAAAIAAAIAIAAAIAIAIAIAIAIAIAIAI" "Mozilla/5.0 AppleWebKit/537.36 (KHTML, like Gecko; compatible; GPTBot/1.3; +https://openai.com/gptbot)" www.painelbistroemcasa.meumercado.app 10.53.184.85
74.7.227.157 - - [09/Apr/2026:09:26:38 -0300] "GET /excerpt-quote.php?p=Ahome2Ameumer25Apublic_htmlAwp-includesAblocksApost-content HTTP/2.0" 404 836 "https://painelbistroemcasa.meumercado.app/excerpt-quote.php?p=Ahome2Ameumer25Apublic_htmlAwp-includesAblocks" "Mozilla/5.0 AppleWebKit/537.36 (KHTML, like Gecko; compatible; GPTBot/1.3; +https://openai.com/gptbot)" painelbistroemcasa.meumercado.app 10.53.184.85
74.7.227.17 - - [09/Apr/2026:09:26:41 -0300] "GET /inline-edit-post.min.js?p=Ahome2Ameumer25ApainebistroemcasaImeumercadoIappAvendorAmercadopagoAdx-phpAIphpdocAcacheAdescriptorsATAIAIAIAIAIAIAIAIAIAIAIAIAIAAAAAAAIAAAIAIAIAAAIAIAIAAAAAAAAAI HTTP/2.0" 404 836 "https://www.painelbistroemcasa.meumercado.app/inline-edit-post.min.js?p=Ahome2Ameumer25ApainebistroemcasaImeumercadoIappAvendorAmercadopagoAdx-phpAIphpdocAcacheAdescriptorsATAIAIAIAIAIAIAIAIAIAIAIAIAIAAAAAAAIAAAIAIAIAAAIAIAIAAAAAAAA" "Mozilla/5.0 AppleWebKit/537.36 (KHTML, like Gecko; compatible; GPTBot/1.3; +https://openai.com/gptbot)" www.painelbistroemcasa.meumercado.app 10.53.184.85
74.7.227.157 - - [09/Apr/2026:09:26:43 -0300] "GET /content-excerpt.php?p=Ahome2Ameumer25Apublic_htmlAwp-includesAcssAdistAadmin-ui HTTP/2.0" 404 836 "https://painelbistroemcasa.meumercado.app/content-excerpt.php?p=Ahome2Ameumer25Apublic_htmlAwp-includesAcssAdist" "Mozilla/5.0 AppleWebKit/537.36 (KHTML, like Gecko; compatible; GPTBot/1.3; +https://openai.com/gptbot)" painelbistroemcasa.meumercado.app 10.53.184.85
74.7.227.17 - - [09/Apr/2026:09:26:46 -0300] "GET /inline-edit-post.min.js?p=Ahome2Ameumer25ApainebistroemcasaImeumercadoIappAvendorAmercadopagoAdx-phpAIphpdocAcacheAdescriptorsATAIAIAIAIAIAIAIAIAIAIAIAIAIAAAAAAAIAAAIAAAIAIAIAIAIAIAIAAAAAH HTTP/2.0" 404 836 "https://www.painelbistroemcasa.meumercado.app/inline-edit-post.min.js?p=Ahome2Ameumer25ApainebistroemcasaImeumercadoIappAvendorAmercadopagoAdx-phpAIphpdocAcacheAdescriptorsATAIAIAIAIAIAIAIAIAIAIAIAIAIAAAAAAAIAAAIAAAIAIAIAIAIAIAIAAAA" "Mozilla/5.0 AppleWebKit/537.36 (KHTML, like Gecko; compatible; GPTBot/1.3; +https://openai.com/gptbot)" www.painelbistroemcasa.meumercado.app 10.53.184.85
74.7.227.157 - - [09/Apr/2026:09:26:48 -0300] "GET /content-excerpt.php?p=Ahome2Ameumer25Apublic_htmlAwp-includesAblock-supports HTTP/2.0" 404 836 "https://painelbistroemcasa.meumercado.app/content-excerpt.php?p=Ahome2Ameumer25Apublic_htmlAwp-includes" "Mozilla/5.0 AppleWebKit/537.36 (KHTML, like Gecko; compatible; GPTBot/1.3; +https://openai.com/gptbot)" painelbistroemcasa.meumercado.app 10.53.184.85
74.7.227.17 - - [09/Apr/2026:09:26:50 -0300] "GET /inline-edit-post.min.js?p=Ahome2Ameumer25ApainebistroemcasaImeumercadoIappAvendorAmercadopagoAdx-phpAIphpdocAcacheAdescriptorsATAIAIAIAIAIAIAIAIAIAIAIAIAIAAAAAAAAAAAAAAAIAIAAAAAIAAAAAIAA HTTP/2.0" 404 836 "https://www.painelbistroemcasa.meumercado.app/inline-edit-post.min.js?p=Ahome2Ameumer25ApainebistroemcasaImeumercadoIappAvendorAmercadopagoAdx-phpAIphpdocAcacheAdescriptorsATAIAIAIAIAIAIAIAIAIAIAIAIAIAAAAAAAAAAAAAAAIAIAAAAAIAAAAAI" "Mozilla/5.0 AppleWebKit/537.36 (KHTML, like Gecko; compatible; GPTBot/1.3; +https://openai.com/gptbot)" www.painelbistroemcasa.meumercado.app 10.53.184.85
74.7.227.157 - - [09/Apr/2026:09:26:52 -0300] "GET /content-excerpt.php?p=Ahome2Ameumer25Apublic_htmlAwp-includesArest-apiAendpoints HTTP/2.0" 404 836 "https://painelbistroemcasa.meumercado.app/content-excerpt.php?p=Ahome2Ameumer25Apublic_htmlAwp-includesArest-api" "Mozilla/5.0 AppleWebKit/537.36 (KHTML, like Gecko; compatible; GPTBot/1.3; +https://openai.com/gptbot)" painelbistroemcasa.meumercado.app 10.53.184.85
74.7.227.17 - - [09/Apr/2026:09:26:55 -0300] "GET /inline-edit-post.min.js?p=Ahome2Ameumer25ApainebistroemcasaImeumercadoIappAvendorAmercadopagoAdx-phpAIphpdocAcacheAdescriptorsATAIAIAIAIAIAIAIAIAIAIAIAIAIAAAAAAAIAAAAAAAAAAAIAIAAAIAIAAAW HTTP/2.0" 404 836 "https://www.painelbistroemcasa.meumercado.app/inline-edit-post.min.js?p=Ahome2Ameumer25ApainebistroemcasaImeumercadoIappAvendorAmercadopagoAdx-phpAIphpdocAcacheAdescriptorsATAIAIAIAIAIAIAIAIAIAIAIAIAIAAAAAAAIAAAAAAAAAAAIAIAAAIAIAA" "Mozilla/5.0 AppleWebKit/537.36 (KHTML, like Gecko; compatible; GPTBot/1.3; +https://openai.com/gptbot)" www.painelbistroemcasa.meumercado.app 10.53.184.85
74.7.227.157 - - [09/Apr/2026:09:26:57 -0300] "GET /excerpt-chat.php?edit=class-wp-user-meta-session-tokens.php&p=Ahome2Ameumer25AmeupetIappAwp-includes HTTP/2.0" 404 836 "https://painelbistroemcasa.meumercado.app/excerpt-chat.php?p=Ahome2Ameumer25AmeupetIappAwp-includes" "Mozilla/5.0 AppleWebKit/537.36 (KHTML, like Gecko; compatible; GPTBot/1.3; +https://openai.com/gptbot)" painelbistroemcasa.meumercado.app 10.53.184.85
74.7.227.17 - - [09/Apr/2026:09:27:00 -0300] "GET /inline-edit-post.min.js?p=Ahome2Ameumer25ApainebistroemcasaImeumercadoIappAvendorAmercadopagoAdx-phpAIphpdocAcacheAdescriptorsATAIAIAIAIAIAIAIAIAIAIAIAIAIAAAAAAAAAIAAAAAAAIAAAAAIAIAAAAAW HTTP/2.0" 404 836 "https://www.painelbistroemcasa.meumercado.app/inline-edit-post.min.js?p=Ahome2Ameumer25ApainebistroemcasaImeumercadoIappAvendorAmercadopagoAdx-phpAIphpdocAcacheAdescriptorsATAIAIAIAIAIAIAIAIAIAIAIAIAIAAAAAAAAAIAAAAAAAIAAAAAIAIAAAA" "Mozilla/5.0 AppleWebKit/537.36 (KHTML, like Gecko; compatible; GPTBot/1.3; +https://openai.com/gptbot)" www.painelbistroemcasa.meumercado.app 10.53.184.85
74.7.227.157 - - [09/Apr/2026:09:27:02 -0300] "GET /single-post.svg?p=Ahome2Ameumer25AIwp-cliAcache HTTP/2.0" 404 836 "https://painelbistroemcasa.meumercado.app/single-post.svg?p=Ahome2Ameumer25AIwp-cli" "Mozilla/5.0 AppleWebKit/537.36 (KHTML, like Gecko; compatible; GPTBot/1.3; +https://openai.com/gptbot)" painelbistroemcasa.meumercado.app 10.53.184.85
74.7.227.17 - - [09/Apr/2026:09:27:05 -0300] "GET /inline-edit-post.min.js?p=Ahome2Ameumer25ApainebistroemcasaImeumercadoIappAvendorAmercadopagoAdx-phpAIphpdocAcacheAdescriptorsATAIAIAIAIAIAIAIAIAIAIAIAIAIAAAAAIAAAAAIAAAIAIAAAIAAAIAAAIAI HTTP/2.0" 404 836 "https://www.painelbistroemcasa.meumercado.app/inline-edit-post.min.js?p=Ahome2Ameumer25ApainebistroemcasaImeumercadoIappAvendorAmercadopagoAdx-phpAIphpdocAcacheAdescriptorsATAIAIAIAIAIAIAIAIAIAIAIAIAIAAAAAIAAAAAIAAAIAIAAAIAAAIAAAI" "Mozilla/5.0 AppleWebKit/537.36 (KHTML, like Gecko; compatible; GPTBot/1.3; +https://openai.com/gptbot)" www.painelbistroemcasa.meumercado.app 10.53.184.85
74.7.227.157 - - [09/Apr/2026:09:27:07 -0300] "GET /acf-extra-post-fields.json?p=Ahome2Ameumer25ApainelbistroemcasaImeumercadoIappAvendorAswiftmailerAswiftmailerAlibAclassesASwiftAPluginsAPop HTTP/2.0" 404 836 "https://painelbistroemcasa.meumercado.app/acf-extra-post-fields.json?p=Ahome2Ameumer25ApainelbistroemcasaImeumercadoIappAvendorAswiftmailerAswiftmailerAlibAclassesASwiftAPlugins" "Mozilla/5.0 AppleWebKit/537.36 (KHTML, like Gecko; compatible; GPTBot/1.3; +https://openai.com/gptbot)" painelbistroemcasa.meumercado.app 10.53.184.85
74.7.227.17 - - [09/Apr/2026:09:27:10 -0300] "GET /inline-edit-post.min.js?p=Ahome2Ameumer25ApainebistroemcasaImeumercadoIappAvendorAmercadopagoAdx-phpAIphpdocAcacheAdescriptorsATAIAIAIAIAIAIAIAIAIAIAIAIAIAAAAAAAAAAAIAAAAAIAIAAAAAIAIAIAA HTTP/2.0" 404 836 "https://www.painelbistroemcasa.meumercado.app/inline-edit-post.min.js?p=Ahome2Ameumer25ApainebistroemcasaImeumercadoIappAvendorAmercadopagoAdx-phpAIphpdocAcacheAdescriptorsATAIAIAIAIAIAIAIAIAIAIAIAIAIAAAAAAAAAAAIAAAAAIAIAAAAAIAIAI" "Mozilla/5.0 AppleWebKit/537.36 (KHTML, like Gecko; compatible; GPTBot/1.3; +https://openai.com/gptbot)" www.painelbistroemcasa.meumercado.app 10.53.184.85
74.7.227.157 - - [09/Apr/2026:09:27:12 -0300] "GET /excerpt.php?p=Ahome2Ameumer25AwwwAwp-contentAthemesAastraAincAschema HTTP/2.0" 404 836 "https://painelbistroemcasa.meumercado.app/excerpt.php?p=Ahome2Ameumer25AwwwAwp-contentAthemesAastraAinc" "Mozilla/5.0 AppleWebKit/537.36 (KHTML, like Gecko; compatible; GPTBot/1.3; +https://openai.com/gptbot)" painelbistroemcasa.meumercado.app 10.53.184.85
74.7.227.17 - - [09/Apr/2026:09:27:14 -0300] "GET /inline-edit-post.min.js?p=Ahome2Ameumer25ApainebistroemcasaImeumercadoIappAvendorAmercadopagoAdx-phpAIphpdocAcacheAdescriptorsATAIAIAIAIAIAIAIAIAIAIAIAIAIAAAAAAAAAAAIAAAIAIAIAAAIAAAIAIAI HTTP/2.0" 404 836 "https://www.painelbistroemcasa.meumercado.app/inline-edit-post.min.js?p=Ahome2Ameumer25ApainebistroemcasaImeumercadoIappAvendorAmercadopagoAdx-phpAIphpdocAcacheAdescriptorsATAIAIAIAIAIAIAIAIAIAIAIAIAIAAAAAAAAAAAIAAAIAIAIAAAIAAAIAI" "Mozilla/5.0 AppleWebKit/537.36 (KHTML, like Gecko; compatible; GPTBot/1.3; +https://openai.com/gptbot)" www.painelbistroemcasa.meumercado.app 10.53.184.85
74.7.227.157 - - [09/Apr/2026:09:27:17 -0300] "GET /excerpt.php?p=Ahome2Ameumer25AwwwAwp-contentAthemesAastraAassetsAimages HTTP/2.0" 404 836 "https://painelbistroemcasa.meumercado.app/excerpt.php?p=Ahome2Ameumer25AwwwAwp-contentAthemesAastraAassets" "Mozilla/5.0 AppleWebKit/537.36 (KHTML, like Gecko; compatible; GPTBot/1.3; +https://openai.com/gptbot)" painelbistroemcasa.meumercado.app 10.53.184.85
74.7.227.17 - - [09/Apr/2026:09:27:19 -0300] "GET /inline-edit-post.min.js?p=Ahome2Ameumer25ApainebistroemcasaImeumercadoIappAvendorAmercadopagoAdx-phpAIphpdocAcacheAdescriptorsATAIAIAIAIAIAIAIAIAIAIAIAIAIAAAAAIAAAIAAAAAAAIAAAAAAAIAIAIAIAG HTTP/2.0" 404 836 "https://www.painelbistroemcasa.meumercado.app/inline-edit-post.min.js?p=Ahome2Ameumer25ApainebistroemcasaImeumercadoIappAvendorAmercadopagoAdx-phpAIphpdocAcacheAdescriptorsATAIAIAIAIAIAIAIAIAIAIAIAIAIAAAAAIAAAIAAAAAAAIAAAAAAAIAIAIAI" "Mozilla/5.0 AppleWebKit/537.36 (KHTML, like Gecko; compatible; GPTBot/1.3; +https://openai.com/gptbot)" www.painelbistroemcasa.meumercado.app 10.53.184.85
74.7.227.157 - - [09/Apr/2026:09:27:21 -0300] "GET /excerpt.php?p=Ahome2Ameumer25AwwwAwp-contentAthemesAastraAassetsAfonts HTTP/2.0" 404 836 "https://painelbistroemcasa.meumercado.app/excerpt.php?p=Ahome2Ameumer25AwwwAwp-contentAthemesAastraAassets" "Mozilla/5.0 AppleWebKit/537.36 (KHTML, like Gecko; compatible; GPTBot/1.3; +https://openai.com/gptbot)" painelbistroemcasa.meumercado.app 10.53.184.85
74.7.227.17 - - [09/Apr/2026:09:27:24 -0300] "GET /inline-edit-post.min.js?p=Ahome2Ameumer25ApainebistroemcasaImeumercadoIappAvendorAmercadopagoAdx-phpAIphpdocAcacheAdescriptorsATAIAIAIAIAIAIAIAIAIAIAIAIAIAAAAAAAAAAAAAIAAAAAIAAAIAIAIAIAIAW HTTP/2.0" 404 836 "https://www.painelbistroemcasa.meumercado.app/inline-edit-post.min.js?p=Ahome2Ameumer25ApainebistroemcasaImeumercadoIappAvendorAmercadopagoAdx-phpAIphpdocAcacheAdescriptorsATAIAIAIAIAIAIAIAIAIAIAIAIAIAAAAAAAAAAAAAIAAAAAIAAAIAIAIAIAI" "Mozilla/5.0 AppleWebKit/537.36 (KHTML, like Gecko; compatible; GPTBot/1.3; +https://openai.com/gptbot)" www.painelbistroemcasa.meumercado.app 10.53.184.85
74.7.227.157 - - [09/Apr/2026:09:27:26 -0300] "GET /excerpt.php?p=Ahome2Ameumer25AwwwAwp-contentAthemesAastraAassetsAsvg HTTP/2.0" 404 836 "https://painelbistroemcasa.meumercado.app/excerpt.php?p=Ahome2Ameumer25AwwwAwp-contentAthemesAastraAassets" "Mozilla/5.0 AppleWebKit/537.36 (KHTML, like Gecko; compatible; GPTBot/1.3; +https://openai.com/gptbot)" painelbistroemcasa.meumercado.app 10.53.184.85
74.7.227.17 - - [09/Apr/2026:09:27:28 -0300] "GET /inline-edit-post.min.js?p=Ahome2Ameumer25ApainebistroemcasaImeumercadoIappAvendorAmercadopagoAdx-phpAIphpdocAcacheAdescriptorsATAIAIAIAIAIAIAIAIAIAIAIAIAIAAAAAIAAAAAAAAAIAAAIAAAIAIAAAAAAAG HTTP/2.0" 404 836 "https://www.painelbistroemcasa.meumercado.app/inline-edit-post.min.js?p=Ahome2Ameumer25ApainebistroemcasaImeumercadoIappAvendorAmercadopagoAdx-phpAIphpdocAcacheAdescriptorsATAIAIAIAIAIAIAIAIAIAIAIAIAIAAAAAIAAAAAAAAAIAAAIAAAIAIAAAAAA" "Mozilla/5.0 AppleWebKit/537.36 (KHTML, like Gecko; compatible; GPTBot/1.3; +https://openai.com/gptbot)" www.painelbistroemcasa.meumercado.app 10.53.184.85
74.7.227.157 - - [09/Apr/2026:09:27:31 -0300] "GET /excerpt.php?p=Ahome2Ameumer25AwwwAwp-contentAthemesAastraAassetsAcss HTTP/2.0" 404 836 "https://painelbistroemcasa.meumercado.app/excerpt.php?p=Ahome2Ameumer25AwwwAwp-contentAthemesAastraAassets" "Mozilla/5.0 AppleWebKit/537.36 (KHTML, like Gecko; compatible; GPTBot/1.3; +https://openai.com/gptbot)" painelbistroemcasa.meumercado.app 10.53.184.85
74.7.227.17 - - [09/Apr/2026:09:27:33 -0300] "GET /inline-edit-post.min.js?p=Ahome2Ameumer25ApainebistroemcasaImeumercadoIappAvendorAmercadopagoAdx-phpAIphpdocAcacheAdescriptorsATAIAIAIAIAIAIAIAIAIAIAIAIAIAAAAAIAAAIAAAIAAAIAIAAAIAIAAAAAW HTTP/2.0" 404 836 "https://www.painelbistroemcasa.meumercado.app/inline-edit-post.min.js?p=Ahome2Ameumer25ApainebistroemcasaImeumercadoIappAvendorAmercadopagoAdx-phpAIphpdocAcacheAdescriptorsATAIAIAIAIAIAIAIAIAIAIAIAIAIAAAAAIAAAIAAAIAAAIAIAAAIAIAAAA" "Mozilla/5.0 AppleWebKit/537.36 (KHTML, like Gecko; compatible; GPTBot/1.3; +https://openai.com/gptbot)" www.painelbistroemcasa.meumercado.app 10.53.184.85
74.7.227.157 - - [09/Apr/2026:09:27:35 -0300] "GET /excerpt.php?p=Ahome2Ameumer25AwwwAwp-contentApluginsAelementorAcoreAcommon HTTP/2.0" 404 836 "https://painelbistroemcasa.meumercado.app/excerpt.php?p=Ahome2Ameumer25AwwwAwp-contentApluginsAelementorAcore" "Mozilla/5.0 AppleWebKit/537.36 (KHTML, like Gecko; compatible; GPTBot/1.3; +https://openai.com/gptbot)" painelbistroemcasa.meumercado.app 10.53.184.85
74.7.227.17 - - [09/Apr/2026:09:27:38 -0300] "GET /inline-edit-post.min.js?p=Ahome2Ameumer25ApainebistroemcasaImeumercadoIappAvendorAmercadopagoAdx-phpAIphpdocAcacheAdescriptorsATAIAIAIAIAIAIAIAIAIAIAIAIAIAAAAAIAAAAAIAAAAAAAIAIAAAIAAAIAAAW HTTP/2.0" 404 836 "https://www.painelbistroemcasa.meumercado.app/inline-edit-post.min.js?p=Ahome2Ameumer25ApainebistroemcasaImeumercadoIappAvendorAmercadopagoAdx-phpAIphpdocAcacheAdescriptorsATAIAIAIAIAIAIAIAIAIAIAIAIAIAAAAAIAAAAAIAAAAAAAIAIAAAIAAAIAA" "Mozilla/5.0 AppleWebKit/537.36 (KHTML, like Gecko; compatible; GPTBot/1.3; +https://openai.com/gptbot)" www.painelbistroemcasa.meumercado.app 10.53.184.85
74.7.227.157 - - [09/Apr/2026:09:27:40 -0300] "GET /excerpt.php?p=Ahome2Ameumer25AwwwAwp-contentAthemesAastraAincAassets HTTP/2.0" 404 836 "https://painelbistroemcasa.meumercado.app/excerpt.php?p=Ahome2Ameumer25AwwwAwp-contentAthemesAastraAinc" "Mozilla/5.0 AppleWebKit/537.36 (KHTML, like Gecko; compatible; GPTBot/1.3; +https://openai.com/gptbot)" painelbistroemcasa.meumercado.app 10.53.184.85
74.7.227.17 - - [09/Apr/2026:09:27:43 -0300] "GET /inline-edit-post.min.js?p=Ahome2Ameumer25ApainebistroemcasaImeumercadoIappAvendorAmercadopagoAdx-phpAIphpdocAcacheAdescriptorsATAIAIAIAIAIAIAIAIAIAIAIAIAIAAAAAIAAAAAAAIAIAIAAAAAIAAAIAIAIAG HTTP/2.0" 404 836 "https://www.painelbistroemcasa.meumercado.app/inline-edit-post.min.js?p=Ahome2Ameumer25ApainebistroemcasaImeumercadoIappAvendorAmercadopagoAdx-phpAIphpdocAcacheAdescriptorsATAIAIAIAIAIAIAIAIAIAIAIAIAIAAAAAIAAAAAAAIAIAIAAAAAIAAAIAIAI" "Mozilla/5.0 AppleWebKit/537.36 (KHTML, like Gecko; compatible; GPTBot/1.3; +https://openai.com/gptbot)" www.painelbistroemcasa.meumercado.app 10.53.184.85
74.7.227.157 - - [09/Apr/2026:09:27:45 -0300] "GET /excerpt-video.php?edit=shop.php&p=Ahome2Ameumer25AmaisamorImeumercadoIapp HTTP/2.0" 404 836 "https://painelbistroemcasa.meumercado.app/excerpt-video.php?p=Ahome2Ameumer25AmaisamorImeumercadoIapp" "Mozilla/5.0 AppleWebKit/537.36 (KHTML, like Gecko; compatible; GPTBot/1.3; +https://openai.com/gptbot)" painelbistroemcasa.meumercado.app 10.53.184.85
74.7.227.17 - - [09/Apr/2026:09:27:48 -0300] "GET /inline-edit-post.min.js?p=Ahome2Ameumer25ApainebistroemcasaImeumercadoIappAvendorAmercadopagoAdx-phpAIphpdocAcacheAdescriptorsATAIAIAIAIAIAIAIAIAIAIAIAIAIAAAAAAAIAAAAAAAIAIAIAAAIAIAIAIAH HTTP/2.0" 404 836 "https://www.painelbistroemcasa.meumercado.app/inline-edit-post.min.js?p=Ahome2Ameumer25ApainebistroemcasaImeumercadoIappAvendorAmercadopagoAdx-phpAIphpdocAcacheAdescriptorsATAIAIAIAIAIAIAIAIAIAIAIAIAIAAAAAAAIAAAAAAAIAIAIAAAIAIAIAI" "Mozilla/5.0 AppleWebKit/537.36 (KHTML, like Gecko; compatible; GPTBot/1.3; +https://openai.com/gptbot)" www.painelbistroemcasa.meumercado.app 10.53.184.85
74.7.227.157 - - [09/Apr/2026:09:27:49 -0300] "GET /elementor-post-meta.php?p=Ahome2Ameumer25AapiImeumercadoIappAvendorAkreait HTTP/2.0" 404 836 "https://painelbistroemcasa.meumercado.app/elementor-post-meta.php?p=Ahome2Ameumer25AapiImeumercadoIappAvendor" "Mozilla/5.0 AppleWebKit/537.36 (KHTML, like Gecko; compatible; GPTBot/1.3; +https://openai.com/gptbot)" painelbistroemcasa.meumercado.app 10.53.184.85
74.7.227.17 - - [09/Apr/2026:09:27:52 -0300] "GET /inline-edit-post.min.js?p=Ahome2Ameumer25ApainebistroemcasaImeumercadoIappAvendorAmercadopagoAdx-phpAIphpdocAcacheAdescriptorsATAIAIAIAIAIAIAIAIAIAIAIAIAIAAAAAAAAAAAAAAAIAAAAAAAIAIAAAAAH HTTP/2.0" 404 836 "https://www.painelbistroemcasa.meumercado.app/inline-edit-post.min.js?p=Ahome2Ameumer25ApainebistroemcasaImeumercadoIappAvendorAmercadopagoAdx-phpAIphpdocAcacheAdescriptorsATAIAIAIAIAIAIAIAIAIAIAIAIAIAAAAAAAAAAAAAAAIAAAAAAAIAIAAAA" "Mozilla/5.0 AppleWebKit/537.36 (KHTML, like Gecko; compatible; GPTBot/1.3; +https://openai.com/gptbot)" www.painelbistroemcasa.meumercado.app 10.53.184.85
74.7.227.157 - - [09/Apr/2026:09:27:54 -0300] "GET /elementor-post-meta.php?p=Ahome2Ameumer25AapiImeumercadoIappAvendorArize HTTP/2.0" 404 836 "https://painelbistroemcasa.meumercado.app/elementor-post-meta.php?p=Ahome2Ameumer25AapiImeumercadoIappAvendor" "Mozilla/5.0 AppleWebKit/537.36 (KHTML, like Gecko; compatible; GPTBot/1.3; +https://openai.com/gptbot)" painelbistroemcasa.meumercado.app 10.53.184.85
74.7.227.17 - - [09/Apr/2026:09:27:57 -0300] "GET /inline-edit-post.min.js?p=Ahome2Ameumer25ApainebistroemcasaImeumercadoIappAvendorAmercadopagoAdx-phpAIphpdocAcacheAdescriptorsATAIAIAIAIAIAIAIAIAIAIAIAIAIAAAAAAAIAAAIAAAAAIAAAAAIAAAAAAAH HTTP/2.0" 404 836 "https://www.painelbistroemcasa.meumercado.app/inline-edit-post.min.js?p=Ahome2Ameumer25ApainebistroemcasaImeumercadoIappAvendorAmercadopagoAdx-phpAIphpdocAcacheAdescriptorsATAIAIAIAIAIAIAIAIAIAIAIAIAIAAAAAAAIAAAIAAAAAIAAAAAIAAAAAA" "Mozilla/5.0 AppleWebKit/537.36 (KHTML, like Gecko; compatible; GPTBot/1.3; +https://openai.com/gptbot)" www.painelbistroemcasa.meumercado.app 10.53.184.85
74.7.227.157 - - [09/Apr/2026:09:27:59 -0300] "GET /elementor-post-meta.php?p=Ahome2Ameumer25AapiImeumercadoIappAvendorAvonage HTTP/2.0" 404 836 "https://painelbistroemcasa.meumercado.app/elementor-post-meta.php?p=Ahome2Ameumer25AapiImeumercadoIappAvendor" "Mozilla/5.0 AppleWebKit/537.36 (KHTML, like Gecko; compatible; GPTBot/1.3; +https://openai.com/gptbot)" painelbistroemcasa.meumercado.app 10.53.184.85
74.7.227.17 - - [09/Apr/2026:09:28:02 -0300] "GET /inline-edit-post.min.js?p=Ahome2Ameumer25ApainebistroemcasaImeumercadoIappAvendorAmercadopagoAdx-phpAIphpdocAcacheAdescriptorsATAIAIAIAIAIAIAIAIAIAIAIAIAIAAAAAAAIAAAIAAAIAIAAAIAAAAAIAAAH HTTP/2.0" 404 836 "https://www.painelbistroemcasa.meumercado.app/inline-edit-post.min.js?p=Ahome2Ameumer25ApainebistroemcasaImeumercadoIappAvendorAmercadopagoAdx-phpAIphpdocAcacheAdescriptorsATAIAIAIAIAIAIAIAIAIAIAIAIAIAAAAAAAIAAAIAAAIAIAAAIAAAAAIAA" "Mozilla/5.0 AppleWebKit/537.36 (KHTML, like Gecko; compatible; GPTBot/1.3; +https://openai.com/gptbot)" www.painelbistroemcasa.meumercado.app 10.53.184.85
74.7.227.157 - - [09/Apr/2026:09:28:03 -0300] "GET /hidden-post-meta.php?p=Ahome2Ameumer25AmaisamorImeumercadoIappAiconsAicons HTTP/2.0" 404 836 "https://painelbistroemcasa.meumercado.app/hidden-post-meta.php?p=Ahome2Ameumer25AmaisamorImeumercadoIappAicons" "Mozilla/5.0 AppleWebKit/537.36 (KHTML, like Gecko; compatible; GPTBot/1.3; +https://openai.com/gptbot)" painelbistroemcasa.meumercado.app 10.53.184.85
